{"id":4869,"date":"2024-07-10T13:38:19","date_gmt":"2024-07-10T11:38:19","guid":{"rendered":"https:\/\/lespucesdestju.fr\/?post_type=product&#038;p=4869"},"modified":"2024-07-19T14:04:41","modified_gmt":"2024-07-19T12:04:41","slug":"miroir-a-parcloses-de-style-renaissance","status":"publish","type":"product","link":"https:\/\/lespucesdestju.fr\/?product=miroir-a-parcloses-de-style-renaissance","title":{"rendered":"Miroir \u00e0 parcloses de style renaissance"},"content":{"rendered":"<p><span style=\"font-weight: 400;\">Miroir \u00e0 parcloses de style renaissance, en bois et m\u00e9tal repouss\u00e9 trait\u00e9 \u00e0 la bronzine.<\/span><\/p>\n<p><span style=\"font-weight: 400;\">Quelques petits \u00e9clats et petits enfoncements. <\/span><\/p>\n<p><span style=\"font-weight: 400;\">Etat d\u2019usage. <\/span><\/p>\n<p><span style=\"font-weight: 400;\">Seconde moiti\u00e9 du XIX\u00e8me.<\/span><\/p>\n<blockquote><p>Hauteur : 99,5 cm \/ Largeur : 60 cm<\/p>\n<p>&nbsp;<\/p><\/blockquote>\n<p>&nbsp;<\/p>\n","protected":false},"excerpt":{"rendered":"<p>Miroir \u00e0 parcloses de style renaissance, en bois et m\u00e9tal repouss\u00e9 trait\u00e9 \u00e0 la bronzine. Quelques petits \u00e9clats et petits&#8230;<\/p>\n","protected":false},"featured_media":4870,"comment_status":"open","ping_status":"closed","template":"","meta":[],"product_brand":[],"product_cat":[305,45],"product_tag":[86,287,83],"class_list":{"0":"post-4869","1":"product","2":"type-product","3":"status-publish","4":"has-post-thumbnail","6":"product_cat-miroirs","7":"product_cat-mobilier","8":"product_tag-bois","9":"product_tag-miroirs","10":"product_tag-mobilier","12":"first","13":"instock","14":"shipping-taxable","15":"purchasable","16":"product-type-simple"},"aioseo_notices":[],"jetpack_sharing_enabled":true,"_links":{"self":[{"href":"https:\/\/lespucesdestju.fr\/index.php?rest_route=\/wp\/v2\/product\/4869","targetHints":{"allow":["GET"]}}],"collection":[{"href":"https:\/\/lespucesdestju.fr\/index.php?rest_route=\/wp\/v2\/product"}],"about":[{"href":"https:\/\/lespucesdestju.fr\/index.php?rest_route=\/wp\/v2\/types\/product"}],"replies":[{"embeddable":true,"href":"https:\/\/lespucesdestju.fr\/index.php?rest_route=%2Fwp%2Fv2%2Fcomments&post=4869"}],"wp:featuredmedia":[{"embeddable":true,"href":"https:\/\/lespucesdestju.fr\/index.php?rest_route=\/wp\/v2\/media\/4870"}],"wp:attachment":[{"href":"https:\/\/lespucesdestju.fr\/index.php?rest_route=%2Fwp%2Fv2%2Fmedia&parent=4869"}],"wp:term":[{"taxonomy":"product_brand","embeddable":true,"href":"https:\/\/lespucesdestju.fr\/index.php?rest_route=%2Fwp%2Fv2%2Fproduct_brand&post=4869"},{"taxonomy":"product_cat","embeddable":true,"href":"https:\/\/lespucesdestju.fr\/index.php?rest_route=%2Fwp%2Fv2%2Fproduct_cat&post=4869"},{"taxonomy":"product_tag","embeddable":true,"href":"https:\/\/lespucesdestju.fr\/index.php?rest_route=%2Fwp%2Fv2%2Fproduct_tag&post=4869"}],"curies":[{"name":"wp","href":"https:\/\/api.w.org\/{rel}","templated":true}]}}

Miroir à parcloses de style renaissance

<p><span style="font-weight: 400;">Miroir à parcloses de style renaissance, en bois et métal repoussé traité à la bronzine.</span></p>
<p><span style="font-weight: 400;">Quelques petits éclats et petits enfoncements. </span></p>
<p><span style="font-weight: 400;">Etat d’usage. </span></p>
<p><span style="font-weight: 400;">Seconde moitié du XIXème.</span></p>
<blockquote><p>Hauteur : 99,5 cm / Largeur : 60 cm</p>
<p>&nbsp;</p></blockquote>
<p>&nbsp;</p>

<p>Miroir à parcloses de style renaissance, en bois et métal repoussé traité à la bronzine. Quelques petits éclats et petits&#8230;</p>
