{"id":4863,"date":"2024-07-10T13:33:28","date_gmt":"2024-07-10T11:33:28","guid":{"rendered":"https:\/\/lespucesdestju.fr\/?post_type=product&#038;p=4863"},"modified":"2024-07-18T11:56:41","modified_gmt":"2024-07-18T09:56:41","slug":"miroir-rocaille-de-style-louis-xv","status":"publish","type":"product","link":"https:\/\/lespucesdestju.fr\/?product=miroir-rocaille-de-style-louis-xv","title":{"rendered":"Miroir rocaille de style Louis XV"},"content":{"rendered":"<p><span style=\"font-weight: 400;\">Miroir rocaille de style Louis XV \u00e0 bords mouvement\u00e9s, en bois et stuc dor\u00e9. <\/span><\/p>\n<p><span style=\"font-weight: 400;\">D\u00e9cors de volutes, feuillages et coquille en fronton. <\/span><\/p>\n<p><span style=\"font-weight: 400;\">D\u00e9but XX\u00e8me.<\/span><\/p>\n<blockquote><p>Hauteur : 80 cm \/ Largeur : 54 cm<\/p><\/blockquote>\n","protected":false},"excerpt":{"rendered":"<p>Miroir rocaille de style Louis XV \u00e0 bords mouvement\u00e9s, en bois et stuc dor\u00e9. D\u00e9cors de volutes, feuillages et coquille&#8230;<\/p>\n","protected":false},"featured_media":4866,"comment_status":"open","ping_status":"closed","template":"","meta":[],"product_brand":[],"product_cat":[305,45],"product_tag":[86,287,83,288],"class_list":{"0":"post-4863","1":"product","2":"type-product","3":"status-publish","4":"has-post-thumbnail","6":"product_cat-miroirs","7":"product_cat-mobilier","8":"product_tag-bois","9":"product_tag-miroirs","10":"product_tag-mobilier","11":"product_tag-style-louis-xv","13":"first","14":"instock","15":"shipping-taxable","16":"purchasable","17":"product-type-simple"},"aioseo_notices":[],"jetpack_sharing_enabled":true,"_links":{"self":[{"href":"https:\/\/lespucesdestju.fr\/index.php?rest_route=\/wp\/v2\/product\/4863","targetHints":{"allow":["GET"]}}],"collection":[{"href":"https:\/\/lespucesdestju.fr\/index.php?rest_route=\/wp\/v2\/product"}],"about":[{"href":"https:\/\/lespucesdestju.fr\/index.php?rest_route=\/wp\/v2\/types\/product"}],"replies":[{"embeddable":true,"href":"https:\/\/lespucesdestju.fr\/index.php?rest_route=%2Fwp%2Fv2%2Fcomments&post=4863"}],"wp:featuredmedia":[{"embeddable":true,"href":"https:\/\/lespucesdestju.fr\/index.php?rest_route=\/wp\/v2\/media\/4866"}],"wp:attachment":[{"href":"https:\/\/lespucesdestju.fr\/index.php?rest_route=%2Fwp%2Fv2%2Fmedia&parent=4863"}],"wp:term":[{"taxonomy":"product_brand","embeddable":true,"href":"https:\/\/lespucesdestju.fr\/index.php?rest_route=%2Fwp%2Fv2%2Fproduct_brand&post=4863"},{"taxonomy":"product_cat","embeddable":true,"href":"https:\/\/lespucesdestju.fr\/index.php?rest_route=%2Fwp%2Fv2%2Fproduct_cat&post=4863"},{"taxonomy":"product_tag","embeddable":true,"href":"https:\/\/lespucesdestju.fr\/index.php?rest_route=%2Fwp%2Fv2%2Fproduct_tag&post=4863"}],"curies":[{"name":"wp","href":"https:\/\/api.w.org\/{rel}","templated":true}]}}

<p><span style="font-weight: 400;">Miroir rocaille de style Louis XV à bords mouvementés, en bois et stuc doré. </span></p>
<p><span style="font-weight: 400;">Décors de volutes, feuillages et coquille en fronton. </span></p>
<p><span style="font-weight: 400;">Début XXème.</span></p>
<blockquote><p>Hauteur : 80 cm / Largeur : 54 cm</p></blockquote>

<p>Miroir rocaille de style Louis XV à bords mouvementés, en bois et stuc doré. Décors de volutes, feuillages et coquille&#8230;</p>
