{"id":4856,"date":"2024-07-10T13:14:24","date_gmt":"2024-07-10T11:14:24","guid":{"rendered":"https:\/\/lespucesdestju.fr\/?post_type=product&#038;p=4856"},"modified":"2026-01-04T17:25:30","modified_gmt":"2026-01-04T16:25:30","slug":"encadrement-en-bois-et-stuc-monte-en-miroir","status":"publish","type":"product","link":"https:\/\/lespucesdestju.fr\/?product=encadrement-en-bois-et-stuc-monte-en-miroir","title":{"rendered":"Encadrement en bois et stuc, mont\u00e9 en miroir"},"content":{"rendered":"<p><span style=\"font-weight: 400;\">Encadrement en bois et stuc, mont\u00e9 en miroir et trait\u00e9 \u00e0 la bronzine.<\/span><\/p>\n<p><span style=\"font-weight: 400;\"> Pourtour int\u00e9rieur d\u00e9cor\u00e9 d\u2019une riche guirlande de fleurs et un ruban dans 1 angle. <\/span><\/p>\n<p><span style=\"font-weight: 400;\">Fin XIX\u00e8me. Miroir moderne. <\/span><\/p>\n<p><span style=\"font-weight: 400;\">A signaler un angle accident\u00e9, quelques soul\u00e8vements et petits manques.<\/span><\/p>\n<blockquote><p><b><i>Cet objet peut \u00eatre uniquement retir\u00e9 en boutique,<\/i><\/b><i><span style=\"font-weight: 400;\"> pour la livraison, veuillez nous demander un devis. <\/span><\/i><\/p>\n<p>Hauteur : 97 cm \/\u00a0 Largeur : 84 cm<\/p><\/blockquote>\n","protected":false},"excerpt":{"rendered":"<p>Encadrement en bois et stuc, mont\u00e9 en miroir et trait\u00e9 \u00e0 la bronzine. Pourtour int\u00e9rieur d\u00e9cor\u00e9 d\u2019une riche guirlande de&#8230;<\/p>\n","protected":false},"featured_media":4861,"comment_status":"open","ping_status":"closed","template":"","meta":[],"product_brand":[],"product_cat":[305,45],"product_tag":[86,287,83],"class_list":{"0":"post-4856","1":"product","2":"type-product","3":"status-publish","4":"has-post-thumbnail","6":"product_cat-miroirs","7":"product_cat-mobilier","8":"product_tag-bois","9":"product_tag-miroirs","10":"product_tag-mobilier","12":"first","13":"outofstock","14":"shipping-taxable","15":"purchasable","16":"product-type-simple"},"aioseo_notices":[],"jetpack_sharing_enabled":true,"_links":{"self":[{"href":"https:\/\/lespucesdestju.fr\/index.php?rest_route=\/wp\/v2\/product\/4856","targetHints":{"allow":["GET"]}}],"collection":[{"href":"https:\/\/lespucesdestju.fr\/index.php?rest_route=\/wp\/v2\/product"}],"about":[{"href":"https:\/\/lespucesdestju.fr\/index.php?rest_route=\/wp\/v2\/types\/product"}],"replies":[{"embeddable":true,"href":"https:\/\/lespucesdestju.fr\/index.php?rest_route=%2Fwp%2Fv2%2Fcomments&post=4856"}],"wp:featuredmedia":[{"embeddable":true,"href":"https:\/\/lespucesdestju.fr\/index.php?rest_route=\/wp\/v2\/media\/4861"}],"wp:attachment":[{"href":"https:\/\/lespucesdestju.fr\/index.php?rest_route=%2Fwp%2Fv2%2Fmedia&parent=4856"}],"wp:term":[{"taxonomy":"product_brand","embeddable":true,"href":"https:\/\/lespucesdestju.fr\/index.php?rest_route=%2Fwp%2Fv2%2Fproduct_brand&post=4856"},{"taxonomy":"product_cat","embeddable":true,"href":"https:\/\/lespucesdestju.fr\/index.php?rest_route=%2Fwp%2Fv2%2Fproduct_cat&post=4856"},{"taxonomy":"product_tag","embeddable":true,"href":"https:\/\/lespucesdestju.fr\/index.php?rest_route=%2Fwp%2Fv2%2Fproduct_tag&post=4856"}],"curies":[{"name":"wp","href":"https:\/\/api.w.org\/{rel}","templated":true}]}}

Encadrement en bois et stuc, monté en miroir

<p><span style="font-weight: 400;">Encadrement en bois et stuc, monté en miroir et traité à la bronzine.</span></p>
<p><span style="font-weight: 400;"> Pourtour intérieur décoré d’une riche guirlande de fleurs et un ruban dans 1 angle. </span></p>
<p><span style="font-weight: 400;">Fin XIXème. Miroir moderne. </span></p>
<p><span style="font-weight: 400;">A signaler un angle accidenté, quelques soulèvements et petits manques.</span></p>
<blockquote><p><b><i>Cet objet peut être uniquement retiré en boutique,</i></b><i><span style="font-weight: 400;"> pour la livraison, veuillez nous demander un devis. </span></i></p>
<p>Hauteur : 97 cm /  Largeur : 84 cm</p></blockquote>

<p>Encadrement en bois et stuc, monté en miroir et traité à la bronzine. Pourtour intérieur décoré d’une riche guirlande de&#8230;</p>
