{"id":4818,"date":"2024-06-23T16:58:58","date_gmt":"2024-06-23T14:58:58","guid":{"rendered":"https:\/\/lespucesdestju.fr\/?post_type=product&#038;p=4818"},"modified":"2025-03-10T22:28:44","modified_gmt":"2025-03-10T21:28:44","slug":"pichet-en-terre-cuite-emaillee","status":"publish","type":"product","link":"https:\/\/lespucesdestju.fr\/?product=pichet-en-terre-cuite-emaillee","title":{"rendered":"Pichet en terre cuite \u00e9maill\u00e9e"},"content":{"rendered":"<p><span style=\"font-weight: 400;\">Pichet en terre cuite \u00e9maill\u00e9e, \u00e0 3 anses. <\/span><\/p>\n<p><span style=\"font-weight: 400;\">Motifs et couleurs caract\u00e9ristiques de chez PUNTER ( Domingo). sign\u00e9 sous la base. <\/span><\/p>\n<p><span style=\"font-weight: 400;\">Vers 1960, bon \u00e9tat.<\/span><\/p>\n<blockquote><p><i><span style=\"font-weight: 400;\">Dimensions ( longueur x Largeur x Hauteur) et poids (Kg) : <\/span><\/i><b><i>voir informations compl\u00e9mentaires.<\/i><\/b><\/p><\/blockquote>\n","protected":false},"excerpt":{"rendered":"<p>Pichet en terre cuite \u00e9maill\u00e9e, \u00e0 3 anses. Motifs et couleurs caract\u00e9ristiques de chez PUNTER ( Domingo). sign\u00e9 sous la&#8230;<\/p>\n","protected":false},"featured_media":4820,"comment_status":"open","ping_status":"closed","template":"","meta":[],"product_brand":[],"product_cat":[37,292],"product_tag":[61,60,95,80],"class_list":{"0":"post-4818","1":"product","2":"type-product","3":"status-publish","4":"has-post-thumbnail","6":"product_cat-decoration","7":"product_cat-vases-pots-et-contenants","8":"product_tag-ceramique","9":"product_tag-decoration","10":"product_tag-pichet","11":"product_tag-terre-cuite","13":"first","14":"outofstock","15":"shipping-taxable","16":"purchasable","17":"product-type-simple"},"aioseo_notices":[],"jetpack_sharing_enabled":true,"_links":{"self":[{"href":"https:\/\/lespucesdestju.fr\/index.php?rest_route=\/wp\/v2\/product\/4818","targetHints":{"allow":["GET"]}}],"collection":[{"href":"https:\/\/lespucesdestju.fr\/index.php?rest_route=\/wp\/v2\/product"}],"about":[{"href":"https:\/\/lespucesdestju.fr\/index.php?rest_route=\/wp\/v2\/types\/product"}],"replies":[{"embeddable":true,"href":"https:\/\/lespucesdestju.fr\/index.php?rest_route=%2Fwp%2Fv2%2Fcomments&post=4818"}],"wp:featuredmedia":[{"embeddable":true,"href":"https:\/\/lespucesdestju.fr\/index.php?rest_route=\/wp\/v2\/media\/4820"}],"wp:attachment":[{"href":"https:\/\/lespucesdestju.fr\/index.php?rest_route=%2Fwp%2Fv2%2Fmedia&parent=4818"}],"wp:term":[{"taxonomy":"product_brand","embeddable":true,"href":"https:\/\/lespucesdestju.fr\/index.php?rest_route=%2Fwp%2Fv2%2Fproduct_brand&post=4818"},{"taxonomy":"product_cat","embeddable":true,"href":"https:\/\/lespucesdestju.fr\/index.php?rest_route=%2Fwp%2Fv2%2Fproduct_cat&post=4818"},{"taxonomy":"product_tag","embeddable":true,"href":"https:\/\/lespucesdestju.fr\/index.php?rest_route=%2Fwp%2Fv2%2Fproduct_tag&post=4818"}],"curies":[{"name":"wp","href":"https:\/\/api.w.org\/{rel}","templated":true}]}}

Pichet en terre cuite émaillée

<p><span style="font-weight: 400;">Pichet en terre cuite émaillée, à 3 anses. </span></p>
<p><span style="font-weight: 400;">Motifs et couleurs caractéristiques de chez PUNTER ( Domingo). signé sous la base. </span></p>
<p><span style="font-weight: 400;">Vers 1960, bon état.</span></p>
<blockquote><p><i><span style="font-weight: 400;">Dimensions ( longueur x Largeur x Hauteur) et poids (Kg) : </span></i><b><i>voir informations complémentaires.</i></b></p></blockquote>

<p>Pichet en terre cuite émaillée, à 3 anses. Motifs et couleurs caractéristiques de chez PUNTER ( Domingo). signé sous la&#8230;</p>
