{"id":4786,"date":"2024-06-23T16:17:10","date_gmt":"2024-06-23T14:17:10","guid":{"rendered":"https:\/\/lespucesdestju.fr\/?post_type=product&#038;p=4786"},"modified":"2024-08-21T13:45:46","modified_gmt":"2024-08-21T11:45:46","slug":"vide-poche-de-forme-navette","status":"publish","type":"product","link":"https:\/\/lespucesdestju.fr\/?product=vide-poche-de-forme-navette","title":{"rendered":"Vide poche de forme navette"},"content":{"rendered":"<p><span style=\"font-weight: 400\">Vide poche de forme navette, en cuivre \u00e9maill\u00e9 \u00e0 reliefs, dans les tons turquoise,\u00a0<\/span><\/p>\n<p><span style=\"font-weight: 400\">Rayure et petits manques \u00e0 signaler.<\/span><\/p>\n<blockquote><p><i><span style=\"font-weight: 400\">Dimensions ( longueur x Largeur x Hauteur) et poids (Kg) : <\/span><\/i><b><i>voir informations compl\u00e9mentaires.<\/i><\/b><\/p><\/blockquote>\n","protected":false},"excerpt":{"rendered":"<p>Vide poche de forme navette, en cuivre \u00e9maill\u00e9 \u00e0 reliefs, dans les tons turquoise,\u00a0 Rayure et petits manques \u00e0 signaler&#8230;.<\/p>\n","protected":false},"featured_media":4789,"comment_status":"open","ping_status":"closed","template":"","meta":[],"product_brand":[],"product_cat":[293,37],"product_tag":[134,60,136,195],"class_list":{"0":"post-4786","1":"product","2":"type-product","3":"status-publish","4":"has-post-thumbnail","6":"product_cat-coupes-plats-et-vide-poche","7":"product_cat-decoration","8":"product_tag-cuivre","9":"product_tag-decoration","10":"product_tag-email","11":"product_tag-vide-poche","13":"first","14":"outofstock","15":"shipping-taxable","16":"purchasable","17":"product-type-simple"},"aioseo_notices":[],"jetpack_sharing_enabled":true,"_links":{"self":[{"href":"https:\/\/lespucesdestju.fr\/index.php?rest_route=\/wp\/v2\/product\/4786","targetHints":{"allow":["GET"]}}],"collection":[{"href":"https:\/\/lespucesdestju.fr\/index.php?rest_route=\/wp\/v2\/product"}],"about":[{"href":"https:\/\/lespucesdestju.fr\/index.php?rest_route=\/wp\/v2\/types\/product"}],"replies":[{"embeddable":true,"href":"https:\/\/lespucesdestju.fr\/index.php?rest_route=%2Fwp%2Fv2%2Fcomments&post=4786"}],"wp:featuredmedia":[{"embeddable":true,"href":"https:\/\/lespucesdestju.fr\/index.php?rest_route=\/wp\/v2\/media\/4789"}],"wp:attachment":[{"href":"https:\/\/lespucesdestju.fr\/index.php?rest_route=%2Fwp%2Fv2%2Fmedia&parent=4786"}],"wp:term":[{"taxonomy":"product_brand","embeddable":true,"href":"https:\/\/lespucesdestju.fr\/index.php?rest_route=%2Fwp%2Fv2%2Fproduct_brand&post=4786"},{"taxonomy":"product_cat","embeddable":true,"href":"https:\/\/lespucesdestju.fr\/index.php?rest_route=%2Fwp%2Fv2%2Fproduct_cat&post=4786"},{"taxonomy":"product_tag","embeddable":true,"href":"https:\/\/lespucesdestju.fr\/index.php?rest_route=%2Fwp%2Fv2%2Fproduct_tag&post=4786"}],"curies":[{"name":"wp","href":"https:\/\/api.w.org\/{rel}","templated":true}]}}

<p><span style="font-weight: 400">Vide poche de forme navette, en cuivre émaillé à reliefs, dans les tons turquoise, </span></p>
<p><span style="font-weight: 400">Rayure et petits manques à signaler.</span></p>
<blockquote><p><i><span style="font-weight: 400">Dimensions ( longueur x Largeur x Hauteur) et poids (Kg) : </span></i><b><i>voir informations complémentaires.</i></b></p></blockquote>

<p>Vide poche de forme navette, en cuivre émaillé à reliefs, dans les tons turquoise,  Rayure et petits manques à signaler&#8230;.</p>
