{"id":4769,"date":"2024-06-23T15:44:44","date_gmt":"2024-06-23T13:44:44","guid":{"rendered":"https:\/\/lespucesdestju.fr\/?post_type=product&#038;p=4769"},"modified":"2024-11-07T12:00:52","modified_gmt":"2024-11-07T11:00:52","slug":"grand-pichet-coq-en-ceramique-vernissee","status":"publish","type":"product","link":"https:\/\/lespucesdestju.fr\/?product=grand-pichet-coq-en-ceramique-vernissee","title":{"rendered":"Grand pichet coq en c\u00e9ramique verniss\u00e9e"},"content":{"rendered":"<p><span style=\"font-weight: 400;\">Grand pichet coq en c\u00e9ramique verniss\u00e9e beige, pr\u00e9sentant en surface un fa\u00efen\u00e7age de cuisson. <\/span><\/p>\n<p><span style=\"font-weight: 400;\">Tr\u00e8s bon \u00e9tat.<\/span><\/p>\n<blockquote><p><i><span style=\"font-weight: 400;\">Dimensions ( longueur x Largeur x Hauteur) et poids (Kg) : <\/span><\/i><b><i>voir informations compl\u00e9mentaires.<\/i><\/b><\/p><\/blockquote>\n","protected":false},"excerpt":{"rendered":"<p>Grand pichet coq en c\u00e9ramique verniss\u00e9e beige, pr\u00e9sentant en surface un fa\u00efen\u00e7age de cuisson. Tr\u00e8s bon \u00e9tat. Dimensions ( longueur&#8230;<\/p>\n","protected":false},"featured_media":4770,"comment_status":"open","ping_status":"closed","template":"","meta":[],"product_brand":[],"product_cat":[15,299],"product_tag":[66,61,93,95],"class_list":{"0":"post-4769","1":"product","2":"type-product","3":"status-publish","4":"has-post-thumbnail","6":"product_cat-art-de-la-table","7":"product_cat-pichets-et-carafes","8":"product_tag-art-de-la-table","9":"product_tag-ceramique","10":"product_tag-faience","11":"product_tag-pichet","13":"first","14":"outofstock","15":"shipping-taxable","16":"purchasable","17":"product-type-simple"},"aioseo_notices":[],"jetpack_sharing_enabled":true,"_links":{"self":[{"href":"https:\/\/lespucesdestju.fr\/index.php?rest_route=\/wp\/v2\/product\/4769","targetHints":{"allow":["GET"]}}],"collection":[{"href":"https:\/\/lespucesdestju.fr\/index.php?rest_route=\/wp\/v2\/product"}],"about":[{"href":"https:\/\/lespucesdestju.fr\/index.php?rest_route=\/wp\/v2\/types\/product"}],"replies":[{"embeddable":true,"href":"https:\/\/lespucesdestju.fr\/index.php?rest_route=%2Fwp%2Fv2%2Fcomments&post=4769"}],"wp:featuredmedia":[{"embeddable":true,"href":"https:\/\/lespucesdestju.fr\/index.php?rest_route=\/wp\/v2\/media\/4770"}],"wp:attachment":[{"href":"https:\/\/lespucesdestju.fr\/index.php?rest_route=%2Fwp%2Fv2%2Fmedia&parent=4769"}],"wp:term":[{"taxonomy":"product_brand","embeddable":true,"href":"https:\/\/lespucesdestju.fr\/index.php?rest_route=%2Fwp%2Fv2%2Fproduct_brand&post=4769"},{"taxonomy":"product_cat","embeddable":true,"href":"https:\/\/lespucesdestju.fr\/index.php?rest_route=%2Fwp%2Fv2%2Fproduct_cat&post=4769"},{"taxonomy":"product_tag","embeddable":true,"href":"https:\/\/lespucesdestju.fr\/index.php?rest_route=%2Fwp%2Fv2%2Fproduct_tag&post=4769"}],"curies":[{"name":"wp","href":"https:\/\/api.w.org\/{rel}","templated":true}]}}

Grand pichet coq en céramique vernissée

<p><span style="font-weight: 400;">Grand pichet coq en céramique vernissée beige, présentant en surface un faïençage de cuisson. </span></p>
<p><span style="font-weight: 400;">Très bon état.</span></p>
<blockquote><p><i><span style="font-weight: 400;">Dimensions ( longueur x Largeur x Hauteur) et poids (Kg) : </span></i><b><i>voir informations complémentaires.</i></b></p></blockquote>

<p>Grand pichet coq en céramique vernissée beige, présentant en surface un faïençage de cuisson. Très bon état. Dimensions ( longueur&#8230;</p>
