{"id":4764,"date":"2024-06-23T15:39:43","date_gmt":"2024-06-23T13:39:43","guid":{"rendered":"https:\/\/lespucesdestju.fr\/?post_type=product&#038;p=4764"},"modified":"2024-11-14T17:39:06","modified_gmt":"2024-11-14T16:39:06","slug":"pots-anduze-les-enfants-de-boisset","status":"publish","type":"product","link":"https:\/\/lespucesdestju.fr\/?product=pots-anduze-les-enfants-de-boisset","title":{"rendered":"Pots Anduze \u201cLes enfants de boisset\u201d"},"content":{"rendered":"<p><span style=\"font-weight: 400;\">Pots Anduze \u201cLes enfants de boisset\u201d.<\/span><\/p>\n<p><span style=\"font-weight: 400;\">Rare mod\u00e8le de pots jumel\u00e9s, avec anse centrale, en c\u00e9ramique verniss\u00e9e verte et beige.<\/span><\/p>\n<p><span style=\"font-weight: 400;\">a signaler, \u00e9clats et retouche peinture \u00e0 la base.<\/span><\/p>\n<blockquote><p><i><span style=\"font-weight: 400;\">Dimensions ( longueur x Largeur x Hauteur) et poids (Kg) : <\/span><\/i><b><i>voir informations compl\u00e9mentaires.<\/i><\/b><\/p><\/blockquote>\n","protected":false},"excerpt":{"rendered":"<p>Pots Anduze \u201cLes enfants de boisset\u201d. Rare mod\u00e8le de pots jumel\u00e9s, avec anse centrale, en c\u00e9ramique verniss\u00e9e verte et beige&#8230;.<\/p>\n","protected":false},"featured_media":4765,"comment_status":"open","ping_status":"closed","template":"","meta":[],"product_brand":[],"product_cat":[37,292],"product_tag":[284],"class_list":{"0":"post-4764","1":"product","2":"type-product","3":"status-publish","4":"has-post-thumbnail","6":"product_cat-decoration","7":"product_cat-vases-pots-et-contenants","8":"product_tag-284","10":"first","11":"outofstock","12":"shipping-taxable","13":"purchasable","14":"product-type-simple"},"aioseo_notices":[],"jetpack_sharing_enabled":true,"_links":{"self":[{"href":"https:\/\/lespucesdestju.fr\/index.php?rest_route=\/wp\/v2\/product\/4764","targetHints":{"allow":["GET"]}}],"collection":[{"href":"https:\/\/lespucesdestju.fr\/index.php?rest_route=\/wp\/v2\/product"}],"about":[{"href":"https:\/\/lespucesdestju.fr\/index.php?rest_route=\/wp\/v2\/types\/product"}],"replies":[{"embeddable":true,"href":"https:\/\/lespucesdestju.fr\/index.php?rest_route=%2Fwp%2Fv2%2Fcomments&post=4764"}],"wp:featuredmedia":[{"embeddable":true,"href":"https:\/\/lespucesdestju.fr\/index.php?rest_route=\/wp\/v2\/media\/4765"}],"wp:attachment":[{"href":"https:\/\/lespucesdestju.fr\/index.php?rest_route=%2Fwp%2Fv2%2Fmedia&parent=4764"}],"wp:term":[{"taxonomy":"product_brand","embeddable":true,"href":"https:\/\/lespucesdestju.fr\/index.php?rest_route=%2Fwp%2Fv2%2Fproduct_brand&post=4764"},{"taxonomy":"product_cat","embeddable":true,"href":"https:\/\/lespucesdestju.fr\/index.php?rest_route=%2Fwp%2Fv2%2Fproduct_cat&post=4764"},{"taxonomy":"product_tag","embeddable":true,"href":"https:\/\/lespucesdestju.fr\/index.php?rest_route=%2Fwp%2Fv2%2Fproduct_tag&post=4764"}],"curies":[{"name":"wp","href":"https:\/\/api.w.org\/{rel}","templated":true}]}}

<p><span style="font-weight: 400;">Pots Anduze “Les enfants de boisset”.</span></p>
<p><span style="font-weight: 400;">Rare modèle de pots jumelés, avec anse centrale, en céramique vernissée verte et beige.</span></p>
<p><span style="font-weight: 400;">a signaler, éclats et retouche peinture à la base.</span></p>
<blockquote><p><i><span style="font-weight: 400;">Dimensions ( longueur x Largeur x Hauteur) et poids (Kg) : </span></i><b><i>voir informations complémentaires.</i></b></p></blockquote>

<p>Pots Anduze “Les enfants de boisset”. Rare modèle de pots jumelés, avec anse centrale, en céramique vernissée verte et beige&#8230;.</p>
