{"id":4758,"date":"2024-06-23T15:35:44","date_gmt":"2024-06-23T13:35:44","guid":{"rendered":"https:\/\/lespucesdestju.fr\/?post_type=product&#038;p=4758"},"modified":"2026-01-04T17:10:45","modified_gmt":"2026-01-04T16:10:45","slug":"saladier-en-terre-cuite","status":"publish","type":"product","link":"https:\/\/lespucesdestju.fr\/?product=saladier-en-terre-cuite","title":{"rendered":"Saladier en terre cuite"},"content":{"rendered":"<p><span style=\"font-weight: 400;\">Saladier en terre cuite. Verniss\u00e9 \u00e0 l&rsquo;int\u00e9rieur, dans les tons jaune et beige.\u00a0<\/span><\/p>\n<p><span style=\"font-weight: 400;\">A signaler, f\u00eale ancien sur le flanc.\u00a0 XIX\u00e8me.<\/span><\/p>\n<blockquote><p><i><span style=\"font-weight: 400;\">Dimensions ( longueur x Largeur x Hauteur) et poids (Kg) : <\/span><\/i><b><i>voir informations compl\u00e9mentaires.<\/i><\/b><\/p><\/blockquote>\n","protected":false},"excerpt":{"rendered":"<p>Saladier en terre cuite. Verniss\u00e9 \u00e0 l&rsquo;int\u00e9rieur, dans les tons jaune et beige.\u00a0 A signaler, f\u00eale ancien sur le flanc.\u00a0&#8230;<\/p>\n","protected":false},"featured_media":4760,"comment_status":"open","ping_status":"closed","template":"","meta":[],"product_brand":[],"product_cat":[293,37],"product_tag":[60,140,283,80],"class_list":{"0":"post-4758","1":"product","2":"type-product","3":"status-publish","4":"has-post-thumbnail","6":"product_cat-coupes-plats-et-vide-poche","7":"product_cat-decoration","8":"product_tag-decoration","9":"product_tag-plat","10":"product_tag-saladier","11":"product_tag-terre-cuite","13":"first","14":"outofstock","15":"shipping-taxable","16":"purchasable","17":"product-type-simple"},"aioseo_notices":[],"jetpack_sharing_enabled":true,"_links":{"self":[{"href":"https:\/\/lespucesdestju.fr\/index.php?rest_route=\/wp\/v2\/product\/4758","targetHints":{"allow":["GET"]}}],"collection":[{"href":"https:\/\/lespucesdestju.fr\/index.php?rest_route=\/wp\/v2\/product"}],"about":[{"href":"https:\/\/lespucesdestju.fr\/index.php?rest_route=\/wp\/v2\/types\/product"}],"replies":[{"embeddable":true,"href":"https:\/\/lespucesdestju.fr\/index.php?rest_route=%2Fwp%2Fv2%2Fcomments&post=4758"}],"wp:featuredmedia":[{"embeddable":true,"href":"https:\/\/lespucesdestju.fr\/index.php?rest_route=\/wp\/v2\/media\/4760"}],"wp:attachment":[{"href":"https:\/\/lespucesdestju.fr\/index.php?rest_route=%2Fwp%2Fv2%2Fmedia&parent=4758"}],"wp:term":[{"taxonomy":"product_brand","embeddable":true,"href":"https:\/\/lespucesdestju.fr\/index.php?rest_route=%2Fwp%2Fv2%2Fproduct_brand&post=4758"},{"taxonomy":"product_cat","embeddable":true,"href":"https:\/\/lespucesdestju.fr\/index.php?rest_route=%2Fwp%2Fv2%2Fproduct_cat&post=4758"},{"taxonomy":"product_tag","embeddable":true,"href":"https:\/\/lespucesdestju.fr\/index.php?rest_route=%2Fwp%2Fv2%2Fproduct_tag&post=4758"}],"curies":[{"name":"wp","href":"https:\/\/api.w.org\/{rel}","templated":true}]}}

<p><span style="font-weight: 400;">Saladier en terre cuite. Vernissé à l&rsquo;intérieur, dans les tons jaune et beige. </span></p>
<p><span style="font-weight: 400;">A signaler, fêle ancien sur le flanc.  XIXème.</span></p>
<blockquote><p><i><span style="font-weight: 400;">Dimensions ( longueur x Largeur x Hauteur) et poids (Kg) : </span></i><b><i>voir informations complémentaires.</i></b></p></blockquote>

<p>Saladier en terre cuite. Vernissé à l&rsquo;intérieur, dans les tons jaune et beige.  A signaler, fêle ancien sur le flanc. &#8230;</p>
