{"id":4695,"date":"2024-06-13T16:51:36","date_gmt":"2024-06-13T14:51:36","guid":{"rendered":"https:\/\/lespucesdestju.fr\/?post_type=product&#038;p=4695"},"modified":"2025-05-12T11:31:15","modified_gmt":"2025-05-12T09:31:15","slug":"appliques-annees-70-en-metal-argente","status":"publish","type":"product","link":"https:\/\/lespucesdestju.fr\/?product=appliques-annees-70-en-metal-argente","title":{"rendered":"Appliques ann\u00e9es 70 en m\u00e9tal argent\u00e9"},"content":{"rendered":"<p><span style=\"font-weight: 400\">Appliques ann\u00e9es 70 en m\u00e9tal argent\u00e9.<\/span><\/p>\n<p><span style=\"font-weight: 400\">Tr\u00e8s originales paire d\u2019appliques en m\u00e9tal argent\u00e9 en forme de c\u0153ur sacr\u00e9. <\/span><\/p>\n<p><span style=\"font-weight: 400\">Demi Abat-jour d\u2019\u00e9poque en papier m\u00e9tallis\u00e9 argent\u00e9.<\/span><\/p>\n<blockquote><p><i><span style=\"font-weight: 400\">\u00a0Dimensions et poids pour une lampe abat-jour compris (voir infos compl\u00e9mentaires)<\/span><\/i><\/p><\/blockquote>\n","protected":false},"excerpt":{"rendered":"<p>Appliques ann\u00e9es 70 en m\u00e9tal argent\u00e9. Tr\u00e8s originales paire d\u2019appliques en m\u00e9tal argent\u00e9 en forme de c\u0153ur sacr\u00e9. Demi Abat-jour&#8230;<\/p>\n","protected":false},"featured_media":4696,"comment_status":"open","ping_status":"closed","template":"","meta":[],"product_brand":[],"product_cat":[46],"product_tag":[279,131,112],"class_list":{"0":"post-4695","1":"product","2":"type-product","3":"status-publish","4":"has-post-thumbnail","6":"product_cat-luminaires-et-eclairages","7":"product_tag-appliques","8":"product_tag-luminaire","9":"product_tag-metal-argente","11":"first","12":"instock","13":"shipping-taxable","14":"purchasable","15":"product-type-simple"},"aioseo_notices":[],"jetpack_sharing_enabled":true,"_links":{"self":[{"href":"https:\/\/lespucesdestju.fr\/index.php?rest_route=\/wp\/v2\/product\/4695","targetHints":{"allow":["GET"]}}],"collection":[{"href":"https:\/\/lespucesdestju.fr\/index.php?rest_route=\/wp\/v2\/product"}],"about":[{"href":"https:\/\/lespucesdestju.fr\/index.php?rest_route=\/wp\/v2\/types\/product"}],"replies":[{"embeddable":true,"href":"https:\/\/lespucesdestju.fr\/index.php?rest_route=%2Fwp%2Fv2%2Fcomments&post=4695"}],"wp:featuredmedia":[{"embeddable":true,"href":"https:\/\/lespucesdestju.fr\/index.php?rest_route=\/wp\/v2\/media\/4696"}],"wp:attachment":[{"href":"https:\/\/lespucesdestju.fr\/index.php?rest_route=%2Fwp%2Fv2%2Fmedia&parent=4695"}],"wp:term":[{"taxonomy":"product_brand","embeddable":true,"href":"https:\/\/lespucesdestju.fr\/index.php?rest_route=%2Fwp%2Fv2%2Fproduct_brand&post=4695"},{"taxonomy":"product_cat","embeddable":true,"href":"https:\/\/lespucesdestju.fr\/index.php?rest_route=%2Fwp%2Fv2%2Fproduct_cat&post=4695"},{"taxonomy":"product_tag","embeddable":true,"href":"https:\/\/lespucesdestju.fr\/index.php?rest_route=%2Fwp%2Fv2%2Fproduct_tag&post=4695"}],"curies":[{"name":"wp","href":"https:\/\/api.w.org\/{rel}","templated":true}]}}

Appliques années 70 en métal argenté

<p><span style="font-weight: 400">Appliques années 70 en métal argenté.</span></p>
<p><span style="font-weight: 400">Très originales paire d’appliques en métal argenté en forme de cœur sacré. </span></p>
<p><span style="font-weight: 400">Demi Abat-jour d’époque en papier métallisé argenté.</span></p>
<blockquote><p><i><span style="font-weight: 400"> Dimensions et poids pour une lampe abat-jour compris (voir infos complémentaires)</span></i></p></blockquote>

<p>Appliques années 70 en métal argenté. Très originales paire d’appliques en métal argenté en forme de cœur sacré. Demi Abat-jour&#8230;</p>
