{"id":4655,"date":"2024-06-05T12:59:51","date_gmt":"2024-06-05T10:59:51","guid":{"rendered":"https:\/\/lespucesdestju.fr\/?post_type=product&#038;p=4655"},"modified":"2024-07-18T12:39:41","modified_gmt":"2024-07-18T10:39:41","slug":"centre-de-table-en-metal-argente","status":"publish","type":"product","link":"https:\/\/lespucesdestju.fr\/?product=centre-de-table-en-metal-argente","title":{"rendered":"Centre de table en m\u00e9tal argent\u00e9"},"content":{"rendered":"<p><span style=\"font-weight: 400;\">Centre de table en m\u00e9tal argent\u00e9 de style rocaille louis Xv. <\/span><\/p>\n<p><span style=\"font-weight: 400;\">Ancien mod\u00e8le Christofle probable. <\/span><\/p>\n<p><span style=\"font-weight: 400;\">A signaler quelques rayures au miroir. <\/span><\/p>\n<p><span style=\"font-weight: 400;\">Bel \u00e9tat g\u00e9n\u00e9ral.<\/span><\/p>\n<blockquote><p><i><span style=\"font-weight: 400;\">Dimensions ( longueur x Largeur x Hauteur) et poids (Kg) : <\/span><\/i><b><i>voir informations compl\u00e9mentaires.<\/i><\/b><\/p><\/blockquote>\n","protected":false},"excerpt":{"rendered":"<p>Centre de table en m\u00e9tal argent\u00e9 de style rocaille louis Xv. Ancien mod\u00e8le Christofle probable. A signaler quelques rayures au&#8230;<\/p>\n","protected":false},"featured_media":4656,"comment_status":"open","ping_status":"closed","template":"","meta":[],"product_brand":[],"product_cat":[301,15],"product_tag":[66,272,112],"class_list":{"0":"post-4655","1":"product","2":"type-product","3":"status-publish","4":"has-post-thumbnail","6":"product_cat-accessoire-de-tables","7":"product_cat-art-de-la-table","8":"product_tag-art-de-la-table","9":"product_tag-centre-de-table","10":"product_tag-metal-argente","12":"first","13":"instock","14":"shipping-taxable","15":"purchasable","16":"product-type-simple"},"aioseo_notices":[],"jetpack_sharing_enabled":true,"_links":{"self":[{"href":"https:\/\/lespucesdestju.fr\/index.php?rest_route=\/wp\/v2\/product\/4655","targetHints":{"allow":["GET"]}}],"collection":[{"href":"https:\/\/lespucesdestju.fr\/index.php?rest_route=\/wp\/v2\/product"}],"about":[{"href":"https:\/\/lespucesdestju.fr\/index.php?rest_route=\/wp\/v2\/types\/product"}],"replies":[{"embeddable":true,"href":"https:\/\/lespucesdestju.fr\/index.php?rest_route=%2Fwp%2Fv2%2Fcomments&post=4655"}],"wp:featuredmedia":[{"embeddable":true,"href":"https:\/\/lespucesdestju.fr\/index.php?rest_route=\/wp\/v2\/media\/4656"}],"wp:attachment":[{"href":"https:\/\/lespucesdestju.fr\/index.php?rest_route=%2Fwp%2Fv2%2Fmedia&parent=4655"}],"wp:term":[{"taxonomy":"product_brand","embeddable":true,"href":"https:\/\/lespucesdestju.fr\/index.php?rest_route=%2Fwp%2Fv2%2Fproduct_brand&post=4655"},{"taxonomy":"product_cat","embeddable":true,"href":"https:\/\/lespucesdestju.fr\/index.php?rest_route=%2Fwp%2Fv2%2Fproduct_cat&post=4655"},{"taxonomy":"product_tag","embeddable":true,"href":"https:\/\/lespucesdestju.fr\/index.php?rest_route=%2Fwp%2Fv2%2Fproduct_tag&post=4655"}],"curies":[{"name":"wp","href":"https:\/\/api.w.org\/{rel}","templated":true}]}}