{"id":4648,"date":"2024-06-05T12:51:04","date_gmt":"2024-06-05T10:51:04","guid":{"rendered":"https:\/\/lespucesdestju.fr\/?post_type=product&#038;p=4648"},"modified":"2025-02-13T16:13:50","modified_gmt":"2025-02-13T15:13:50","slug":"homme-au-manteau-de-fourrure","status":"publish","type":"product","link":"https:\/\/lespucesdestju.fr\/?product=homme-au-manteau-de-fourrure","title":{"rendered":"Homme au manteau de  fourrure"},"content":{"rendered":"<p><span style=\"font-weight: 400;\">Homme au manteau de fourrure. Silhouette et v\u00eatements de l\u2019Est pour ce personnage qui n\u2019est pas sans rappeler\u2026L\u00e9nine?<\/span><\/p>\n<p><span style=\"font-weight: 400;\">Modelage et patine tr\u00e8s int\u00e9ressant pour cette sculpture originale en pl\u00e2tre.<\/span><\/p>\n<p><span style=\"font-weight: 400;\">Non sign\u00e9e. Quelques \u00e9clats et sauts de mati\u00e8re.\u00a0<\/span><\/p>\n<blockquote><p><i><span style=\"font-weight: 400;\">Dimensions ( longueur x Largeur x Hauteur) et poids (Kg) : <\/span><\/i><b><i>voir informations compl\u00e9mentaires.<\/i><\/b><\/p><\/blockquote>\n","protected":false},"excerpt":{"rendered":"<p>Homme au manteau de fourrure. Silhouette et v\u00eatements de l\u2019Est pour ce personnage qui n\u2019est pas sans rappeler\u2026L\u00e9nine? Modelage et&#8230;<\/p>\n","protected":false},"featured_media":4649,"comment_status":"open","ping_status":"closed","template":"","meta":[],"product_brand":[],"product_cat":[50,37,309],"product_tag":[60,65,64],"class_list":{"0":"post-4648","1":"product","2":"type-product","3":"status-publish","4":"has-post-thumbnail","6":"product_cat-art","7":"product_cat-decoration","8":"product_cat-sculptures","9":"product_tag-decoration","10":"product_tag-platre","11":"product_tag-sculpture","13":"first","14":"outofstock","15":"shipping-taxable","16":"product-type-simple"},"aioseo_notices":[],"jetpack_sharing_enabled":true,"_links":{"self":[{"href":"https:\/\/lespucesdestju.fr\/index.php?rest_route=\/wp\/v2\/product\/4648","targetHints":{"allow":["GET"]}}],"collection":[{"href":"https:\/\/lespucesdestju.fr\/index.php?rest_route=\/wp\/v2\/product"}],"about":[{"href":"https:\/\/lespucesdestju.fr\/index.php?rest_route=\/wp\/v2\/types\/product"}],"replies":[{"embeddable":true,"href":"https:\/\/lespucesdestju.fr\/index.php?rest_route=%2Fwp%2Fv2%2Fcomments&post=4648"}],"wp:featuredmedia":[{"embeddable":true,"href":"https:\/\/lespucesdestju.fr\/index.php?rest_route=\/wp\/v2\/media\/4649"}],"wp:attachment":[{"href":"https:\/\/lespucesdestju.fr\/index.php?rest_route=%2Fwp%2Fv2%2Fmedia&parent=4648"}],"wp:term":[{"taxonomy":"product_brand","embeddable":true,"href":"https:\/\/lespucesdestju.fr\/index.php?rest_route=%2Fwp%2Fv2%2Fproduct_brand&post=4648"},{"taxonomy":"product_cat","embeddable":true,"href":"https:\/\/lespucesdestju.fr\/index.php?rest_route=%2Fwp%2Fv2%2Fproduct_cat&post=4648"},{"taxonomy":"product_tag","embeddable":true,"href":"https:\/\/lespucesdestju.fr\/index.php?rest_route=%2Fwp%2Fv2%2Fproduct_tag&post=4648"}],"curies":[{"name":"wp","href":"https:\/\/api.w.org\/{rel}","templated":true}]}}

<p><span style="font-weight: 400;">Homme au manteau de fourrure. Silhouette et vêtements de l’Est pour ce personnage qui n’est pas sans rappeler…Lénine?</span></p>
<p><span style="font-weight: 400;">Modelage et patine très intéressant pour cette sculpture originale en plâtre.</span></p>
<p><span style="font-weight: 400;">Non signée. Quelques éclats et sauts de matière. </span></p>
<blockquote><p><i><span style="font-weight: 400;">Dimensions ( longueur x Largeur x Hauteur) et poids (Kg) : </span></i><b><i>voir informations complémentaires.</i></b></p></blockquote>

<p>Homme au manteau de fourrure. Silhouette et vêtements de l’Est pour ce personnage qui n’est pas sans rappeler…Lénine? Modelage et&#8230;</p>
