{"id":4570,"date":"2024-05-26T10:46:04","date_gmt":"2024-05-26T08:46:04","guid":{"rendered":"https:\/\/lespucesdestju.fr\/?post_type=product&#038;p=4570"},"modified":"2024-07-18T12:13:29","modified_gmt":"2024-07-18T10:13:29","slug":"coffret-laque-noir-en-carton-bouilli","status":"publish","type":"product","link":"https:\/\/lespucesdestju.fr\/?product=coffret-laque-noir-en-carton-bouilli","title":{"rendered":"Coffret laqu\u00e9 noir en carton bouilli"},"content":{"rendered":"<p><span style=\"font-weight: 400;\">Coffret laqu\u00e9 noir en carton bouilli. <\/span><\/p>\n<p><span style=\"font-weight: 400;\">D\u00e9cors anim\u00e9 de villageois \u00e0 la r\u00e9colte.<\/span><\/p>\n<blockquote><p><i><span style=\"font-weight: 400;\">Dimensions ( longueur x Largeur x Hauteur) et poids (Kg) : <\/span><\/i><b><i>voir informations compl\u00e9mentaires.<\/i><\/b><\/p><\/blockquote>\n","protected":false},"excerpt":{"rendered":"<p>Coffret laqu\u00e9 noir en carton bouilli. D\u00e9cors anim\u00e9 de villageois \u00e0 la r\u00e9colte. Dimensions ( longueur x Largeur x Hauteur)&#8230;<\/p>\n","protected":false},"featured_media":4571,"comment_status":"open","ping_status":"closed","template":"","meta":[],"product_brand":[],"product_cat":[294,37],"product_tag":[74,268,60],"class_list":{"0":"post-4570","1":"product","2":"type-product","3":"status-publish","4":"has-post-thumbnail","6":"product_cat-boites-et-coffrets","7":"product_cat-decoration","8":"product_tag-boite","9":"product_tag-carton-bouilli","10":"product_tag-decoration","12":"first","13":"instock","14":"shipping-taxable","15":"purchasable","16":"product-type-simple"},"aioseo_notices":[],"jetpack_sharing_enabled":true,"_links":{"self":[{"href":"https:\/\/lespucesdestju.fr\/index.php?rest_route=\/wp\/v2\/product\/4570","targetHints":{"allow":["GET"]}}],"collection":[{"href":"https:\/\/lespucesdestju.fr\/index.php?rest_route=\/wp\/v2\/product"}],"about":[{"href":"https:\/\/lespucesdestju.fr\/index.php?rest_route=\/wp\/v2\/types\/product"}],"replies":[{"embeddable":true,"href":"https:\/\/lespucesdestju.fr\/index.php?rest_route=%2Fwp%2Fv2%2Fcomments&post=4570"}],"wp:featuredmedia":[{"embeddable":true,"href":"https:\/\/lespucesdestju.fr\/index.php?rest_route=\/wp\/v2\/media\/4571"}],"wp:attachment":[{"href":"https:\/\/lespucesdestju.fr\/index.php?rest_route=%2Fwp%2Fv2%2Fmedia&parent=4570"}],"wp:term":[{"taxonomy":"product_brand","embeddable":true,"href":"https:\/\/lespucesdestju.fr\/index.php?rest_route=%2Fwp%2Fv2%2Fproduct_brand&post=4570"},{"taxonomy":"product_cat","embeddable":true,"href":"https:\/\/lespucesdestju.fr\/index.php?rest_route=%2Fwp%2Fv2%2Fproduct_cat&post=4570"},{"taxonomy":"product_tag","embeddable":true,"href":"https:\/\/lespucesdestju.fr\/index.php?rest_route=%2Fwp%2Fv2%2Fproduct_tag&post=4570"}],"curies":[{"name":"wp","href":"https:\/\/api.w.org\/{rel}","templated":true}]}}

Coffret laqué noir en carton bouilli

<p><span style="font-weight: 400;">Coffret laqué noir en carton bouilli. </span></p>
<p><span style="font-weight: 400;">Décors animé de villageois à la récolte.</span></p>
<blockquote><p><i><span style="font-weight: 400;">Dimensions ( longueur x Largeur x Hauteur) et poids (Kg) : </span></i><b><i>voir informations complémentaires.</i></b></p></blockquote>

<p>Coffret laqué noir en carton bouilli. Décors animé de villageois à la récolte. Dimensions ( longueur x Largeur x Hauteur)&#8230;</p>
