{"id":4550,"date":"2024-05-26T10:21:54","date_gmt":"2024-05-26T08:21:54","guid":{"rendered":"https:\/\/lespucesdestju.fr\/?post_type=product&#038;p=4550"},"modified":"2024-07-18T12:14:48","modified_gmt":"2024-07-18T10:14:48","slug":"vase-en-gres-a-panses","status":"publish","type":"product","link":"https:\/\/lespucesdestju.fr\/?product=vase-en-gres-a-panses","title":{"rendered":"Vase en gr\u00e8s \u00e0 panses"},"content":{"rendered":"<p><span style=\"font-weight: 400;\">Vase en gr\u00e8s \u00e0 panses et c\u00f4tes, \u00e0 gla\u00e7ure moir\u00e9e bleue. D\u00e9but du XX\u00e8me. <\/span><\/p>\n<p><span style=\"font-weight: 400;\">Inscriptions sous la base.\u00a0<\/span><\/p>\n<p><span style=\"font-weight: 400;\">L\u00e9ger manque \u00e0 la base.<\/span><\/p>\n<blockquote><p><i><span style=\"font-weight: 400;\">Dimensions ( longueur x Largeur x Hauteur) et poids (Kg) : <\/span><\/i><b><i>voir informations compl\u00e9mentaires.<\/i><\/b><\/p><\/blockquote>\n","protected":false},"excerpt":{"rendered":"<p>Vase en gr\u00e8s \u00e0 panses et c\u00f4tes, \u00e0 gla\u00e7ure moir\u00e9e bleue. D\u00e9but du XX\u00e8me. Inscriptions sous la base.\u00a0 L\u00e9ger manque&#8230;<\/p>\n","protected":false},"featured_media":4554,"comment_status":"open","ping_status":"closed","template":"","meta":[],"product_brand":[],"product_cat":[37,292],"product_tag":[60,133,59],"class_list":{"0":"post-4550","1":"product","2":"type-product","3":"status-publish","4":"has-post-thumbnail","6":"product_cat-decoration","7":"product_cat-vases-pots-et-contenants","8":"product_tag-decoration","9":"product_tag-gres","10":"product_tag-vase","12":"first","13":"instock","14":"shipping-taxable","15":"purchasable","16":"product-type-simple"},"aioseo_notices":[],"jetpack_sharing_enabled":true,"_links":{"self":[{"href":"https:\/\/lespucesdestju.fr\/index.php?rest_route=\/wp\/v2\/product\/4550","targetHints":{"allow":["GET"]}}],"collection":[{"href":"https:\/\/lespucesdestju.fr\/index.php?rest_route=\/wp\/v2\/product"}],"about":[{"href":"https:\/\/lespucesdestju.fr\/index.php?rest_route=\/wp\/v2\/types\/product"}],"replies":[{"embeddable":true,"href":"https:\/\/lespucesdestju.fr\/index.php?rest_route=%2Fwp%2Fv2%2Fcomments&post=4550"}],"wp:featuredmedia":[{"embeddable":true,"href":"https:\/\/lespucesdestju.fr\/index.php?rest_route=\/wp\/v2\/media\/4554"}],"wp:attachment":[{"href":"https:\/\/lespucesdestju.fr\/index.php?rest_route=%2Fwp%2Fv2%2Fmedia&parent=4550"}],"wp:term":[{"taxonomy":"product_brand","embeddable":true,"href":"https:\/\/lespucesdestju.fr\/index.php?rest_route=%2Fwp%2Fv2%2Fproduct_brand&post=4550"},{"taxonomy":"product_cat","embeddable":true,"href":"https:\/\/lespucesdestju.fr\/index.php?rest_route=%2Fwp%2Fv2%2Fproduct_cat&post=4550"},{"taxonomy":"product_tag","embeddable":true,"href":"https:\/\/lespucesdestju.fr\/index.php?rest_route=%2Fwp%2Fv2%2Fproduct_tag&post=4550"}],"curies":[{"name":"wp","href":"https:\/\/api.w.org\/{rel}","templated":true}]}}

Vase en grès à panses

<p><span style="font-weight: 400;">Vase en grès à panses et côtes, à glaçure moirée bleue. Début du XXème. </span></p>
<p><span style="font-weight: 400;">Inscriptions sous la base. </span></p>
<p><span style="font-weight: 400;">Léger manque à la base.</span></p>
<blockquote><p><i><span style="font-weight: 400;">Dimensions ( longueur x Largeur x Hauteur) et poids (Kg) : </span></i><b><i>voir informations complémentaires.</i></b></p></blockquote>

<p>Vase en grès à panses et côtes, à glaçure moirée bleue. Début du XXème. Inscriptions sous la base.  Léger manque&#8230;</p>
