{"id":4458,"date":"2024-05-15T10:54:56","date_gmt":"2024-05-15T08:54:56","guid":{"rendered":"https:\/\/lespucesdestju.fr\/?post_type=product&#038;p=4458"},"modified":"2024-07-18T12:15:45","modified_gmt":"2024-07-18T10:15:45","slug":"petit-vase-en-gres-art-nouveau-2","status":"publish","type":"product","link":"https:\/\/lespucesdestju.fr\/?product=petit-vase-en-gres-art-nouveau-2","title":{"rendered":"Petit vase en gr\u00e8s art nouveau"},"content":{"rendered":"<p><span style=\"font-weight: 400;\">Petit vase en gr\u00e8s art nouveau dans le go\u00fbt de Charles Greber, \u00e0 couverture beige et verte.<\/span><\/p>\n<p><span style=\"font-weight: 400;\">Bon \u00e9tat\u00a0<\/span><\/p>\n<blockquote><p><i><span style=\"font-weight: 400;\">Dimensions ( longueur x Largeur x Hauteur) et poids (Kg) : <\/span><\/i><b><i>voir informations compl\u00e9mentaires.<\/i><\/b><\/p><\/blockquote>\n","protected":false},"excerpt":{"rendered":"<p>Petit vase en gr\u00e8s art nouveau dans le go\u00fbt de Charles Greber, \u00e0 couverture beige et verte. Bon \u00e9tat\u00a0 Dimensions&#8230;<\/p>\n","protected":false},"featured_media":4459,"comment_status":"open","ping_status":"closed","template":"","meta":[],"product_brand":[],"product_cat":[37,292],"product_tag":[90,60,133,59],"class_list":{"0":"post-4458","1":"product","2":"type-product","3":"status-publish","4":"has-post-thumbnail","6":"product_cat-decoration","7":"product_cat-vases-pots-et-contenants","8":"product_tag-art-nouveau","9":"product_tag-decoration","10":"product_tag-gres","11":"product_tag-vase","13":"first","14":"instock","15":"shipping-taxable","16":"purchasable","17":"product-type-simple"},"aioseo_notices":[],"jetpack_sharing_enabled":true,"_links":{"self":[{"href":"https:\/\/lespucesdestju.fr\/index.php?rest_route=\/wp\/v2\/product\/4458","targetHints":{"allow":["GET"]}}],"collection":[{"href":"https:\/\/lespucesdestju.fr\/index.php?rest_route=\/wp\/v2\/product"}],"about":[{"href":"https:\/\/lespucesdestju.fr\/index.php?rest_route=\/wp\/v2\/types\/product"}],"replies":[{"embeddable":true,"href":"https:\/\/lespucesdestju.fr\/index.php?rest_route=%2Fwp%2Fv2%2Fcomments&post=4458"}],"wp:featuredmedia":[{"embeddable":true,"href":"https:\/\/lespucesdestju.fr\/index.php?rest_route=\/wp\/v2\/media\/4459"}],"wp:attachment":[{"href":"https:\/\/lespucesdestju.fr\/index.php?rest_route=%2Fwp%2Fv2%2Fmedia&parent=4458"}],"wp:term":[{"taxonomy":"product_brand","embeddable":true,"href":"https:\/\/lespucesdestju.fr\/index.php?rest_route=%2Fwp%2Fv2%2Fproduct_brand&post=4458"},{"taxonomy":"product_cat","embeddable":true,"href":"https:\/\/lespucesdestju.fr\/index.php?rest_route=%2Fwp%2Fv2%2Fproduct_cat&post=4458"},{"taxonomy":"product_tag","embeddable":true,"href":"https:\/\/lespucesdestju.fr\/index.php?rest_route=%2Fwp%2Fv2%2Fproduct_tag&post=4458"}],"curies":[{"name":"wp","href":"https:\/\/api.w.org\/{rel}","templated":true}]}}

Petit vase en grès art nouveau

<p><span style="font-weight: 400;">Petit vase en grès art nouveau dans le goût de Charles Greber, à couverture beige et verte.</span></p>
<p><span style="font-weight: 400;">Bon état </span></p>
<blockquote><p><i><span style="font-weight: 400;">Dimensions ( longueur x Largeur x Hauteur) et poids (Kg) : </span></i><b><i>voir informations complémentaires.</i></b></p></blockquote>

<p>Petit vase en grès art nouveau dans le goût de Charles Greber, à couverture beige et verte. Bon état  Dimensions&#8230;</p>
