{"id":4443,"date":"2024-05-15T10:39:39","date_gmt":"2024-05-15T08:39:39","guid":{"rendered":"https:\/\/lespucesdestju.fr\/?post_type=product&#038;p=4443"},"modified":"2024-07-18T12:16:05","modified_gmt":"2024-07-18T10:16:05","slug":"vase-boule-art-deco","status":"publish","type":"product","link":"https:\/\/lespucesdestju.fr\/?product=vase-boule-art-deco","title":{"rendered":"Vase boule art d\u00e9co"},"content":{"rendered":"<p><span style=\"font-weight: 400;\">Vase boule art d\u00e9co en c\u00e9ramique \u00e0 d\u00e9cor bleu et dor\u00e9. <\/span><\/p>\n<p><span style=\"font-weight: 400;\">Peut \u00eatre attribu\u00e9 \u00e0\u00a0 <\/span><span style=\"font-weight: 400;\">Lucien Brisdoux (1878-1963)<\/span><\/p>\n<p><span style=\"font-weight: 400;\">(1878-1963)<\/span><\/p>\n<blockquote><p><i><span style=\"font-weight: 400;\">Dimensions ( longueur x Largeur x Hauteur) et poids (Kg) pour un objets : <\/span><\/i><b><i>voir informations compl\u00e9mentaires.<\/i><\/b><\/p><\/blockquote>\n","protected":false},"excerpt":{"rendered":"<p>Vase boule art d\u00e9co en c\u00e9ramique \u00e0 d\u00e9cor bleu et dor\u00e9. Peut \u00eatre attribu\u00e9 \u00e0\u00a0 Lucien Brisdoux (1878-1963) (1878-1963) Dimensions&#8230;<\/p>\n","protected":false},"featured_media":4444,"comment_status":"open","ping_status":"closed","template":"","meta":[],"product_brand":[],"product_cat":[37,292],"product_tag":[113,61,60,59,264],"class_list":{"0":"post-4443","1":"product","2":"type-product","3":"status-publish","4":"has-post-thumbnail","6":"product_cat-decoration","7":"product_cat-vases-pots-et-contenants","8":"product_tag-art-deco","9":"product_tag-ceramique","10":"product_tag-decoration","11":"product_tag-vase","12":"product_tag-vase-boule","14":"first","15":"instock","16":"shipping-taxable","17":"purchasable","18":"product-type-simple"},"aioseo_notices":[],"jetpack_sharing_enabled":true,"_links":{"self":[{"href":"https:\/\/lespucesdestju.fr\/index.php?rest_route=\/wp\/v2\/product\/4443","targetHints":{"allow":["GET"]}}],"collection":[{"href":"https:\/\/lespucesdestju.fr\/index.php?rest_route=\/wp\/v2\/product"}],"about":[{"href":"https:\/\/lespucesdestju.fr\/index.php?rest_route=\/wp\/v2\/types\/product"}],"replies":[{"embeddable":true,"href":"https:\/\/lespucesdestju.fr\/index.php?rest_route=%2Fwp%2Fv2%2Fcomments&post=4443"}],"wp:featuredmedia":[{"embeddable":true,"href":"https:\/\/lespucesdestju.fr\/index.php?rest_route=\/wp\/v2\/media\/4444"}],"wp:attachment":[{"href":"https:\/\/lespucesdestju.fr\/index.php?rest_route=%2Fwp%2Fv2%2Fmedia&parent=4443"}],"wp:term":[{"taxonomy":"product_brand","embeddable":true,"href":"https:\/\/lespucesdestju.fr\/index.php?rest_route=%2Fwp%2Fv2%2Fproduct_brand&post=4443"},{"taxonomy":"product_cat","embeddable":true,"href":"https:\/\/lespucesdestju.fr\/index.php?rest_route=%2Fwp%2Fv2%2Fproduct_cat&post=4443"},{"taxonomy":"product_tag","embeddable":true,"href":"https:\/\/lespucesdestju.fr\/index.php?rest_route=%2Fwp%2Fv2%2Fproduct_tag&post=4443"}],"curies":[{"name":"wp","href":"https:\/\/api.w.org\/{rel}","templated":true}]}}

Vase boule art déco

<p><span style="font-weight: 400;">Vase boule art déco en céramique à décor bleu et doré. </span></p>
<p><span style="font-weight: 400;">Peut être attribué à  </span><span style="font-weight: 400;">Lucien Brisdoux (1878-1963)</span></p>
<p><span style="font-weight: 400;">(1878-1963)</span></p>
<blockquote><p><i><span style="font-weight: 400;">Dimensions ( longueur x Largeur x Hauteur) et poids (Kg) pour un objets : </span></i><b><i>voir informations complémentaires.</i></b></p></blockquote>

<p>Vase boule art déco en céramique à décor bleu et doré. Peut être attribué à  Lucien Brisdoux (1878-1963) (1878-1963) Dimensions&#8230;</p>
