{"id":4428,"date":"2024-05-15T10:13:40","date_gmt":"2024-05-15T08:13:40","guid":{"rendered":"https:\/\/lespucesdestju.fr\/?post_type=product&#038;p=4428"},"modified":"2024-07-18T12:16:21","modified_gmt":"2024-07-18T10:16:21","slug":"pot-couvert-a-decor-de-picots","status":"publish","type":"product","link":"https:\/\/lespucesdestju.fr\/?product=pot-couvert-a-decor-de-picots","title":{"rendered":"Pot couvert \u00e0 d\u00e9cor de picots"},"content":{"rendered":"<p><span style=\"font-weight: 400;\">Pot couvert \u00e0 d\u00e9cor de picots, en verre souffl\u00e9 opalin rose et d\u00e9grad\u00e9 de blanc avec couvercle en m\u00e9tal argent\u00e9. <\/span><\/p>\n<p><span style=\"font-weight: 400;\">Fabrication Murano probable.<\/span><\/p>\n<p><span style=\"font-weight: 400;\">Bon \u00e9tat\u00a0<\/span><\/p>\n<blockquote><p><i><span style=\"font-weight: 400;\">Dimensions ( longueur x Largeur x Hauteur) et poids (Kg) : <\/span><\/i><b><i>voir informations compl\u00e9mentaires.<\/i><\/b><\/p><\/blockquote>\n","protected":false},"excerpt":{"rendered":"<p>Pot couvert \u00e0 d\u00e9cor de picots, en verre souffl\u00e9 opalin rose et d\u00e9grad\u00e9 de blanc avec couvercle en m\u00e9tal argent\u00e9&#8230;.<\/p>\n","protected":false},"featured_media":4429,"comment_status":"open","ping_status":"closed","template":"","meta":[],"product_brand":[],"product_cat":[37,292],"product_tag":[60,112,122,75],"class_list":{"0":"post-4428","1":"product","2":"type-product","3":"status-publish","4":"has-post-thumbnail","6":"product_cat-decoration","7":"product_cat-vases-pots-et-contenants","8":"product_tag-decoration","9":"product_tag-metal-argente","10":"product_tag-pot-couvert","11":"product_tag-verre","13":"first","14":"instock","15":"shipping-taxable","16":"purchasable","17":"product-type-simple"},"aioseo_notices":[],"jetpack_sharing_enabled":true,"_links":{"self":[{"href":"https:\/\/lespucesdestju.fr\/index.php?rest_route=\/wp\/v2\/product\/4428","targetHints":{"allow":["GET"]}}],"collection":[{"href":"https:\/\/lespucesdestju.fr\/index.php?rest_route=\/wp\/v2\/product"}],"about":[{"href":"https:\/\/lespucesdestju.fr\/index.php?rest_route=\/wp\/v2\/types\/product"}],"replies":[{"embeddable":true,"href":"https:\/\/lespucesdestju.fr\/index.php?rest_route=%2Fwp%2Fv2%2Fcomments&post=4428"}],"wp:featuredmedia":[{"embeddable":true,"href":"https:\/\/lespucesdestju.fr\/index.php?rest_route=\/wp\/v2\/media\/4429"}],"wp:attachment":[{"href":"https:\/\/lespucesdestju.fr\/index.php?rest_route=%2Fwp%2Fv2%2Fmedia&parent=4428"}],"wp:term":[{"taxonomy":"product_brand","embeddable":true,"href":"https:\/\/lespucesdestju.fr\/index.php?rest_route=%2Fwp%2Fv2%2Fproduct_brand&post=4428"},{"taxonomy":"product_cat","embeddable":true,"href":"https:\/\/lespucesdestju.fr\/index.php?rest_route=%2Fwp%2Fv2%2Fproduct_cat&post=4428"},{"taxonomy":"product_tag","embeddable":true,"href":"https:\/\/lespucesdestju.fr\/index.php?rest_route=%2Fwp%2Fv2%2Fproduct_tag&post=4428"}],"curies":[{"name":"wp","href":"https:\/\/api.w.org\/{rel}","templated":true}]}}