{"id":4356,"date":"2024-05-05T14:22:28","date_gmt":"2024-05-05T12:22:28","guid":{"rendered":"https:\/\/lespucesdestju.fr\/?post_type=product&#038;p=4356"},"modified":"2024-07-18T13:31:14","modified_gmt":"2024-07-18T11:31:14","slug":"cloche-a-dessert-fromage-en-verre","status":"publish","type":"product","link":"https:\/\/lespucesdestju.fr\/?product=cloche-a-dessert-fromage-en-verre","title":{"rendered":"Cloche \u00e0 dessert \/ fromage en verre"},"content":{"rendered":"<p><span style=\"font-weight: 400;\">Cloche \u00e0 dessert \/ fromage en verre ancienne avec son plateau sign\u00e9e PORTIEUX<\/span><\/p>\n<p><span style=\"font-weight: 400;\">L\u00e9g\u00e8re rayures.<\/span><\/p>\n<blockquote><p><i><span style=\"font-weight: 400;\">Dimensions ( longueur x Largeur x Hauteur) et poids (Kg) : <\/span><\/i><b><i>voir informations compl\u00e9mentaires.<\/i><\/b><\/p><\/blockquote>\n<p>&nbsp;<\/p>\n","protected":false},"excerpt":{"rendered":"<p>Cloche \u00e0 dessert \/ fromage en verre ancienne avec son plateau sign\u00e9e PORTIEUX L\u00e9g\u00e8re rayures. Dimensions ( longueur x Largeur&#8230;<\/p>\n","protected":false},"featured_media":4357,"comment_status":"open","ping_status":"closed","template":"","meta":[],"product_brand":[],"product_cat":[301,15],"product_tag":[66,260],"class_list":{"0":"post-4356","1":"product","2":"type-product","3":"status-publish","4":"has-post-thumbnail","6":"product_cat-accessoire-de-tables","7":"product_cat-art-de-la-table","8":"product_tag-art-de-la-table","9":"product_tag-cloche-en-verre","11":"first","12":"instock","13":"shipping-taxable","14":"purchasable","15":"product-type-simple"},"aioseo_notices":[],"jetpack_sharing_enabled":true,"_links":{"self":[{"href":"https:\/\/lespucesdestju.fr\/index.php?rest_route=\/wp\/v2\/product\/4356","targetHints":{"allow":["GET"]}}],"collection":[{"href":"https:\/\/lespucesdestju.fr\/index.php?rest_route=\/wp\/v2\/product"}],"about":[{"href":"https:\/\/lespucesdestju.fr\/index.php?rest_route=\/wp\/v2\/types\/product"}],"replies":[{"embeddable":true,"href":"https:\/\/lespucesdestju.fr\/index.php?rest_route=%2Fwp%2Fv2%2Fcomments&post=4356"}],"wp:featuredmedia":[{"embeddable":true,"href":"https:\/\/lespucesdestju.fr\/index.php?rest_route=\/wp\/v2\/media\/4357"}],"wp:attachment":[{"href":"https:\/\/lespucesdestju.fr\/index.php?rest_route=%2Fwp%2Fv2%2Fmedia&parent=4356"}],"wp:term":[{"taxonomy":"product_brand","embeddable":true,"href":"https:\/\/lespucesdestju.fr\/index.php?rest_route=%2Fwp%2Fv2%2Fproduct_brand&post=4356"},{"taxonomy":"product_cat","embeddable":true,"href":"https:\/\/lespucesdestju.fr\/index.php?rest_route=%2Fwp%2Fv2%2Fproduct_cat&post=4356"},{"taxonomy":"product_tag","embeddable":true,"href":"https:\/\/lespucesdestju.fr\/index.php?rest_route=%2Fwp%2Fv2%2Fproduct_tag&post=4356"}],"curies":[{"name":"wp","href":"https:\/\/api.w.org\/{rel}","templated":true}]}}

Cloche à dessert / fromage en verre

<p><span style="font-weight: 400;">Cloche à dessert / fromage en verre ancienne avec son plateau signée PORTIEUX</span></p>
<p><span style="font-weight: 400;">Légère rayures.</span></p>
<blockquote><p><i><span style="font-weight: 400;">Dimensions ( longueur x Largeur x Hauteur) et poids (Kg) : </span></i><b><i>voir informations complémentaires.</i></b></p></blockquote>
<p>&nbsp;</p>

<p>Cloche à dessert / fromage en verre ancienne avec son plateau signée PORTIEUX Légère rayures. Dimensions ( longueur x Largeur&#8230;</p>
