{"id":4335,"date":"2024-05-05T13:48:59","date_gmt":"2024-05-05T11:48:59","guid":{"rendered":"https:\/\/lespucesdestju.fr\/?post_type=product&#038;p=4335"},"modified":"2024-07-18T13:32:30","modified_gmt":"2024-07-18T11:32:30","slug":"partie-de-service-a-cafe-en-porcelaine-fine","status":"publish","type":"product","link":"https:\/\/lespucesdestju.fr\/?product=partie-de-service-a-cafe-en-porcelaine-fine","title":{"rendered":"Partie de service \u00e0 caf\u00e9 en porcelaine fine"},"content":{"rendered":"<p><span style=\"font-weight: 400;\">Partie de service \u00e0 caf\u00e9 en porcelaine fine, MZ austria (Autriche), fin 19\u00e8me.\u00a0<\/span><\/p>\n<ul>\n<li><span style=\"font-weight: 400;\">1 cafeti\u00e8re\u00a0<\/span><\/li>\n<li><span style=\"font-weight: 400;\">1 sucriers\u00a0<\/span><\/li>\n<li><span style=\"font-weight: 400;\">7 tasses\u00a0<\/span><\/li>\n<li><span style=\"font-weight: 400;\">7 sous tasses<\/span><\/li>\n<\/ul>\n<blockquote><p><span style=\"font-weight: 400;\">Cafeti\u00e8re Longueur 21 cm, largeur 11 cm,\u00a0 Hauteur 22,5 cm<\/span><\/p>\n<p><i><span style=\"font-weight: 400;\">Dimensions ( longueur x Largeur x Hauteur) et poids (Kg) : <\/span><\/i><b><i>voir informations compl\u00e9mentaires.<\/i><\/b><\/p><\/blockquote>\n","protected":false},"excerpt":{"rendered":"<p>Partie de service \u00e0 caf\u00e9 en porcelaine fine, MZ austria (Autriche), fin 19\u00e8me.\u00a0 1 cafeti\u00e8re\u00a0 1 sucriers\u00a0 7 tasses\u00a0 7&#8230;<\/p>\n","protected":false},"featured_media":4336,"comment_status":"open","ping_status":"closed","template":"","meta":[],"product_brand":[],"product_cat":[15,295],"product_tag":[66,139,92,138],"class_list":{"0":"post-4335","1":"product","2":"type-product","3":"status-publish","4":"has-post-thumbnail","6":"product_cat-art-de-la-table","7":"product_cat-services","8":"product_tag-art-de-la-table","9":"product_tag-porcelaine","10":"product_tag-service","11":"product_tag-service-a-cafe","13":"first","14":"instock","15":"shipping-taxable","16":"purchasable","17":"product-type-simple"},"aioseo_notices":[],"jetpack_sharing_enabled":true,"_links":{"self":[{"href":"https:\/\/lespucesdestju.fr\/index.php?rest_route=\/wp\/v2\/product\/4335","targetHints":{"allow":["GET"]}}],"collection":[{"href":"https:\/\/lespucesdestju.fr\/index.php?rest_route=\/wp\/v2\/product"}],"about":[{"href":"https:\/\/lespucesdestju.fr\/index.php?rest_route=\/wp\/v2\/types\/product"}],"replies":[{"embeddable":true,"href":"https:\/\/lespucesdestju.fr\/index.php?rest_route=%2Fwp%2Fv2%2Fcomments&post=4335"}],"wp:featuredmedia":[{"embeddable":true,"href":"https:\/\/lespucesdestju.fr\/index.php?rest_route=\/wp\/v2\/media\/4336"}],"wp:attachment":[{"href":"https:\/\/lespucesdestju.fr\/index.php?rest_route=%2Fwp%2Fv2%2Fmedia&parent=4335"}],"wp:term":[{"taxonomy":"product_brand","embeddable":true,"href":"https:\/\/lespucesdestju.fr\/index.php?rest_route=%2Fwp%2Fv2%2Fproduct_brand&post=4335"},{"taxonomy":"product_cat","embeddable":true,"href":"https:\/\/lespucesdestju.fr\/index.php?rest_route=%2Fwp%2Fv2%2Fproduct_cat&post=4335"},{"taxonomy":"product_tag","embeddable":true,"href":"https:\/\/lespucesdestju.fr\/index.php?rest_route=%2Fwp%2Fv2%2Fproduct_tag&post=4335"}],"curies":[{"name":"wp","href":"https:\/\/api.w.org\/{rel}","templated":true}]}}

Partie de service à café en porcelaine fine

<p><span style="font-weight: 400;">Partie de service à café en porcelaine fine, MZ austria (Autriche), fin 19ème. </span></p>
<ul>
<li><span style="font-weight: 400;">1 cafetière </span></li>
<li><span style="font-weight: 400;">1 sucriers </span></li>
<li><span style="font-weight: 400;">7 tasses </span></li>
<li><span style="font-weight: 400;">7 sous tasses</span></li>
</ul>
<blockquote><p><span style="font-weight: 400;">Cafetière Longueur 21 cm, largeur 11 cm,  Hauteur 22,5 cm</span></p>
<p><i><span style="font-weight: 400;">Dimensions ( longueur x Largeur x Hauteur) et poids (Kg) : </span></i><b><i>voir informations complémentaires.</i></b></p></blockquote>

<p>Partie de service à café en porcelaine fine, MZ austria (Autriche), fin 19ème.  1 cafetière  1 sucriers  7 tasses  7&#8230;</p>
