{"id":4297,"date":"2024-05-05T12:46:47","date_gmt":"2024-05-05T10:46:47","guid":{"rendered":"https:\/\/lespucesdestju.fr\/?post_type=product&#038;p=4297"},"modified":"2024-07-18T13:34:05","modified_gmt":"2024-07-18T11:34:05","slug":"partie-de-service-gien-dinspiration-japonaise","status":"publish","type":"product","link":"https:\/\/lespucesdestju.fr\/?product=partie-de-service-gien-dinspiration-japonaise","title":{"rendered":"Partie de service Gien d\u2019inspiration japonaise"},"content":{"rendered":"<p><span style=\"font-weight: 400;\">Partie de service Gien, d\u00e9but 20 XX, mod\u00e8le produit de fin 19eme jusqu\u2019aux ann\u00e9es 1930.<\/span><\/p>\n<p><span style=\"font-weight: 400;\">Tr\u00e8s beau et rare mod\u00e8le d\u2019inspiration japonaise et distribu\u00e9 en pleine \u00e9poque art nouveau.\u00a0<\/span><\/p>\n<ul>\n<li><span style=\"font-weight: 400;\">15 Grande assiette\u00a0<\/span><\/li>\n<li><span style=\"font-weight: 400;\">4 assiettes creuses\u00a0<\/span><\/li>\n<li><span style=\"font-weight: 400;\">7 assiettes \u00e0 dessert\u00a0<\/span><\/li>\n<li><span style=\"font-weight: 400;\">1 plat rond sur pi\u00e9douche\u00a0<\/span><\/li>\n<li><span style=\"font-weight: 400;\">1 coupe sur pi\u00e9douche\u00a0<\/span><\/li>\n<li><span style=\"font-weight: 400;\">1 ramequin\u00a0<\/span><\/li>\n<\/ul>\n<blockquote><p><span style=\"font-weight: 400;\">Grande assiettes : 25cm x 25cm<\/span><\/p>\n<p><i><span style=\"font-weight: 400;\">Dimensions ( longueur x Largeur x Hauteur) et poids (Kg) : <\/span><\/i><b><i>voir informations compl\u00e9mentaires.<\/i><\/b><\/p>\n<p><b><i>ENVOI EN PLUSIEURS COLIS<\/i><\/b><\/p><\/blockquote>\n<p>&nbsp;<\/p>\n","protected":false},"excerpt":{"rendered":"<p>Partie de service Gien, d\u00e9but 20 XX, mod\u00e8le produit de fin 19eme jusqu\u2019aux ann\u00e9es 1930. Tr\u00e8s beau et rare mod\u00e8le&#8230;<\/p>\n","protected":false},"featured_media":4298,"comment_status":"open","ping_status":"closed","template":"","meta":[],"product_brand":[],"product_cat":[15,295],"product_tag":[66,117,140,139,92],"class_list":{"0":"post-4297","1":"product","2":"type-product","3":"status-publish","4":"has-post-thumbnail","6":"product_cat-art-de-la-table","7":"product_cat-services","8":"product_tag-art-de-la-table","9":"product_tag-assiette","10":"product_tag-plat","11":"product_tag-porcelaine","12":"product_tag-service","14":"first","15":"instock","16":"shipping-taxable","17":"purchasable","18":"product-type-simple"},"aioseo_notices":[],"jetpack_sharing_enabled":true,"_links":{"self":[{"href":"https:\/\/lespucesdestju.fr\/index.php?rest_route=\/wp\/v2\/product\/4297","targetHints":{"allow":["GET"]}}],"collection":[{"href":"https:\/\/lespucesdestju.fr\/index.php?rest_route=\/wp\/v2\/product"}],"about":[{"href":"https:\/\/lespucesdestju.fr\/index.php?rest_route=\/wp\/v2\/types\/product"}],"replies":[{"embeddable":true,"href":"https:\/\/lespucesdestju.fr\/index.php?rest_route=%2Fwp%2Fv2%2Fcomments&post=4297"}],"wp:featuredmedia":[{"embeddable":true,"href":"https:\/\/lespucesdestju.fr\/index.php?rest_route=\/wp\/v2\/media\/4298"}],"wp:attachment":[{"href":"https:\/\/lespucesdestju.fr\/index.php?rest_route=%2Fwp%2Fv2%2Fmedia&parent=4297"}],"wp:term":[{"taxonomy":"product_brand","embeddable":true,"href":"https:\/\/lespucesdestju.fr\/index.php?rest_route=%2Fwp%2Fv2%2Fproduct_brand&post=4297"},{"taxonomy":"product_cat","embeddable":true,"href":"https:\/\/lespucesdestju.fr\/index.php?rest_route=%2Fwp%2Fv2%2Fproduct_cat&post=4297"},{"taxonomy":"product_tag","embeddable":true,"href":"https:\/\/lespucesdestju.fr\/index.php?rest_route=%2Fwp%2Fv2%2Fproduct_tag&post=4297"}],"curies":[{"name":"wp","href":"https:\/\/api.w.org\/{rel}","templated":true}]}}

<p><span style="font-weight: 400;">Partie de service Gien, début 20 XX, modèle produit de fin 19eme jusqu’aux années 1930.</span></p>
<p><span style="font-weight: 400;">Très beau et rare modèle d’inspiration japonaise et distribué en pleine époque art nouveau. </span></p>
<ul>
<li><span style="font-weight: 400;">15 Grande assiette </span></li>
<li><span style="font-weight: 400;">4 assiettes creuses </span></li>
<li><span style="font-weight: 400;">7 assiettes à dessert </span></li>
<li><span style="font-weight: 400;">1 plat rond sur piédouche </span></li>
<li><span style="font-weight: 400;">1 coupe sur piédouche </span></li>
<li><span style="font-weight: 400;">1 ramequin </span></li>
</ul>
<blockquote><p><span style="font-weight: 400;">Grande assiettes : 25cm x 25cm</span></p>
<p><i><span style="font-weight: 400;">Dimensions ( longueur x Largeur x Hauteur) et poids (Kg) : </span></i><b><i>voir informations complémentaires.</i></b></p>
<p><b><i>ENVOI EN PLUSIEURS COLIS</i></b></p></blockquote>
<p>&nbsp;</p>

<p>Partie de service Gien, début 20 XX, modèle produit de fin 19eme jusqu’aux années 1930. Très beau et rare modèle&#8230;</p>
