{"id":4067,"date":"2024-04-24T15:39:41","date_gmt":"2024-04-24T13:39:41","guid":{"rendered":"https:\/\/lespucesdestju.fr\/?post_type=product&#038;p=4067"},"modified":"2024-07-18T14:22:26","modified_gmt":"2024-07-18T12:22:26","slug":"denbac-plateau-vide-poche","status":"publish","type":"product","link":"https:\/\/lespucesdestju.fr\/?product=denbac-plateau-vide-poche","title":{"rendered":"Denbac, Plateau \/ vide poche"},"content":{"rendered":"<p><span style=\"font-weight: 400;\">Petit plateau \/ vide poche en gr\u00e8s, couverture \u00e9maill\u00e9e en 2 tons de brun et beige, sign\u00e9 denbac.<\/span><\/p>\n<p><span style=\"font-weight: 400;\">Bon \u00e9tat.<\/span><\/p>\n<blockquote><p><i><span style=\"font-weight: 400;\">Dimensions ( longueur x Largeur x Hauteur) et poids (Kg) : <\/span><\/i><b><i>voir informations compl\u00e9mentaires.<\/i><\/b><\/p><\/blockquote>\n","protected":false},"excerpt":{"rendered":"<p>Petit plateau \/ vide poche en gr\u00e8s, couverture \u00e9maill\u00e9e en 2 tons de brun et beige, sign\u00e9 denbac. Bon \u00e9tat&#8230;.<\/p>\n","protected":false},"featured_media":4071,"comment_status":"open","ping_status":"closed","template":"","meta":[],"product_brand":[],"product_cat":[293,37],"product_tag":[61,60,250,136,133,251,195],"class_list":{"0":"post-4067","1":"product","2":"type-product","3":"status-publish","4":"has-post-thumbnail","6":"product_cat-coupes-plats-et-vide-poche","7":"product_cat-decoration","8":"product_tag-ceramique","9":"product_tag-decoration","10":"product_tag-denbac","11":"product_tag-email","12":"product_tag-gres","13":"product_tag-plateaux","14":"product_tag-vide-poche","16":"first","17":"instock","18":"shipping-taxable","19":"purchasable","20":"product-type-simple"},"aioseo_notices":[],"jetpack_sharing_enabled":true,"_links":{"self":[{"href":"https:\/\/lespucesdestju.fr\/index.php?rest_route=\/wp\/v2\/product\/4067","targetHints":{"allow":["GET"]}}],"collection":[{"href":"https:\/\/lespucesdestju.fr\/index.php?rest_route=\/wp\/v2\/product"}],"about":[{"href":"https:\/\/lespucesdestju.fr\/index.php?rest_route=\/wp\/v2\/types\/product"}],"replies":[{"embeddable":true,"href":"https:\/\/lespucesdestju.fr\/index.php?rest_route=%2Fwp%2Fv2%2Fcomments&post=4067"}],"wp:featuredmedia":[{"embeddable":true,"href":"https:\/\/lespucesdestju.fr\/index.php?rest_route=\/wp\/v2\/media\/4071"}],"wp:attachment":[{"href":"https:\/\/lespucesdestju.fr\/index.php?rest_route=%2Fwp%2Fv2%2Fmedia&parent=4067"}],"wp:term":[{"taxonomy":"product_brand","embeddable":true,"href":"https:\/\/lespucesdestju.fr\/index.php?rest_route=%2Fwp%2Fv2%2Fproduct_brand&post=4067"},{"taxonomy":"product_cat","embeddable":true,"href":"https:\/\/lespucesdestju.fr\/index.php?rest_route=%2Fwp%2Fv2%2Fproduct_cat&post=4067"},{"taxonomy":"product_tag","embeddable":true,"href":"https:\/\/lespucesdestju.fr\/index.php?rest_route=%2Fwp%2Fv2%2Fproduct_tag&post=4067"}],"curies":[{"name":"wp","href":"https:\/\/api.w.org\/{rel}","templated":true}]}}

<p><span style="font-weight: 400;">Petit plateau / vide poche en grès, couverture émaillée en 2 tons de brun et beige, signé denbac.</span></p>
<p><span style="font-weight: 400;">Bon état.</span></p>
<blockquote><p><i><span style="font-weight: 400;">Dimensions ( longueur x Largeur x Hauteur) et poids (Kg) : </span></i><b><i>voir informations complémentaires.</i></b></p></blockquote>

<p>Petit plateau / vide poche en grès, couverture émaillée en 2 tons de brun et beige, signé denbac. Bon état&#8230;.</p>
