{"id":4042,"date":"2024-04-24T15:17:53","date_gmt":"2024-04-24T13:17:53","guid":{"rendered":"https:\/\/lespucesdestju.fr\/?post_type=product&#038;p=4042"},"modified":"2024-07-18T12:18:38","modified_gmt":"2024-07-18T10:18:38","slug":"denbac-necessaire-de-fumeur","status":"publish","type":"product","link":"https:\/\/lespucesdestju.fr\/?product=denbac-necessaire-de-fumeur","title":{"rendered":"Denbac, \u201cn\u00e9cessaire de fumeur\u201d"},"content":{"rendered":"<p><span style=\"font-weight: 400;\">Denbac, \u201cn\u00e9cessaire de fumeur\u201d en gr\u00e8s, couverture \u00e9maill\u00e9e en 2 tons de beige et gris\/dor\u00e9, 4 pots dont 1 couvert avec son petit cendrier.\u00a0<\/span><\/p>\n<p><span style=\"font-weight: 400;\">Petit Plateau \/ vide poche en gr\u00e8s \u00e9maill\u00e9, sign\u00e9<\/span><\/p>\n<p>Bon \u00e9tat<\/p>\n<blockquote><p><i><span style=\"font-weight: 400;\">Dimensions ( longueur x Largeur x Hauteur) et poids (Kg) pour le plateau :<\/span><\/i><b><i> voir informations compl\u00e9mentaires.<\/i><\/b><\/p><\/blockquote>\n","protected":false},"excerpt":{"rendered":"<p>Denbac, \u201cn\u00e9cessaire de fumeur\u201d en gr\u00e8s, couverture \u00e9maill\u00e9e en 2 tons de beige et gris\/dor\u00e9, 4 pots dont 1 couvert&#8230;<\/p>\n","protected":false},"featured_media":4047,"comment_status":"open","ping_status":"closed","template":"","meta":[],"product_brand":[],"product_cat":[37,292],"product_tag":[61,60,250,136,133],"class_list":{"0":"post-4042","1":"product","2":"type-product","3":"status-publish","4":"has-post-thumbnail","6":"product_cat-decoration","7":"product_cat-vases-pots-et-contenants","8":"product_tag-ceramique","9":"product_tag-decoration","10":"product_tag-denbac","11":"product_tag-email","12":"product_tag-gres","14":"first","15":"instock","16":"shipping-taxable","17":"purchasable","18":"product-type-simple"},"aioseo_notices":[],"jetpack_sharing_enabled":true,"_links":{"self":[{"href":"https:\/\/lespucesdestju.fr\/index.php?rest_route=\/wp\/v2\/product\/4042","targetHints":{"allow":["GET"]}}],"collection":[{"href":"https:\/\/lespucesdestju.fr\/index.php?rest_route=\/wp\/v2\/product"}],"about":[{"href":"https:\/\/lespucesdestju.fr\/index.php?rest_route=\/wp\/v2\/types\/product"}],"replies":[{"embeddable":true,"href":"https:\/\/lespucesdestju.fr\/index.php?rest_route=%2Fwp%2Fv2%2Fcomments&post=4042"}],"wp:featuredmedia":[{"embeddable":true,"href":"https:\/\/lespucesdestju.fr\/index.php?rest_route=\/wp\/v2\/media\/4047"}],"wp:attachment":[{"href":"https:\/\/lespucesdestju.fr\/index.php?rest_route=%2Fwp%2Fv2%2Fmedia&parent=4042"}],"wp:term":[{"taxonomy":"product_brand","embeddable":true,"href":"https:\/\/lespucesdestju.fr\/index.php?rest_route=%2Fwp%2Fv2%2Fproduct_brand&post=4042"},{"taxonomy":"product_cat","embeddable":true,"href":"https:\/\/lespucesdestju.fr\/index.php?rest_route=%2Fwp%2Fv2%2Fproduct_cat&post=4042"},{"taxonomy":"product_tag","embeddable":true,"href":"https:\/\/lespucesdestju.fr\/index.php?rest_route=%2Fwp%2Fv2%2Fproduct_tag&post=4042"}],"curies":[{"name":"wp","href":"https:\/\/api.w.org\/{rel}","templated":true}]}}