{"id":4035,"date":"2024-04-24T15:05:34","date_gmt":"2024-04-24T13:05:34","guid":{"rendered":"https:\/\/lespucesdestju.fr\/?post_type=product&#038;p=4035"},"modified":"2024-07-18T12:18:44","modified_gmt":"2024-07-18T10:18:44","slug":"denbac-necessaire-de-fumeur-en-gres","status":"publish","type":"product","link":"https:\/\/lespucesdestju.fr\/?product=denbac-necessaire-de-fumeur-en-gres","title":{"rendered":"Denbac, \u201cn\u00e9cessaire de fumeur en gr\u00e8s\u00a0\u00bb"},"content":{"rendered":"<p><span style=\"font-weight: 400;\">Denbac, \u201cn\u00e9cessaire de fumeur en gr\u00e8s\u00a0\u00bb, couverture \u00e9maill\u00e9e en 2 tons de beige et brun, 4 pots dont 1 couvert avec son petit cendrier.<\/span><\/p>\n<p><span style=\"font-weight: 400;\"> Pi\u00e8tement original quadripode<\/span><\/p>\n<p><span style=\"font-weight: 400;\">Petit Plateau \/ vide poche en gr\u00e8s \u00e9maill\u00e9, sign\u00e9.\u00a0<\/span><\/p>\n<p><span style=\"font-weight: 400;\">Vers 1920, tr\u00e8s bon \u00e9tat.\u00a0<\/span><\/p>\n<p>&nbsp;<\/p>\n<blockquote><p><i><span style=\"font-weight: 400;\">Dimensions ( longueur x Largeur x Hauteur) et poids (Kg) pour le plateau : <\/span><\/i><b><i>voir informations compl\u00e9mentaires.<\/i><\/b><\/p><\/blockquote>\n","protected":false},"excerpt":{"rendered":"<p>Denbac, \u201cn\u00e9cessaire de fumeur en gr\u00e8s\u00a0\u00bb, couverture \u00e9maill\u00e9e en 2 tons de beige et brun, 4 pots dont 1 couvert&#8230;<\/p>\n","protected":false},"featured_media":4039,"comment_status":"open","ping_status":"closed","template":"","meta":[],"product_brand":[],"product_cat":[37,292],"product_tag":[61,60,250,136,133],"class_list":{"0":"post-4035","1":"product","2":"type-product","3":"status-publish","4":"has-post-thumbnail","6":"product_cat-decoration","7":"product_cat-vases-pots-et-contenants","8":"product_tag-ceramique","9":"product_tag-decoration","10":"product_tag-denbac","11":"product_tag-email","12":"product_tag-gres","14":"first","15":"instock","16":"shipping-taxable","17":"purchasable","18":"product-type-simple"},"aioseo_notices":[],"jetpack_sharing_enabled":true,"_links":{"self":[{"href":"https:\/\/lespucesdestju.fr\/index.php?rest_route=\/wp\/v2\/product\/4035","targetHints":{"allow":["GET"]}}],"collection":[{"href":"https:\/\/lespucesdestju.fr\/index.php?rest_route=\/wp\/v2\/product"}],"about":[{"href":"https:\/\/lespucesdestju.fr\/index.php?rest_route=\/wp\/v2\/types\/product"}],"replies":[{"embeddable":true,"href":"https:\/\/lespucesdestju.fr\/index.php?rest_route=%2Fwp%2Fv2%2Fcomments&post=4035"}],"wp:featuredmedia":[{"embeddable":true,"href":"https:\/\/lespucesdestju.fr\/index.php?rest_route=\/wp\/v2\/media\/4039"}],"wp:attachment":[{"href":"https:\/\/lespucesdestju.fr\/index.php?rest_route=%2Fwp%2Fv2%2Fmedia&parent=4035"}],"wp:term":[{"taxonomy":"product_brand","embeddable":true,"href":"https:\/\/lespucesdestju.fr\/index.php?rest_route=%2Fwp%2Fv2%2Fproduct_brand&post=4035"},{"taxonomy":"product_cat","embeddable":true,"href":"https:\/\/lespucesdestju.fr\/index.php?rest_route=%2Fwp%2Fv2%2Fproduct_cat&post=4035"},{"taxonomy":"product_tag","embeddable":true,"href":"https:\/\/lespucesdestju.fr\/index.php?rest_route=%2Fwp%2Fv2%2Fproduct_tag&post=4035"}],"curies":[{"name":"wp","href":"https:\/\/api.w.org\/{rel}","templated":true}]}}

Denbac, “nécessaire de fumeur en grès »

<p><span style="font-weight: 400;">Denbac, “nécessaire de fumeur en grès », couverture émaillée en 2 tons de beige et brun, 4 pots dont 1 couvert avec son petit cendrier.</span></p>
<p><span style="font-weight: 400;"> Piètement original quadripode</span></p>
<p><span style="font-weight: 400;">Petit Plateau / vide poche en grès émaillé, signé. </span></p>
<p><span style="font-weight: 400;">Vers 1920, très bon état. </span></p>
<p>&nbsp;</p>
<blockquote><p><i><span style="font-weight: 400;">Dimensions ( longueur x Largeur x Hauteur) et poids (Kg) pour le plateau : </span></i><b><i>voir informations complémentaires.</i></b></p></blockquote>

<p>Denbac, “nécessaire de fumeur en grès », couverture émaillée en 2 tons de beige et brun, 4 pots dont 1 couvert&#8230;</p>
