{"id":3960,"date":"2024-03-05T11:56:11","date_gmt":"2024-03-05T10:56:11","guid":{"rendered":"https:\/\/lespucesdestju.fr\/?post_type=product&#038;p=3960"},"modified":"2024-07-18T13:50:57","modified_gmt":"2024-07-18T11:50:57","slug":"portrait-en-buste-par-raymond-feuillatte","status":"publish","type":"product","link":"https:\/\/lespucesdestju.fr\/?product=portrait-en-buste-par-raymond-feuillatte","title":{"rendered":"Portrait en buste par Raymond FEUILLATTE"},"content":{"rendered":"<p><span style=\"font-weight: 400;\">Portrait en buste par Raymond FEUILLATTE, Neuilly-sur-Seine 1901-1971.<\/span><\/p>\n<p><span style=\"font-weight: 400;\">Huile sur toile\u00a0 maroufl\u00e9e sur panneau bois et sign\u00e9e en bas \u00e0 gauche. Vers 1943.<\/span><\/p>\n<blockquote><p>Tableau : 24,5 cm x 32,5 cm<\/p><\/blockquote>\n","protected":false},"excerpt":{"rendered":"<p>Portrait en buste par Raymond FEUILLATTE, Neuilly-sur-Seine 1901-1971. Huile sur toile\u00a0 maroufl\u00e9e sur panneau bois et sign\u00e9e en bas \u00e0&#8230;<\/p>\n","protected":false},"featured_media":3961,"comment_status":"open","ping_status":"closed","template":"","meta":[],"product_brand":[],"product_cat":[50,306],"product_tag":[56,97,245,247],"class_list":{"0":"post-3960","1":"product","2":"type-product","3":"status-publish","4":"has-post-thumbnail","6":"product_cat-art","7":"product_cat-tableaux-et-peintures","8":"product_tag-art","9":"product_tag-huile-sur-toile","10":"product_tag-portrait","11":"product_tag-raymond-feuillatte","13":"first","14":"instock","15":"shipping-taxable","16":"purchasable","17":"product-type-simple"},"aioseo_notices":[],"jetpack_sharing_enabled":true,"_links":{"self":[{"href":"https:\/\/lespucesdestju.fr\/index.php?rest_route=\/wp\/v2\/product\/3960","targetHints":{"allow":["GET"]}}],"collection":[{"href":"https:\/\/lespucesdestju.fr\/index.php?rest_route=\/wp\/v2\/product"}],"about":[{"href":"https:\/\/lespucesdestju.fr\/index.php?rest_route=\/wp\/v2\/types\/product"}],"replies":[{"embeddable":true,"href":"https:\/\/lespucesdestju.fr\/index.php?rest_route=%2Fwp%2Fv2%2Fcomments&post=3960"}],"wp:featuredmedia":[{"embeddable":true,"href":"https:\/\/lespucesdestju.fr\/index.php?rest_route=\/wp\/v2\/media\/3961"}],"wp:attachment":[{"href":"https:\/\/lespucesdestju.fr\/index.php?rest_route=%2Fwp%2Fv2%2Fmedia&parent=3960"}],"wp:term":[{"taxonomy":"product_brand","embeddable":true,"href":"https:\/\/lespucesdestju.fr\/index.php?rest_route=%2Fwp%2Fv2%2Fproduct_brand&post=3960"},{"taxonomy":"product_cat","embeddable":true,"href":"https:\/\/lespucesdestju.fr\/index.php?rest_route=%2Fwp%2Fv2%2Fproduct_cat&post=3960"},{"taxonomy":"product_tag","embeddable":true,"href":"https:\/\/lespucesdestju.fr\/index.php?rest_route=%2Fwp%2Fv2%2Fproduct_tag&post=3960"}],"curies":[{"name":"wp","href":"https:\/\/api.w.org\/{rel}","templated":true}]}}

<p><span style="font-weight: 400;">Portrait en buste par Raymond FEUILLATTE, Neuilly-sur-Seine 1901-1971.</span></p>
<p><span style="font-weight: 400;">Huile sur toile  marouflée sur panneau bois et signée en bas à gauche. Vers 1943.</span></p>
<blockquote><p>Tableau : 24,5 cm x 32,5 cm</p></blockquote>

<p>Portrait en buste par Raymond FEUILLATTE, Neuilly-sur-Seine 1901-1971. Huile sur toile  marouflée sur panneau bois et signée en bas à&#8230;</p>
