{"id":3936,"date":"2024-03-05T11:37:51","date_gmt":"2024-03-05T10:37:51","guid":{"rendered":"https:\/\/lespucesdestju.fr\/?post_type=product&#038;p=3936"},"modified":"2024-07-18T13:52:20","modified_gmt":"2024-07-18T11:52:20","slug":"portrait-en-buste-de-jeune-femme","status":"publish","type":"product","link":"https:\/\/lespucesdestju.fr\/?product=portrait-en-buste-de-jeune-femme","title":{"rendered":"Portrait en buste de jeune femme"},"content":{"rendered":"<p><span style=\"font-weight: 400;\">JACOB MARKIEL ( Pologne 1911-2006) Portrait en buste de jeune femme aux yeux bleus. Vers\u00a0 1970. Huile sur toile, maroufl\u00e9e sur panneau, sign\u00e9e en bas \u00e0 droite. A signaler des petits manques \u00e0 la couche picturale.<\/span><\/p>\n<blockquote><p>Toile : 46 cm x 55,5 cm<\/p><\/blockquote>\n","protected":false},"excerpt":{"rendered":"<p>JACOB MARKIEL ( Pologne 1911-2006) Portrait en buste de jeune femme aux yeux bleus. Vers\u00a0 1970. Huile sur toile, maroufl\u00e9e&#8230;<\/p>\n","protected":false},"featured_media":3937,"comment_status":"open","ping_status":"closed","template":"","meta":[],"product_brand":[],"product_cat":[50,306],"product_tag":[56,97,245,101],"class_list":{"0":"post-3936","1":"product","2":"type-product","3":"status-publish","4":"has-post-thumbnail","6":"product_cat-art","7":"product_cat-tableaux-et-peintures","8":"product_tag-art","9":"product_tag-huile-sur-toile","10":"product_tag-portrait","11":"product_tag-tableau","13":"first","14":"instock","15":"shipping-taxable","16":"purchasable","17":"product-type-simple"},"aioseo_notices":[],"jetpack_sharing_enabled":true,"_links":{"self":[{"href":"https:\/\/lespucesdestju.fr\/index.php?rest_route=\/wp\/v2\/product\/3936","targetHints":{"allow":["GET"]}}],"collection":[{"href":"https:\/\/lespucesdestju.fr\/index.php?rest_route=\/wp\/v2\/product"}],"about":[{"href":"https:\/\/lespucesdestju.fr\/index.php?rest_route=\/wp\/v2\/types\/product"}],"replies":[{"embeddable":true,"href":"https:\/\/lespucesdestju.fr\/index.php?rest_route=%2Fwp%2Fv2%2Fcomments&post=3936"}],"wp:featuredmedia":[{"embeddable":true,"href":"https:\/\/lespucesdestju.fr\/index.php?rest_route=\/wp\/v2\/media\/3937"}],"wp:attachment":[{"href":"https:\/\/lespucesdestju.fr\/index.php?rest_route=%2Fwp%2Fv2%2Fmedia&parent=3936"}],"wp:term":[{"taxonomy":"product_brand","embeddable":true,"href":"https:\/\/lespucesdestju.fr\/index.php?rest_route=%2Fwp%2Fv2%2Fproduct_brand&post=3936"},{"taxonomy":"product_cat","embeddable":true,"href":"https:\/\/lespucesdestju.fr\/index.php?rest_route=%2Fwp%2Fv2%2Fproduct_cat&post=3936"},{"taxonomy":"product_tag","embeddable":true,"href":"https:\/\/lespucesdestju.fr\/index.php?rest_route=%2Fwp%2Fv2%2Fproduct_tag&post=3936"}],"curies":[{"name":"wp","href":"https:\/\/api.w.org\/{rel}","templated":true}]}}

<p><span style="font-weight: 400;">JACOB MARKIEL ( Pologne 1911-2006) Portrait en buste de jeune femme aux yeux bleus. Vers  1970. Huile sur toile, marouflée sur panneau, signée en bas à droite. A signaler des petits manques à la couche picturale.</span></p>
<blockquote><p>Toile : 46 cm x 55,5 cm</p></blockquote>

<p>JACOB MARKIEL ( Pologne 1911-2006) Portrait en buste de jeune femme aux yeux bleus. Vers  1970. Huile sur toile, marouflée&#8230;</p>
