{"id":3827,"date":"2024-02-08T17:36:53","date_gmt":"2024-02-08T16:36:53","guid":{"rendered":"https:\/\/lespucesdestju.fr\/?post_type=product&#038;p=3827"},"modified":"2024-07-18T12:19:02","modified_gmt":"2024-07-18T10:19:02","slug":"anciens-flacons-de-pharmacie-en-verre","status":"publish","type":"product","link":"https:\/\/lespucesdestju.fr\/?product=anciens-flacons-de-pharmacie-en-verre","title":{"rendered":"Anciens flacons de pharmacie en verre"},"content":{"rendered":"<p>Anciens flacons de pharmacie en verre.<\/p>\n<p>Etiquettes peintes \u00e0 la main et \u00e9maill\u00e9es, couvre bouchon en \u00e9tain.<\/p>\n<p>Etats d&rsquo;usage avec alt\u00e9rations du verre d\u00fb au contenue de certain flacon.<\/p>\n<blockquote><p><b><i>Vendu \u00e0 l\u2019unit\u00e9.<\/i><\/b><\/p>\n<p><i><span style=\"font-weight: 400;\">Dimensions ( longueur x Largeur x Hauteur) et poids (Kg) pour un objets : <\/span><\/i><b><i>voir informations compl\u00e9mentaires.<\/i><\/b><\/p><\/blockquote>\n","protected":false},"excerpt":{"rendered":"<p>Anciens flacons de pharmacie en verre. Etiquettes peintes \u00e0 la main et \u00e9maill\u00e9es, couvre bouchon en \u00e9tain. Etats d&rsquo;usage avec&#8230;<\/p>\n","protected":false},"featured_media":3837,"comment_status":"open","ping_status":"closed","template":"","meta":[],"product_brand":[],"product_cat":[48,37],"product_tag":[72,60,166,241,75],"class_list":{"0":"post-3827","1":"product","2":"type-product","3":"status-publish","4":"has-post-thumbnail","6":"product_cat-curiosite","7":"product_cat-decoration","8":"product_tag-ancien","9":"product_tag-decoration","10":"product_tag-flacon","11":"product_tag-pharmacie","12":"product_tag-verre","14":"first","15":"instock","16":"shipping-taxable","17":"purchasable","18":"product-type-variable"},"aioseo_notices":[],"jetpack_sharing_enabled":true,"_links":{"self":[{"href":"https:\/\/lespucesdestju.fr\/index.php?rest_route=\/wp\/v2\/product\/3827","targetHints":{"allow":["GET"]}}],"collection":[{"href":"https:\/\/lespucesdestju.fr\/index.php?rest_route=\/wp\/v2\/product"}],"about":[{"href":"https:\/\/lespucesdestju.fr\/index.php?rest_route=\/wp\/v2\/types\/product"}],"replies":[{"embeddable":true,"href":"https:\/\/lespucesdestju.fr\/index.php?rest_route=%2Fwp%2Fv2%2Fcomments&post=3827"}],"wp:featuredmedia":[{"embeddable":true,"href":"https:\/\/lespucesdestju.fr\/index.php?rest_route=\/wp\/v2\/media\/3837"}],"wp:attachment":[{"href":"https:\/\/lespucesdestju.fr\/index.php?rest_route=%2Fwp%2Fv2%2Fmedia&parent=3827"}],"wp:term":[{"taxonomy":"product_brand","embeddable":true,"href":"https:\/\/lespucesdestju.fr\/index.php?rest_route=%2Fwp%2Fv2%2Fproduct_brand&post=3827"},{"taxonomy":"product_cat","embeddable":true,"href":"https:\/\/lespucesdestju.fr\/index.php?rest_route=%2Fwp%2Fv2%2Fproduct_cat&post=3827"},{"taxonomy":"product_tag","embeddable":true,"href":"https:\/\/lespucesdestju.fr\/index.php?rest_route=%2Fwp%2Fv2%2Fproduct_tag&post=3827"}],"curies":[{"name":"wp","href":"https:\/\/api.w.org\/{rel}","templated":true}]}}

<p>Anciens flacons de pharmacie en verre.</p>
<p>Etiquettes peintes à la main et émaillées, couvre bouchon en étain.</p>
<p>Etats d&rsquo;usage avec altérations du verre dû au contenue de certain flacon.</p>
<blockquote><p><b><i>Vendu à l’unité.</i></b></p>
<p><i><span style="font-weight: 400;">Dimensions ( longueur x Largeur x Hauteur) et poids (Kg) pour un objets : </span></i><b><i>voir informations complémentaires.</i></b></p></blockquote>

<p>Anciens flacons de pharmacie en verre. Etiquettes peintes à la main et émaillées, couvre bouchon en étain. Etats d&rsquo;usage avec&#8230;</p>
