{"id":3807,"date":"2024-02-03T18:39:23","date_gmt":"2024-02-03T17:39:23","guid":{"rendered":"https:\/\/lespucesdestju.fr\/?post_type=product&#038;p=3807"},"modified":"2025-02-19T16:10:54","modified_gmt":"2025-02-19T15:10:54","slug":"cache-pot-en-cuivre","status":"publish","type":"product","link":"https:\/\/lespucesdestju.fr\/?product=cache-pot-en-cuivre","title":{"rendered":"Cache pot en cuivre"},"content":{"rendered":"<p><span style=\"font-weight: 400;\">Rare cache pot en cuivre jaune Fin XIX\u00e8me\/d\u00e9but XX\u00e8me. Son design, avec ses anses en ogive et ses \u00e9videments g\u00e9om\u00e9triques, ne sont pas sans rappeler le style \u201cJugendstil\u201d de la p\u00e9riode s\u00e9cession viennoise. Etat d\u2019usage, quelques impacts et une d\u00e9formation au niveau de la base.<\/span><\/p>\n<blockquote><p><i><span style=\"font-weight: 400;\">Dimensions ( longueur x Largeur x Hauteur) et poids (Kg) : <\/span><\/i><b><i>voir informations compl\u00e9mentaires.<\/i><\/b><\/p><\/blockquote>\n","protected":false},"excerpt":{"rendered":"<p>Rare cache pot en cuivre jaune Fin XIX\u00e8me\/d\u00e9but XX\u00e8me. Son design, avec ses anses en ogive et ses \u00e9videments g\u00e9om\u00e9triques,&#8230;<\/p>\n","protected":false},"featured_media":3808,"comment_status":"open","ping_status":"closed","template":"","meta":[],"product_brand":[],"product_cat":[37,292],"product_tag":[239,134,60,238],"class_list":{"0":"post-3807","1":"product","2":"type-product","3":"status-publish","4":"has-post-thumbnail","6":"product_cat-decoration","7":"product_cat-vases-pots-et-contenants","8":"product_tag-cache-pot","9":"product_tag-cuivre","10":"product_tag-decoration","11":"product_tag-pot-en-cuivre","13":"first","14":"instock","15":"shipping-taxable","16":"product-type-simple"},"aioseo_notices":[],"jetpack_sharing_enabled":true,"_links":{"self":[{"href":"https:\/\/lespucesdestju.fr\/index.php?rest_route=\/wp\/v2\/product\/3807","targetHints":{"allow":["GET"]}}],"collection":[{"href":"https:\/\/lespucesdestju.fr\/index.php?rest_route=\/wp\/v2\/product"}],"about":[{"href":"https:\/\/lespucesdestju.fr\/index.php?rest_route=\/wp\/v2\/types\/product"}],"replies":[{"embeddable":true,"href":"https:\/\/lespucesdestju.fr\/index.php?rest_route=%2Fwp%2Fv2%2Fcomments&post=3807"}],"wp:featuredmedia":[{"embeddable":true,"href":"https:\/\/lespucesdestju.fr\/index.php?rest_route=\/wp\/v2\/media\/3808"}],"wp:attachment":[{"href":"https:\/\/lespucesdestju.fr\/index.php?rest_route=%2Fwp%2Fv2%2Fmedia&parent=3807"}],"wp:term":[{"taxonomy":"product_brand","embeddable":true,"href":"https:\/\/lespucesdestju.fr\/index.php?rest_route=%2Fwp%2Fv2%2Fproduct_brand&post=3807"},{"taxonomy":"product_cat","embeddable":true,"href":"https:\/\/lespucesdestju.fr\/index.php?rest_route=%2Fwp%2Fv2%2Fproduct_cat&post=3807"},{"taxonomy":"product_tag","embeddable":true,"href":"https:\/\/lespucesdestju.fr\/index.php?rest_route=%2Fwp%2Fv2%2Fproduct_tag&post=3807"}],"curies":[{"name":"wp","href":"https:\/\/api.w.org\/{rel}","templated":true}]}}

<p><span style="font-weight: 400;">Rare cache pot en cuivre jaune Fin XIXème/début XXème. Son design, avec ses anses en ogive et ses évidements géométriques, ne sont pas sans rappeler le style “Jugendstil” de la période sécession viennoise. Etat d’usage, quelques impacts et une déformation au niveau de la base.</span></p>
<blockquote><p><i><span style="font-weight: 400;">Dimensions ( longueur x Largeur x Hauteur) et poids (Kg) : </span></i><b><i>voir informations complémentaires.</i></b></p></blockquote>

<p>Rare cache pot en cuivre jaune Fin XIXème/début XXème. Son design, avec ses anses en ogive et ses évidements géométriques,&#8230;</p>
