{"id":3768,"date":"2024-02-03T17:56:16","date_gmt":"2024-02-03T16:56:16","guid":{"rendered":"https:\/\/lespucesdestju.fr\/?post_type=product&#038;p=3768"},"modified":"2025-08-01T17:55:26","modified_gmt":"2025-08-01T15:55:26","slug":"paire-de-chevets","status":"publish","type":"product","link":"https:\/\/lespucesdestju.fr\/?product=paire-de-chevets","title":{"rendered":"Paire de chevets"},"content":{"rendered":"<p><span style=\"font-weight: 400;\">Paire de chevets en merisier, 3 tiroirs de style Louis XV. Teinte acajou, \u00e0 signaler une l\u00e9g\u00e8re diff\u00e9rence de teinte. Belle fabrication et bon \u00e9tat g\u00e9n\u00e9ral .Circa 1960\/70.\u00a0<\/span><\/p>\n<blockquote><p><i><span style=\"font-weight: 400;\">Dimensions ( longueur x Largeur x Hauteur) et poids (Kg) : <\/span><\/i><b><i>voir informations compl\u00e9mentaires.<\/i><\/b><\/p>\n<p><b><i>ENVOI EN PLUSIEURS COLIS<\/i><\/b><\/p><\/blockquote>\n","protected":false},"excerpt":{"rendered":"<p>Paire de chevets en merisier, 3 tiroirs de style Louis XV. Teinte acajou, \u00e0 signaler une l\u00e9g\u00e8re diff\u00e9rence de teinte&#8230;.<\/p>\n","protected":false},"featured_media":3769,"comment_status":"open","ping_status":"closed","template":"","meta":[],"product_brand":[],"product_cat":[45,304],"product_tag":[86,125,231,83],"class_list":{"0":"post-3768","1":"product","2":"type-product","3":"status-publish","4":"has-post-thumbnail","6":"product_cat-mobilier","7":"product_cat-petit-mobilier","8":"product_tag-bois","9":"product_tag-chevet","10":"product_tag-merisier","11":"product_tag-mobilier","13":"first","14":"instock","15":"shipping-taxable","16":"purchasable","17":"product-type-simple"},"aioseo_notices":[],"jetpack_sharing_enabled":true,"_links":{"self":[{"href":"https:\/\/lespucesdestju.fr\/index.php?rest_route=\/wp\/v2\/product\/3768","targetHints":{"allow":["GET"]}}],"collection":[{"href":"https:\/\/lespucesdestju.fr\/index.php?rest_route=\/wp\/v2\/product"}],"about":[{"href":"https:\/\/lespucesdestju.fr\/index.php?rest_route=\/wp\/v2\/types\/product"}],"replies":[{"embeddable":true,"href":"https:\/\/lespucesdestju.fr\/index.php?rest_route=%2Fwp%2Fv2%2Fcomments&post=3768"}],"wp:featuredmedia":[{"embeddable":true,"href":"https:\/\/lespucesdestju.fr\/index.php?rest_route=\/wp\/v2\/media\/3769"}],"wp:attachment":[{"href":"https:\/\/lespucesdestju.fr\/index.php?rest_route=%2Fwp%2Fv2%2Fmedia&parent=3768"}],"wp:term":[{"taxonomy":"product_brand","embeddable":true,"href":"https:\/\/lespucesdestju.fr\/index.php?rest_route=%2Fwp%2Fv2%2Fproduct_brand&post=3768"},{"taxonomy":"product_cat","embeddable":true,"href":"https:\/\/lespucesdestju.fr\/index.php?rest_route=%2Fwp%2Fv2%2Fproduct_cat&post=3768"},{"taxonomy":"product_tag","embeddable":true,"href":"https:\/\/lespucesdestju.fr\/index.php?rest_route=%2Fwp%2Fv2%2Fproduct_tag&post=3768"}],"curies":[{"name":"wp","href":"https:\/\/api.w.org\/{rel}","templated":true}]}}

<p><span style="font-weight: 400;">Paire de chevets en merisier, 3 tiroirs de style Louis XV. Teinte acajou, à signaler une légère différence de teinte. Belle fabrication et bon état général .Circa 1960/70. </span></p>
<blockquote><p><i><span style="font-weight: 400;">Dimensions ( longueur x Largeur x Hauteur) et poids (Kg) : </span></i><b><i>voir informations complémentaires.</i></b></p>
<p><b><i>ENVOI EN PLUSIEURS COLIS</i></b></p></blockquote>

<p>Paire de chevets en merisier, 3 tiroirs de style Louis XV. Teinte acajou, à signaler une légère différence de teinte&#8230;.</p>
