{"id":3740,"date":"2024-02-03T17:26:44","date_gmt":"2024-02-03T16:26:44","guid":{"rendered":"https:\/\/lespucesdestju.fr\/?post_type=product&#038;p=3740"},"modified":"2026-01-04T17:03:51","modified_gmt":"2026-01-04T16:03:51","slug":"service-a-liqueur","status":"publish","type":"product","link":"https:\/\/lespucesdestju.fr\/?product=service-a-liqueur","title":{"rendered":"Service \u00e0 liqueur"},"content":{"rendered":"<p><span style=\"font-weight: 400;\">Partie de service \u00e0 liqueur en verre moul\u00e9 de couleur verte, constitu\u00e9e d\u2019une petite carafe et 5 gobelets \u00e0 anses. D\u00e9but XXi\u00e8me. Etat d\u2019usage. Quelques \u00e9clats au buvant sur un gobelet.<\/span><\/p>\n<blockquote><p><i><span style=\"font-weight: 400;\">Dimensions ( longueur x Largeur x Hauteur) et poids (Kg) pour l\u2019objet le plus volumineux : <\/span><\/i><b><i>voir informations compl\u00e9mentaires.<\/i><\/b><\/p><\/blockquote>\n","protected":false},"excerpt":{"rendered":"<p>Partie de service \u00e0 liqueur en verre moul\u00e9 de couleur verte, constitu\u00e9e d\u2019une petite carafe et 5 gobelets \u00e0 anses&#8230;.<\/p>\n","protected":false},"featured_media":3741,"comment_status":"open","ping_status":"closed","template":"","meta":[],"product_brand":[],"product_cat":[15,295],"product_tag":[66,92,75,229],"class_list":{"0":"post-3740","1":"product","2":"type-product","3":"status-publish","4":"has-post-thumbnail","6":"product_cat-art-de-la-table","7":"product_cat-services","8":"product_tag-art-de-la-table","9":"product_tag-service","10":"product_tag-verre","11":"product_tag-verre-moule","13":"first","14":"outofstock","15":"shipping-taxable","16":"purchasable","17":"product-type-simple"},"aioseo_notices":[],"jetpack_sharing_enabled":true,"_links":{"self":[{"href":"https:\/\/lespucesdestju.fr\/index.php?rest_route=\/wp\/v2\/product\/3740","targetHints":{"allow":["GET"]}}],"collection":[{"href":"https:\/\/lespucesdestju.fr\/index.php?rest_route=\/wp\/v2\/product"}],"about":[{"href":"https:\/\/lespucesdestju.fr\/index.php?rest_route=\/wp\/v2\/types\/product"}],"replies":[{"embeddable":true,"href":"https:\/\/lespucesdestju.fr\/index.php?rest_route=%2Fwp%2Fv2%2Fcomments&post=3740"}],"wp:featuredmedia":[{"embeddable":true,"href":"https:\/\/lespucesdestju.fr\/index.php?rest_route=\/wp\/v2\/media\/3741"}],"wp:attachment":[{"href":"https:\/\/lespucesdestju.fr\/index.php?rest_route=%2Fwp%2Fv2%2Fmedia&parent=3740"}],"wp:term":[{"taxonomy":"product_brand","embeddable":true,"href":"https:\/\/lespucesdestju.fr\/index.php?rest_route=%2Fwp%2Fv2%2Fproduct_brand&post=3740"},{"taxonomy":"product_cat","embeddable":true,"href":"https:\/\/lespucesdestju.fr\/index.php?rest_route=%2Fwp%2Fv2%2Fproduct_cat&post=3740"},{"taxonomy":"product_tag","embeddable":true,"href":"https:\/\/lespucesdestju.fr\/index.php?rest_route=%2Fwp%2Fv2%2Fproduct_tag&post=3740"}],"curies":[{"name":"wp","href":"https:\/\/api.w.org\/{rel}","templated":true}]}}