{"id":3711,"date":"2024-02-03T16:57:39","date_gmt":"2024-02-03T15:57:39","guid":{"rendered":"https:\/\/lespucesdestju.fr\/?post_type=product&#038;p=3711"},"modified":"2025-02-19T16:01:22","modified_gmt":"2025-02-19T15:01:22","slug":"seau-a-champagne-piper-heidsieck","status":"publish","type":"product","link":"https:\/\/lespucesdestju.fr\/?product=seau-a-champagne-piper-heidsieck","title":{"rendered":"Seau \u00e0 champagne PIPER HEIDSIECK"},"content":{"rendered":"<p><span style=\"font-weight: 400;\">Tr\u00e8s beau\u00a0 seau \u00e0 champagne \u00e0 facettes, r\u00e9alis\u00e9 pour la maison \u00ab\u00a0PIPER HEIDSIECK\u00a0\u00bb \u00e0 Reims.<\/span><\/p>\n<p><span style=\"font-weight: 400;\">Etat d\u2019usage avec quelques rayures et traces au niveau des poign\u00e9es. Il comprend d&rsquo;un c\u00f4t\u00e9 une plaque \u00e9maill\u00e9e noir et blanche avec le lettrage caract\u00e9ristique de la maison PIPER, de l&rsquo;autre une plaque ronde avec le logo de la famille et le nom PIPER-HEIDSIECK REIMS.<\/span><\/p>\n<p><span style=\"font-weight: 400;\">Seau\u00a0 lourd de qualit\u00e9 professionnelle, de style Art D\u00e9co. Fabrication ann\u00e9es 30\/40.<\/span><\/p>\n<p><span style=\"font-weight: 400;\">Le fond est estampill\u00e9 par le fabricant: ANDR\u00c9 LEROY T.L. fabriqu\u00e9 en France<\/span><\/p>\n<p><span style=\"font-weight: 400;\">Le mat\u00e9riau est en cuivre chrom\u00e9 ou nickel\u00e9.<\/span><\/p>\n<blockquote><p><i><span style=\"font-weight: 400;\">Dimensions ( longueur x Largeur x Hauteur) et poids (Kg) : <\/span><\/i><b><i>voir informations compl\u00e9mentaires.<\/i><\/b><\/p><\/blockquote>\n","protected":false},"excerpt":{"rendered":"<p>Tr\u00e8s beau\u00a0 seau \u00e0 champagne \u00e0 facettes, r\u00e9alis\u00e9 pour la maison \u00ab\u00a0PIPER HEIDSIECK\u00a0\u00bb \u00e0 Reims. Etat d\u2019usage avec quelques rayures&#8230;<\/p>\n","protected":false},"featured_media":3712,"comment_status":"open","ping_status":"closed","template":"","meta":[],"product_brand":[],"product_cat":[301,15],"product_tag":[134,60,136,111],"class_list":{"0":"post-3711","1":"product","2":"type-product","3":"status-publish","4":"has-post-thumbnail","6":"product_cat-accessoire-de-tables","7":"product_cat-art-de-la-table","8":"product_tag-cuivre","9":"product_tag-decoration","10":"product_tag-email","11":"product_tag-sceau-a-champagne","13":"first","14":"instock","15":"shipping-taxable","16":"product-type-simple"},"aioseo_notices":[],"jetpack_sharing_enabled":true,"_links":{"self":[{"href":"https:\/\/lespucesdestju.fr\/index.php?rest_route=\/wp\/v2\/product\/3711","targetHints":{"allow":["GET"]}}],"collection":[{"href":"https:\/\/lespucesdestju.fr\/index.php?rest_route=\/wp\/v2\/product"}],"about":[{"href":"https:\/\/lespucesdestju.fr\/index.php?rest_route=\/wp\/v2\/types\/product"}],"replies":[{"embeddable":true,"href":"https:\/\/lespucesdestju.fr\/index.php?rest_route=%2Fwp%2Fv2%2Fcomments&post=3711"}],"wp:featuredmedia":[{"embeddable":true,"href":"https:\/\/lespucesdestju.fr\/index.php?rest_route=\/wp\/v2\/media\/3712"}],"wp:attachment":[{"href":"https:\/\/lespucesdestju.fr\/index.php?rest_route=%2Fwp%2Fv2%2Fmedia&parent=3711"}],"wp:term":[{"taxonomy":"product_brand","embeddable":true,"href":"https:\/\/lespucesdestju.fr\/index.php?rest_route=%2Fwp%2Fv2%2Fproduct_brand&post=3711"},{"taxonomy":"product_cat","embeddable":true,"href":"https:\/\/lespucesdestju.fr\/index.php?rest_route=%2Fwp%2Fv2%2Fproduct_cat&post=3711"},{"taxonomy":"product_tag","embeddable":true,"href":"https:\/\/lespucesdestju.fr\/index.php?rest_route=%2Fwp%2Fv2%2Fproduct_tag&post=3711"}],"curies":[{"name":"wp","href":"https:\/\/api.w.org\/{rel}","templated":true}]}}

Seau à champagne PIPER HEIDSIECK

<p><span style="font-weight: 400;">Très beau  seau à champagne à facettes, réalisé pour la maison « PIPER HEIDSIECK » à Reims.</span></p>
<p><span style="font-weight: 400;">Etat d’usage avec quelques rayures et traces au niveau des poignées. Il comprend d&rsquo;un côté une plaque émaillée noir et blanche avec le lettrage caractéristique de la maison PIPER, de l&rsquo;autre une plaque ronde avec le logo de la famille et le nom PIPER-HEIDSIECK REIMS.</span></p>
<p><span style="font-weight: 400;">Seau  lourd de qualité professionnelle, de style Art Déco. Fabrication années 30/40.</span></p>
<p><span style="font-weight: 400;">Le fond est estampillé par le fabricant: ANDRÉ LEROY T.L. fabriqué en France</span></p>
<p><span style="font-weight: 400;">Le matériau est en cuivre chromé ou nickelé.</span></p>
<blockquote><p><i><span style="font-weight: 400;">Dimensions ( longueur x Largeur x Hauteur) et poids (Kg) : </span></i><b><i>voir informations complémentaires.</i></b></p></blockquote>

<p>Très beau  seau à champagne à facettes, réalisé pour la maison « PIPER HEIDSIECK » à Reims. Etat d’usage avec quelques rayures&#8230;</p>
