{"id":3672,"date":"2024-02-03T16:14:28","date_gmt":"2024-02-03T15:14:28","guid":{"rendered":"https:\/\/lespucesdestju.fr\/?post_type=product&#038;p=3672"},"modified":"2024-06-25T16:44:59","modified_gmt":"2024-06-25T14:44:59","slug":"lampes-en-metal-argente-2","status":"publish","type":"product","link":"https:\/\/lespucesdestju.fr\/?product=lampes-en-metal-argente-2","title":{"rendered":"Paires de bougeoirs en m\u00e9tal argent\u00e9"},"content":{"rendered":"<p><span style=\"font-weight: 400;\">Paires de bougeoirs en m\u00e9tal argent\u00e9 mont\u00e9s en lampes. Electrification revue et fonctionnelle. Bel \u00e9tat d\u2019usage.\u00a0<\/span><\/p>\n<blockquote><p><i><span style=\"font-weight: 400;\">\u00a0Dimensions et poids pour une lampe abat-jour compris (voir infos compl\u00e9mentaires)<\/span><\/i><\/p><\/blockquote>\n","protected":false},"excerpt":{"rendered":"<p>Paires de bougeoirs en m\u00e9tal argent\u00e9 mont\u00e9s en lampes. Electrification revue et fonctionnelle. Bel \u00e9tat d\u2019usage.\u00a0 \u00a0Dimensions et poids pour&#8230;<\/p>\n","protected":false},"featured_media":3673,"comment_status":"open","ping_status":"closed","template":"","meta":[],"product_brand":[],"product_cat":[46],"product_tag":[114,76,144,112,222],"class_list":{"0":"post-3672","1":"product","2":"type-product","3":"status-publish","4":"has-post-thumbnail","6":"product_cat-luminaires-et-eclairages","7":"product_tag-bougeoir","8":"product_tag-lampe","9":"product_tag-luminaires","10":"product_tag-metal-argente","11":"product_tag-paires","13":"first","14":"instock","15":"shipping-taxable","16":"purchasable","17":"product-type-simple"},"aioseo_notices":[],"jetpack_sharing_enabled":true,"_links":{"self":[{"href":"https:\/\/lespucesdestju.fr\/index.php?rest_route=\/wp\/v2\/product\/3672","targetHints":{"allow":["GET"]}}],"collection":[{"href":"https:\/\/lespucesdestju.fr\/index.php?rest_route=\/wp\/v2\/product"}],"about":[{"href":"https:\/\/lespucesdestju.fr\/index.php?rest_route=\/wp\/v2\/types\/product"}],"replies":[{"embeddable":true,"href":"https:\/\/lespucesdestju.fr\/index.php?rest_route=%2Fwp%2Fv2%2Fcomments&post=3672"}],"wp:featuredmedia":[{"embeddable":true,"href":"https:\/\/lespucesdestju.fr\/index.php?rest_route=\/wp\/v2\/media\/3673"}],"wp:attachment":[{"href":"https:\/\/lespucesdestju.fr\/index.php?rest_route=%2Fwp%2Fv2%2Fmedia&parent=3672"}],"wp:term":[{"taxonomy":"product_brand","embeddable":true,"href":"https:\/\/lespucesdestju.fr\/index.php?rest_route=%2Fwp%2Fv2%2Fproduct_brand&post=3672"},{"taxonomy":"product_cat","embeddable":true,"href":"https:\/\/lespucesdestju.fr\/index.php?rest_route=%2Fwp%2Fv2%2Fproduct_cat&post=3672"},{"taxonomy":"product_tag","embeddable":true,"href":"https:\/\/lespucesdestju.fr\/index.php?rest_route=%2Fwp%2Fv2%2Fproduct_tag&post=3672"}],"curies":[{"name":"wp","href":"https:\/\/api.w.org\/{rel}","templated":true}]}}