{"id":3645,"date":"2024-02-03T15:55:11","date_gmt":"2024-02-03T14:55:11","guid":{"rendered":"https:\/\/lespucesdestju.fr\/?post_type=product&#038;p=3645"},"modified":"2024-06-25T16:47:07","modified_gmt":"2024-06-25T14:47:07","slug":"lampe-palmier-en-bronze","status":"publish","type":"product","link":"https:\/\/lespucesdestju.fr\/?product=lampe-palmier-en-bronze","title":{"rendered":"Lampe palmier en bronze"},"content":{"rendered":"<p><span style=\"font-weight: 400;\">Lampe palmier en bronze argent\u00e9 et colonne carr\u00e9e en bak\u00e9lite grenat translucide. Abat-jour d\u2019origine m\u00e9tallis\u00e9. Etat d\u2019usage, des piq\u00fbres sur le m\u00e9tal et quelques pliures visibles \u00e0 l\u2019int\u00e9rieur de l\u2019abat-jour.<\/span><\/p>\n<blockquote><p><i><span style=\"font-weight: 400;\">Dimensions et poids pour une lampe abat-jour compris (voir infos compl\u00e9mentaires)<\/span><\/i><\/p><\/blockquote>\n","protected":false},"excerpt":{"rendered":"<p>Lampe palmier en bronze argent\u00e9 et colonne carr\u00e9e en bak\u00e9lite grenat translucide. Abat-jour d\u2019origine m\u00e9tallis\u00e9. Etat d\u2019usage, des piq\u00fbres sur&#8230;<\/p>\n","protected":false},"featured_media":3646,"comment_status":"open","ping_status":"closed","template":"","meta":[],"product_brand":[],"product_cat":[46],"product_tag":[220,70,76,144],"class_list":{"0":"post-3645","1":"product","2":"type-product","3":"status-publish","4":"has-post-thumbnail","6":"product_cat-luminaires-et-eclairages","7":"product_tag-bakelite","8":"product_tag-bronze","9":"product_tag-lampe","10":"product_tag-luminaires","12":"first","13":"instock","14":"shipping-taxable","15":"purchasable","16":"product-type-simple"},"aioseo_notices":[],"jetpack_sharing_enabled":true,"_links":{"self":[{"href":"https:\/\/lespucesdestju.fr\/index.php?rest_route=\/wp\/v2\/product\/3645","targetHints":{"allow":["GET"]}}],"collection":[{"href":"https:\/\/lespucesdestju.fr\/index.php?rest_route=\/wp\/v2\/product"}],"about":[{"href":"https:\/\/lespucesdestju.fr\/index.php?rest_route=\/wp\/v2\/types\/product"}],"replies":[{"embeddable":true,"href":"https:\/\/lespucesdestju.fr\/index.php?rest_route=%2Fwp%2Fv2%2Fcomments&post=3645"}],"wp:featuredmedia":[{"embeddable":true,"href":"https:\/\/lespucesdestju.fr\/index.php?rest_route=\/wp\/v2\/media\/3646"}],"wp:attachment":[{"href":"https:\/\/lespucesdestju.fr\/index.php?rest_route=%2Fwp%2Fv2%2Fmedia&parent=3645"}],"wp:term":[{"taxonomy":"product_brand","embeddable":true,"href":"https:\/\/lespucesdestju.fr\/index.php?rest_route=%2Fwp%2Fv2%2Fproduct_brand&post=3645"},{"taxonomy":"product_cat","embeddable":true,"href":"https:\/\/lespucesdestju.fr\/index.php?rest_route=%2Fwp%2Fv2%2Fproduct_cat&post=3645"},{"taxonomy":"product_tag","embeddable":true,"href":"https:\/\/lespucesdestju.fr\/index.php?rest_route=%2Fwp%2Fv2%2Fproduct_tag&post=3645"}],"curies":[{"name":"wp","href":"https:\/\/api.w.org\/{rel}","templated":true}]}}

<p><span style="font-weight: 400;">Lampe palmier en bronze argenté et colonne carrée en bakélite grenat translucide. Abat-jour d’origine métallisé. Etat d’usage, des piqûres sur le métal et quelques pliures visibles à l’intérieur de l’abat-jour.</span></p>
<blockquote><p><i><span style="font-weight: 400;">Dimensions et poids pour une lampe abat-jour compris (voir infos complémentaires)</span></i></p></blockquote>

<p>Lampe palmier en bronze argenté et colonne carrée en bakélite grenat translucide. Abat-jour d’origine métallisé. Etat d’usage, des piqûres sur&#8230;</p>
