{"id":3302,"date":"2023-11-29T14:21:04","date_gmt":"2023-11-29T13:21:04","guid":{"rendered":"https:\/\/lespucesdestju.fr\/?post_type=product&#038;p=3302"},"modified":"2025-09-10T10:43:22","modified_gmt":"2025-09-10T08:43:22","slug":"saladier-en-gres","status":"publish","type":"product","link":"https:\/\/lespucesdestju.fr\/?product=saladier-en-gres","title":{"rendered":"Saladier en gr\u00e8s"},"content":{"rendered":"<p><span style=\"font-weight: 400\">Saladier en gr\u00e8s, int\u00e9rieur verniss\u00e9 \u00e0 gla\u00e7ure bleue. Sign\u00e9 sous la base. XX\u00e8me<\/span><\/p>\n<blockquote><p><i><span style=\"font-weight: 400\">Dimensions ( longueur x Largeur x Hauteur) et poids (Kg) : <\/span><\/i><b><i>voir informations compl\u00e9mentaires.<\/i><\/b><\/p><\/blockquote>\n","protected":false},"excerpt":{"rendered":"<p>Saladier en gr\u00e8s, int\u00e9rieur verniss\u00e9 \u00e0 gla\u00e7ure bleue. Sign\u00e9 sous la base. XX\u00e8me Dimensions ( longueur x Largeur x Hauteur)&#8230;<\/p>\n","protected":false},"featured_media":3303,"comment_status":"open","ping_status":"closed","template":"","meta":[],"product_brand":[],"product_cat":[15,297],"product_tag":[60,133,59],"class_list":{"0":"post-3302","1":"product","2":"type-product","3":"status-publish","4":"has-post-thumbnail","6":"product_cat-art-de-la-table","7":"product_cat-contenants","8":"product_tag-decoration","9":"product_tag-gres","10":"product_tag-vase","12":"first","13":"outofstock","14":"shipping-taxable","15":"purchasable","16":"product-type-simple"},"aioseo_notices":[],"jetpack_sharing_enabled":true,"_links":{"self":[{"href":"https:\/\/lespucesdestju.fr\/index.php?rest_route=\/wp\/v2\/product\/3302","targetHints":{"allow":["GET"]}}],"collection":[{"href":"https:\/\/lespucesdestju.fr\/index.php?rest_route=\/wp\/v2\/product"}],"about":[{"href":"https:\/\/lespucesdestju.fr\/index.php?rest_route=\/wp\/v2\/types\/product"}],"replies":[{"embeddable":true,"href":"https:\/\/lespucesdestju.fr\/index.php?rest_route=%2Fwp%2Fv2%2Fcomments&post=3302"}],"wp:featuredmedia":[{"embeddable":true,"href":"https:\/\/lespucesdestju.fr\/index.php?rest_route=\/wp\/v2\/media\/3303"}],"wp:attachment":[{"href":"https:\/\/lespucesdestju.fr\/index.php?rest_route=%2Fwp%2Fv2%2Fmedia&parent=3302"}],"wp:term":[{"taxonomy":"product_brand","embeddable":true,"href":"https:\/\/lespucesdestju.fr\/index.php?rest_route=%2Fwp%2Fv2%2Fproduct_brand&post=3302"},{"taxonomy":"product_cat","embeddable":true,"href":"https:\/\/lespucesdestju.fr\/index.php?rest_route=%2Fwp%2Fv2%2Fproduct_cat&post=3302"},{"taxonomy":"product_tag","embeddable":true,"href":"https:\/\/lespucesdestju.fr\/index.php?rest_route=%2Fwp%2Fv2%2Fproduct_tag&post=3302"}],"curies":[{"name":"wp","href":"https:\/\/api.w.org\/{rel}","templated":true}]}}

Saladier en grès

<p><span style="font-weight: 400">Saladier en grès, intérieur vernissé à glaçure bleue. Signé sous la base. XXème</span></p>
<blockquote><p><i><span style="font-weight: 400">Dimensions ( longueur x Largeur x Hauteur) et poids (Kg) : </span></i><b><i>voir informations complémentaires.</i></b></p></blockquote>

<p>Saladier en grès, intérieur vernissé à glaçure bleue. Signé sous la base. XXème Dimensions ( longueur x Largeur x Hauteur)&#8230;</p>
