{"id":3043,"date":"2023-06-07T15:42:27","date_gmt":"2023-06-07T13:42:27","guid":{"rendered":"https:\/\/lespucesdestju.fr\/?post_type=product&#038;p=3043"},"modified":"2024-07-18T15:18:03","modified_gmt":"2024-07-18T13:18:03","slug":"pichet-en-gres-vernisse","status":"publish","type":"product","link":"https:\/\/lespucesdestju.fr\/?product=pichet-en-gres-vernisse","title":{"rendered":"Pichet en gr\u00e8s verniss\u00e9"},"content":{"rendered":"<p><span style=\"font-weight: 400;\">Pichet en gr\u00e8s verniss\u00e9 \u00e0 coulures vers 1900, dans le go\u00fbt de C.Greber.<\/span><\/p>\n<blockquote><p><i><span style=\"font-weight: 400;\">Dimensions ( longueur x Largeur x Hauteur) et poids (Kg) : <\/span><\/i><b><i>voir informations compl\u00e9mentaires.<\/i><\/b><\/p><\/blockquote>\n","protected":false},"excerpt":{"rendered":"<p>Pichet en gr\u00e8s verniss\u00e9 \u00e0 coulures vers 1900, dans le go\u00fbt de C.Greber. Dimensions ( longueur x Largeur x Hauteur)&#8230;<\/p>\n","protected":false},"featured_media":3044,"comment_status":"open","ping_status":"closed","template":"","meta":[],"product_brand":[],"product_cat":[37,292],"product_tag":[60,133,95],"class_list":{"0":"post-3043","1":"product","2":"type-product","3":"status-publish","4":"has-post-thumbnail","6":"product_cat-decoration","7":"product_cat-vases-pots-et-contenants","8":"product_tag-decoration","9":"product_tag-gres","10":"product_tag-pichet","12":"first","13":"instock","14":"shipping-taxable","15":"purchasable","16":"product-type-simple"},"aioseo_notices":[],"jetpack_sharing_enabled":true,"_links":{"self":[{"href":"https:\/\/lespucesdestju.fr\/index.php?rest_route=\/wp\/v2\/product\/3043","targetHints":{"allow":["GET"]}}],"collection":[{"href":"https:\/\/lespucesdestju.fr\/index.php?rest_route=\/wp\/v2\/product"}],"about":[{"href":"https:\/\/lespucesdestju.fr\/index.php?rest_route=\/wp\/v2\/types\/product"}],"replies":[{"embeddable":true,"href":"https:\/\/lespucesdestju.fr\/index.php?rest_route=%2Fwp%2Fv2%2Fcomments&post=3043"}],"wp:featuredmedia":[{"embeddable":true,"href":"https:\/\/lespucesdestju.fr\/index.php?rest_route=\/wp\/v2\/media\/3044"}],"wp:attachment":[{"href":"https:\/\/lespucesdestju.fr\/index.php?rest_route=%2Fwp%2Fv2%2Fmedia&parent=3043"}],"wp:term":[{"taxonomy":"product_brand","embeddable":true,"href":"https:\/\/lespucesdestju.fr\/index.php?rest_route=%2Fwp%2Fv2%2Fproduct_brand&post=3043"},{"taxonomy":"product_cat","embeddable":true,"href":"https:\/\/lespucesdestju.fr\/index.php?rest_route=%2Fwp%2Fv2%2Fproduct_cat&post=3043"},{"taxonomy":"product_tag","embeddable":true,"href":"https:\/\/lespucesdestju.fr\/index.php?rest_route=%2Fwp%2Fv2%2Fproduct_tag&post=3043"}],"curies":[{"name":"wp","href":"https:\/\/api.w.org\/{rel}","templated":true}]}}

Pichet en grès vernissé

<p><span style="font-weight: 400;">Pichet en grès vernissé à coulures vers 1900, dans le goût de C.Greber.</span></p>
<blockquote><p><i><span style="font-weight: 400;">Dimensions ( longueur x Largeur x Hauteur) et poids (Kg) : </span></i><b><i>voir informations complémentaires.</i></b></p></blockquote>

<p>Pichet en grès vernissé à coulures vers 1900, dans le goût de C.Greber. Dimensions ( longueur x Largeur x Hauteur)&#8230;</p>
