{"id":2985,"date":"2023-05-21T12:52:23","date_gmt":"2023-05-21T10:52:23","guid":{"rendered":"https:\/\/lespucesdestju.fr\/?post_type=product&#038;p=2985"},"modified":"2024-07-18T13:35:05","modified_gmt":"2024-07-18T11:35:05","slug":"assiette-art-nouveau-flora-23cm","status":"publish","type":"product","link":"https:\/\/lespucesdestju.fr\/?product=assiette-art-nouveau-flora-23cm","title":{"rendered":"Assiette Art Nouveau \u201cFlora\u201d 23cm"},"content":{"rendered":"<p><span style=\"font-weight: 400;\">Assiette plate 1900, mod\u00e8le Flora, par Creil Montereau.<\/span><\/p>\n<p><span style=\"font-weight: 400;\">Diam 23 cm. <\/span><\/p>\n<p><span style=\"font-weight: 400;\">Bon \u00e9tat.<\/span><\/p>\n<blockquote><p><b><i>Vendu \u00e0 l\u2019unit\u00e9.<\/i><\/b><\/p><\/blockquote>\n","protected":false},"excerpt":{"rendered":"<p>Assiette plate 1900, mod\u00e8le Flora, par Creil Montereau. Diam 23 cm. Bon \u00e9tat. Vendu \u00e0 l\u2019unit\u00e9.<\/p>\n","protected":false},"featured_media":2986,"comment_status":"open","ping_status":"closed","template":"","meta":[],"product_brand":[],"product_cat":[15,296],"product_tag":[117,115,93],"class_list":{"0":"post-2985","1":"product","2":"type-product","3":"status-publish","4":"has-post-thumbnail","6":"product_cat-art-de-la-table","7":"product_cat-assiettes-et-plats","8":"product_tag-assiette","9":"product_tag-creil-montereau","10":"product_tag-faience","12":"first","13":"instock","14":"shipping-taxable","15":"purchasable","16":"product-type-simple"},"aioseo_notices":[],"jetpack_sharing_enabled":true,"_links":{"self":[{"href":"https:\/\/lespucesdestju.fr\/index.php?rest_route=\/wp\/v2\/product\/2985","targetHints":{"allow":["GET"]}}],"collection":[{"href":"https:\/\/lespucesdestju.fr\/index.php?rest_route=\/wp\/v2\/product"}],"about":[{"href":"https:\/\/lespucesdestju.fr\/index.php?rest_route=\/wp\/v2\/types\/product"}],"replies":[{"embeddable":true,"href":"https:\/\/lespucesdestju.fr\/index.php?rest_route=%2Fwp%2Fv2%2Fcomments&post=2985"}],"wp:featuredmedia":[{"embeddable":true,"href":"https:\/\/lespucesdestju.fr\/index.php?rest_route=\/wp\/v2\/media\/2986"}],"wp:attachment":[{"href":"https:\/\/lespucesdestju.fr\/index.php?rest_route=%2Fwp%2Fv2%2Fmedia&parent=2985"}],"wp:term":[{"taxonomy":"product_brand","embeddable":true,"href":"https:\/\/lespucesdestju.fr\/index.php?rest_route=%2Fwp%2Fv2%2Fproduct_brand&post=2985"},{"taxonomy":"product_cat","embeddable":true,"href":"https:\/\/lespucesdestju.fr\/index.php?rest_route=%2Fwp%2Fv2%2Fproduct_cat&post=2985"},{"taxonomy":"product_tag","embeddable":true,"href":"https:\/\/lespucesdestju.fr\/index.php?rest_route=%2Fwp%2Fv2%2Fproduct_tag&post=2985"}],"curies":[{"name":"wp","href":"https:\/\/api.w.org\/{rel}","templated":true}]}}

<p><span style="font-weight: 400;">Assiette plate 1900, modèle Flora, par Creil Montereau.</span></p>
<p><span style="font-weight: 400;">Diam 23 cm. </span></p>
<p><span style="font-weight: 400;">Bon état.</span></p>
<blockquote><p><b><i>Vendu à l’unité.</i></b></p></blockquote>

<p>Assiette plate 1900, modèle Flora, par Creil Montereau. Diam 23 cm. Bon état. Vendu à l’unité.</p>
