{"id":2979,"date":"2023-05-21T12:39:03","date_gmt":"2023-05-21T10:39:03","guid":{"rendered":"https:\/\/lespucesdestju.fr\/?post_type=product&#038;p=2979"},"modified":"2024-07-18T13:35:15","modified_gmt":"2024-07-18T11:35:15","slug":"service-a-the","status":"publish","type":"product","link":"https:\/\/lespucesdestju.fr\/?product=service-a-the","title":{"rendered":"Partie de service \u00e0 th\u00e9"},"content":{"rendered":"<p><span style=\"font-weight: 400;\">Partie de service \u00e0 th\u00e9 et \u00e0 dessert, en porcelaine fine, \u00e0 d\u00e9cors de paysages en rouge s\u00e9pia et filets or. <\/span><\/p>\n<p><span style=\"font-weight: 400;\">Sign\u00e9 \u201cAu vase \u00e9trusque \u00e0 Paris\u201d, <\/span><\/p>\n<p><span style=\"font-weight: 400;\">D\u00e9but XXi\u00e8me, comprenant:<\/span><\/p>\n<p><span style=\"font-weight: 400;\">-1 th\u00e9i\u00e8re, 1 verseuse \u00e0 caf\u00e9, 1 pot \u00e0 lait, 1 sucrier, 10 tasses \u00e0 th\u00e9, 9 soucoupes, 12 assiettes \u00e0 g\u00e2teaux.<\/span><\/p>\n<blockquote><p><i><span style=\"font-weight: 400;\">Dimensions ( longueur x Largeur x Hauteur) et poids (Kg) pour l\u2019objet le plus volumineux : <\/span><\/i><b><i>voir informations compl\u00e9mentaires.<\/i><\/b><\/p><\/blockquote>\n","protected":false},"excerpt":{"rendered":"<p>Partie de service \u00e0 th\u00e9 et \u00e0 dessert, en porcelaine fine, \u00e0 d\u00e9cors de paysages en rouge s\u00e9pia et filets&#8230;<\/p>\n","protected":false},"featured_media":2980,"comment_status":"open","ping_status":"closed","template":"","meta":[],"product_brand":[],"product_cat":[15,295],"product_tag":[66,139,202],"class_list":{"0":"post-2979","1":"product","2":"type-product","3":"status-publish","4":"has-post-thumbnail","6":"product_cat-art-de-la-table","7":"product_cat-services","8":"product_tag-art-de-la-table","9":"product_tag-porcelaine","10":"product_tag-service-a-the","12":"first","13":"instock","14":"shipping-taxable","15":"purchasable","16":"product-type-simple"},"aioseo_notices":[],"jetpack_sharing_enabled":true,"_links":{"self":[{"href":"https:\/\/lespucesdestju.fr\/index.php?rest_route=\/wp\/v2\/product\/2979","targetHints":{"allow":["GET"]}}],"collection":[{"href":"https:\/\/lespucesdestju.fr\/index.php?rest_route=\/wp\/v2\/product"}],"about":[{"href":"https:\/\/lespucesdestju.fr\/index.php?rest_route=\/wp\/v2\/types\/product"}],"replies":[{"embeddable":true,"href":"https:\/\/lespucesdestju.fr\/index.php?rest_route=%2Fwp%2Fv2%2Fcomments&post=2979"}],"wp:featuredmedia":[{"embeddable":true,"href":"https:\/\/lespucesdestju.fr\/index.php?rest_route=\/wp\/v2\/media\/2980"}],"wp:attachment":[{"href":"https:\/\/lespucesdestju.fr\/index.php?rest_route=%2Fwp%2Fv2%2Fmedia&parent=2979"}],"wp:term":[{"taxonomy":"product_brand","embeddable":true,"href":"https:\/\/lespucesdestju.fr\/index.php?rest_route=%2Fwp%2Fv2%2Fproduct_brand&post=2979"},{"taxonomy":"product_cat","embeddable":true,"href":"https:\/\/lespucesdestju.fr\/index.php?rest_route=%2Fwp%2Fv2%2Fproduct_cat&post=2979"},{"taxonomy":"product_tag","embeddable":true,"href":"https:\/\/lespucesdestju.fr\/index.php?rest_route=%2Fwp%2Fv2%2Fproduct_tag&post=2979"}],"curies":[{"name":"wp","href":"https:\/\/api.w.org\/{rel}","templated":true}]}}

Partie de service à thé

<p><span style="font-weight: 400;">Partie de service à thé et à dessert, en porcelaine fine, à décors de paysages en rouge sépia et filets or. </span></p>
<p><span style="font-weight: 400;">Signé “Au vase étrusque à Paris”, </span></p>
<p><span style="font-weight: 400;">Début XXième, comprenant:</span></p>
<p><span style="font-weight: 400;">-1 théière, 1 verseuse à café, 1 pot à lait, 1 sucrier, 10 tasses à thé, 9 soucoupes, 12 assiettes à gâteaux.</span></p>
<blockquote><p><i><span style="font-weight: 400;">Dimensions ( longueur x Largeur x Hauteur) et poids (Kg) pour l’objet le plus volumineux : </span></i><b><i>voir informations complémentaires.</i></b></p></blockquote>

<p>Partie de service à thé et à dessert, en porcelaine fine, à décors de paysages en rouge sépia et filets&#8230;</p>
