{"id":2950,"date":"2023-05-11T16:54:32","date_gmt":"2023-05-11T14:54:32","guid":{"rendered":"https:\/\/lespucesdestju.fr\/?post_type=product&#038;p=2950"},"modified":"2026-01-04T16:59:33","modified_gmt":"2026-01-04T15:59:33","slug":"tete-en-gres","status":"publish","type":"product","link":"https:\/\/lespucesdestju.fr\/?product=tete-en-gres","title":{"rendered":"T\u00eate en gr\u00e8s"},"content":{"rendered":"<p><span style=\"font-weight: 400;\">T\u00eate en gr\u00e8s d\u2019homme model\u00e9e, sur base en plexiglass. <\/span><\/p>\n<p><span style=\"font-weight: 400;\">XX\u00e8me, bel \u00e9tat.<\/span><\/p>\n<blockquote><p><i><span style=\"font-weight: 400;\">Dimensions ( longueur x Largeur x Hauteur) et poids (Kg) : <\/span><\/i><b><i>voir informations compl\u00e9mentaires.<\/i><\/b><\/p><\/blockquote>\n","protected":false},"excerpt":{"rendered":"<p>T\u00eate en gr\u00e8s d\u2019homme model\u00e9e, sur base en plexiglass. XX\u00e8me, bel \u00e9tat. Dimensions ( longueur x Largeur x Hauteur) et&#8230;<\/p>\n","protected":false},"featured_media":2959,"comment_status":"open","ping_status":"closed","template":"","meta":[],"product_brand":[],"product_cat":[50,309],"product_tag":[60,133,64],"class_list":{"0":"post-2950","1":"product","2":"type-product","3":"status-publish","4":"has-post-thumbnail","6":"product_cat-art","7":"product_cat-sculptures","8":"product_tag-decoration","9":"product_tag-gres","10":"product_tag-sculpture","12":"first","13":"outofstock","14":"shipping-taxable","15":"purchasable","16":"product-type-simple"},"aioseo_notices":[],"jetpack_sharing_enabled":true,"_links":{"self":[{"href":"https:\/\/lespucesdestju.fr\/index.php?rest_route=\/wp\/v2\/product\/2950","targetHints":{"allow":["GET"]}}],"collection":[{"href":"https:\/\/lespucesdestju.fr\/index.php?rest_route=\/wp\/v2\/product"}],"about":[{"href":"https:\/\/lespucesdestju.fr\/index.php?rest_route=\/wp\/v2\/types\/product"}],"replies":[{"embeddable":true,"href":"https:\/\/lespucesdestju.fr\/index.php?rest_route=%2Fwp%2Fv2%2Fcomments&post=2950"}],"wp:featuredmedia":[{"embeddable":true,"href":"https:\/\/lespucesdestju.fr\/index.php?rest_route=\/wp\/v2\/media\/2959"}],"wp:attachment":[{"href":"https:\/\/lespucesdestju.fr\/index.php?rest_route=%2Fwp%2Fv2%2Fmedia&parent=2950"}],"wp:term":[{"taxonomy":"product_brand","embeddable":true,"href":"https:\/\/lespucesdestju.fr\/index.php?rest_route=%2Fwp%2Fv2%2Fproduct_brand&post=2950"},{"taxonomy":"product_cat","embeddable":true,"href":"https:\/\/lespucesdestju.fr\/index.php?rest_route=%2Fwp%2Fv2%2Fproduct_cat&post=2950"},{"taxonomy":"product_tag","embeddable":true,"href":"https:\/\/lespucesdestju.fr\/index.php?rest_route=%2Fwp%2Fv2%2Fproduct_tag&post=2950"}],"curies":[{"name":"wp","href":"https:\/\/api.w.org\/{rel}","templated":true}]}}

Tête en grès

<p><span style="font-weight: 400;">Tête en grès d’homme modelée, sur base en plexiglass. </span></p>
<p><span style="font-weight: 400;">XXème, bel état.</span></p>
<blockquote><p><i><span style="font-weight: 400;">Dimensions ( longueur x Largeur x Hauteur) et poids (Kg) : </span></i><b><i>voir informations complémentaires.</i></b></p></blockquote>

<p>Tête en grès d’homme modelée, sur base en plexiglass. XXème, bel état. Dimensions ( longueur x Largeur x Hauteur) et&#8230;</p>
