{"id":2885,"date":"2023-04-17T15:13:53","date_gmt":"2023-04-17T13:13:53","guid":{"rendered":"https:\/\/lespucesdestju.fr\/?post_type=product&#038;p=2885"},"modified":"2024-07-18T11:59:40","modified_gmt":"2024-07-18T09:59:40","slug":"table-basse-verre-fume","status":"publish","type":"product","link":"https:\/\/lespucesdestju.fr\/?product=table-basse-verre-fume","title":{"rendered":"Table basse verre fum\u00e9"},"content":{"rendered":"<p><span style=\"font-weight: 400;\">Table basse verre fum\u00e9, plateau en verre fum\u00e9 et pied en m\u00e9tal noir et or, ann\u00e9es 60\/70.<\/span><\/p>\n<p><span style=\"font-weight: 400;\">Petits manques de peinture.<\/span><\/p>\n<blockquote><p><b><i>Cet objet peut \u00eatre uniquement retir\u00e9 en boutique,<\/i><\/b><i><span style=\"font-weight: 400;\"> pour la livraison, veuillez nous demander un devis.<\/span><\/i><\/p>\n<p><i><span style=\"font-weight: 400;\">Dimensions ( longueur x Largeur x Hauteur) et poids (Kg) : <\/span><\/i><b><i>voir informations compl\u00e9mentaires.<\/i><\/b><\/p><\/blockquote>\n","protected":false},"excerpt":{"rendered":"<p>Table basse verre fum\u00e9, plateau en verre fum\u00e9 et pied en m\u00e9tal noir et or, ann\u00e9es 60\/70. Petits manques de&#8230;<\/p>\n","protected":false},"featured_media":2886,"comment_status":"open","ping_status":"closed","template":"","meta":[],"product_brand":[],"product_cat":[302,45],"product_tag":[62,146,199,75],"class_list":{"0":"post-2885","1":"product","2":"type-product","3":"status-publish","4":"has-post-thumbnail","6":"product_cat-meubles","7":"product_cat-mobilier","8":"product_tag-metal","9":"product_tag-meuble","10":"product_tag-table-basse","11":"product_tag-verre","13":"first","14":"instock","15":"shipping-taxable","16":"product-type-external"},"aioseo_notices":[],"jetpack_sharing_enabled":true,"_links":{"self":[{"href":"https:\/\/lespucesdestju.fr\/index.php?rest_route=\/wp\/v2\/product\/2885","targetHints":{"allow":["GET"]}}],"collection":[{"href":"https:\/\/lespucesdestju.fr\/index.php?rest_route=\/wp\/v2\/product"}],"about":[{"href":"https:\/\/lespucesdestju.fr\/index.php?rest_route=\/wp\/v2\/types\/product"}],"replies":[{"embeddable":true,"href":"https:\/\/lespucesdestju.fr\/index.php?rest_route=%2Fwp%2Fv2%2Fcomments&post=2885"}],"wp:featuredmedia":[{"embeddable":true,"href":"https:\/\/lespucesdestju.fr\/index.php?rest_route=\/wp\/v2\/media\/2886"}],"wp:attachment":[{"href":"https:\/\/lespucesdestju.fr\/index.php?rest_route=%2Fwp%2Fv2%2Fmedia&parent=2885"}],"wp:term":[{"taxonomy":"product_brand","embeddable":true,"href":"https:\/\/lespucesdestju.fr\/index.php?rest_route=%2Fwp%2Fv2%2Fproduct_brand&post=2885"},{"taxonomy":"product_cat","embeddable":true,"href":"https:\/\/lespucesdestju.fr\/index.php?rest_route=%2Fwp%2Fv2%2Fproduct_cat&post=2885"},{"taxonomy":"product_tag","embeddable":true,"href":"https:\/\/lespucesdestju.fr\/index.php?rest_route=%2Fwp%2Fv2%2Fproduct_tag&post=2885"}],"curies":[{"name":"wp","href":"https:\/\/api.w.org\/{rel}","templated":true}]}}

Table basse verre fumé

<p><span style="font-weight: 400;">Table basse verre fumé, plateau en verre fumé et pied en métal noir et or, années 60/70.</span></p>
<p><span style="font-weight: 400;">Petits manques de peinture.</span></p>
<blockquote><p><b><i>Cet objet peut être uniquement retiré en boutique,</i></b><i><span style="font-weight: 400;"> pour la livraison, veuillez nous demander un devis.</span></i></p>
<p><i><span style="font-weight: 400;">Dimensions ( longueur x Largeur x Hauteur) et poids (Kg) : </span></i><b><i>voir informations complémentaires.</i></b></p></blockquote>

<p>Table basse verre fumé, plateau en verre fumé et pied en métal noir et or, années 60/70. Petits manques de&#8230;</p>
