{"id":2862,"date":"2023-04-17T14:13:42","date_gmt":"2023-04-17T12:13:42","guid":{"rendered":"https:\/\/lespucesdestju.fr\/?post_type=product&#038;p=2862"},"modified":"2023-08-31T11:58:26","modified_gmt":"2023-08-31T09:58:26","slug":"paire-de-lampe-en-bronze-cisele","status":"publish","type":"product","link":"https:\/\/lespucesdestju.fr\/?product=paire-de-lampe-en-bronze-cisele","title":{"rendered":"Paire de lampe en bronze cisel\u00e9"},"content":{"rendered":"<p><span style=\"font-weight: 400;\">Paire de lampe avec pied en bronze cisel\u00e9 \u00e0 d\u00e9cor de grues, de style japon. <\/span><\/p>\n<p><span style=\"font-weight: 400;\">Anciennes lampes \u00e0 p\u00e9trole vers 1900.<\/span><\/p>\n<blockquote><p><em><span style=\"font-weight: 400;\">Dimensions et poids pour une lampe abat-jour compris (voir infos compl\u00e9mentaires)<\/span><\/em><\/p><\/blockquote>\n","protected":false},"excerpt":{"rendered":"<p>Paire de lampe avec pied en bronze cisel\u00e9 \u00e0 d\u00e9cor de grues, de style japon. Anciennes lampes \u00e0 p\u00e9trole vers&#8230;<\/p>\n","protected":false},"featured_media":2863,"comment_status":"open","ping_status":"closed","template":"","meta":[],"product_brand":[],"product_cat":[46],"product_tag":[70,76,131],"class_list":{"0":"post-2862","1":"product","2":"type-product","3":"status-publish","4":"has-post-thumbnail","6":"product_cat-luminaires-et-eclairages","7":"product_tag-bronze","8":"product_tag-lampe","9":"product_tag-luminaire","11":"first","12":"instock","13":"shipping-taxable","14":"purchasable","15":"product-type-simple"},"aioseo_notices":[],"jetpack_sharing_enabled":true,"_links":{"self":[{"href":"https:\/\/lespucesdestju.fr\/index.php?rest_route=\/wp\/v2\/product\/2862","targetHints":{"allow":["GET"]}}],"collection":[{"href":"https:\/\/lespucesdestju.fr\/index.php?rest_route=\/wp\/v2\/product"}],"about":[{"href":"https:\/\/lespucesdestju.fr\/index.php?rest_route=\/wp\/v2\/types\/product"}],"replies":[{"embeddable":true,"href":"https:\/\/lespucesdestju.fr\/index.php?rest_route=%2Fwp%2Fv2%2Fcomments&post=2862"}],"wp:featuredmedia":[{"embeddable":true,"href":"https:\/\/lespucesdestju.fr\/index.php?rest_route=\/wp\/v2\/media\/2863"}],"wp:attachment":[{"href":"https:\/\/lespucesdestju.fr\/index.php?rest_route=%2Fwp%2Fv2%2Fmedia&parent=2862"}],"wp:term":[{"taxonomy":"product_brand","embeddable":true,"href":"https:\/\/lespucesdestju.fr\/index.php?rest_route=%2Fwp%2Fv2%2Fproduct_brand&post=2862"},{"taxonomy":"product_cat","embeddable":true,"href":"https:\/\/lespucesdestju.fr\/index.php?rest_route=%2Fwp%2Fv2%2Fproduct_cat&post=2862"},{"taxonomy":"product_tag","embeddable":true,"href":"https:\/\/lespucesdestju.fr\/index.php?rest_route=%2Fwp%2Fv2%2Fproduct_tag&post=2862"}],"curies":[{"name":"wp","href":"https:\/\/api.w.org\/{rel}","templated":true}]}}

Paire de lampe en bronze ciselé

<p><span style="font-weight: 400;">Paire de lampe avec pied en bronze ciselé à décor de grues, de style japon. </span></p>
<p><span style="font-weight: 400;">Anciennes lampes à pétrole vers 1900.</span></p>
<blockquote><p><em><span style="font-weight: 400;">Dimensions et poids pour une lampe abat-jour compris (voir infos complémentaires)</span></em></p></blockquote>

<p>Paire de lampe avec pied en bronze ciselé à décor de grues, de style japon. Anciennes lampes à pétrole vers&#8230;</p>
