{"id":2853,"date":"2023-04-02T18:07:04","date_gmt":"2023-04-02T16:07:04","guid":{"rendered":"https:\/\/lespucesdestju.fr\/?post_type=product&#038;p=2853"},"modified":"2024-07-18T12:26:34","modified_gmt":"2024-07-18T10:26:34","slug":"mosaique-sur-panneau-encadree","status":"publish","type":"product","link":"https:\/\/lespucesdestju.fr\/?product=mosaique-sur-panneau-encadree","title":{"rendered":"Mosa\u00efque sur panneau encadr\u00e9e"},"content":{"rendered":"<p><span style=\"font-weight: 400;\">&lsquo;apr\u00e8s un \u00e9l\u00e9ment des mosa\u00efques du sol de la basilique de St Vitale \u00e0 Ravennes. <\/span><\/p>\n<p><span style=\"font-weight: 400;\">\u201cCOLOMBA SU FESTONE\u201d, par le studio \u201cIL MOSAICO\u201d Carlo SIGNORINI. <\/span><\/p>\n<p><span style=\"font-weight: 400;\">Encadr\u00e9e sur un panneau bois. vers 1960\/70. <\/span><\/p>\n<p><span style=\"font-weight: 400;\">A signaler, 4 tesselles manquantes.<\/span><\/p>\n","protected":false},"excerpt":{"rendered":"<p>&lsquo;apr\u00e8s un \u00e9l\u00e9ment des mosa\u00efques du sol de la basilique de St Vitale \u00e0 Ravennes. \u201cCOLOMBA SU FESTONE\u201d, par le&#8230;<\/p>\n","protected":false},"featured_media":2854,"comment_status":"open","ping_status":"closed","template":"","meta":[],"product_brand":[],"product_cat":[308,50],"product_tag":[86,60,196],"class_list":{"0":"post-2853","1":"product","2":"type-product","3":"status-publish","4":"has-post-thumbnail","6":"product_cat-affiches-panneaux-et-autres","7":"product_cat-art","8":"product_tag-bois","9":"product_tag-decoration","10":"product_tag-mosaique","12":"first","13":"instock","14":"shipping-taxable","15":"purchasable","16":"product-type-simple"},"aioseo_notices":[],"jetpack_sharing_enabled":true,"_links":{"self":[{"href":"https:\/\/lespucesdestju.fr\/index.php?rest_route=\/wp\/v2\/product\/2853","targetHints":{"allow":["GET"]}}],"collection":[{"href":"https:\/\/lespucesdestju.fr\/index.php?rest_route=\/wp\/v2\/product"}],"about":[{"href":"https:\/\/lespucesdestju.fr\/index.php?rest_route=\/wp\/v2\/types\/product"}],"replies":[{"embeddable":true,"href":"https:\/\/lespucesdestju.fr\/index.php?rest_route=%2Fwp%2Fv2%2Fcomments&post=2853"}],"wp:featuredmedia":[{"embeddable":true,"href":"https:\/\/lespucesdestju.fr\/index.php?rest_route=\/wp\/v2\/media\/2854"}],"wp:attachment":[{"href":"https:\/\/lespucesdestju.fr\/index.php?rest_route=%2Fwp%2Fv2%2Fmedia&parent=2853"}],"wp:term":[{"taxonomy":"product_brand","embeddable":true,"href":"https:\/\/lespucesdestju.fr\/index.php?rest_route=%2Fwp%2Fv2%2Fproduct_brand&post=2853"},{"taxonomy":"product_cat","embeddable":true,"href":"https:\/\/lespucesdestju.fr\/index.php?rest_route=%2Fwp%2Fv2%2Fproduct_cat&post=2853"},{"taxonomy":"product_tag","embeddable":true,"href":"https:\/\/lespucesdestju.fr\/index.php?rest_route=%2Fwp%2Fv2%2Fproduct_tag&post=2853"}],"curies":[{"name":"wp","href":"https:\/\/api.w.org\/{rel}","templated":true}]}}

Mosaïque sur panneau encadrée

<p><span style="font-weight: 400;">&lsquo;après un élément des mosaïques du sol de la basilique de St Vitale à Ravennes. </span></p>
<p><span style="font-weight: 400;">“COLOMBA SU FESTONE”, par le studio “IL MOSAICO” Carlo SIGNORINI. </span></p>
<p><span style="font-weight: 400;">Encadrée sur un panneau bois. vers 1960/70. </span></p>
<p><span style="font-weight: 400;">A signaler, 4 tesselles manquantes.</span></p>

<p>&lsquo;après un élément des mosaïques du sol de la basilique de St Vitale à Ravennes. “COLOMBA SU FESTONE”, par le&#8230;</p>
