{"id":2761,"date":"2023-03-12T12:23:03","date_gmt":"2023-03-12T11:23:03","guid":{"rendered":"https:\/\/lespucesdestju.fr\/?post_type=product&#038;p=2761"},"modified":"2025-09-10T10:42:41","modified_gmt":"2025-09-10T08:42:41","slug":"verre-a-digestif","status":"publish","type":"product","link":"https:\/\/lespucesdestju.fr\/?product=verre-a-digestif","title":{"rendered":"Verre \u00e0 digestif"},"content":{"rendered":"<p><span style=\"font-weight: 400\">5 verres \u00e0 digestifs \u00e0 filets or des ann\u00e9es 50. <\/span><\/p>\n<p><span style=\"font-weight: 400\">Etat d\u2019usage.<\/span><\/p>\n","protected":false},"excerpt":{"rendered":"<p>5 verres \u00e0 digestifs \u00e0 filets or des ann\u00e9es 50. Etat d\u2019usage.<\/p>\n","protected":false},"featured_media":2762,"comment_status":"open","ping_status":"closed","template":"","meta":[],"product_brand":[],"product_cat":[15,298],"product_tag":[66,75,188],"class_list":{"0":"post-2761","1":"product","2":"type-product","3":"status-publish","4":"has-post-thumbnail","6":"product_cat-art-de-la-table","7":"product_cat-verres-a-boires","8":"product_tag-art-de-la-table","9":"product_tag-verre","10":"product_tag-verre-a-digestifs","12":"first","13":"outofstock","14":"shipping-taxable","15":"purchasable","16":"product-type-simple"},"aioseo_notices":[],"jetpack_sharing_enabled":true,"_links":{"self":[{"href":"https:\/\/lespucesdestju.fr\/index.php?rest_route=\/wp\/v2\/product\/2761","targetHints":{"allow":["GET"]}}],"collection":[{"href":"https:\/\/lespucesdestju.fr\/index.php?rest_route=\/wp\/v2\/product"}],"about":[{"href":"https:\/\/lespucesdestju.fr\/index.php?rest_route=\/wp\/v2\/types\/product"}],"replies":[{"embeddable":true,"href":"https:\/\/lespucesdestju.fr\/index.php?rest_route=%2Fwp%2Fv2%2Fcomments&post=2761"}],"wp:featuredmedia":[{"embeddable":true,"href":"https:\/\/lespucesdestju.fr\/index.php?rest_route=\/wp\/v2\/media\/2762"}],"wp:attachment":[{"href":"https:\/\/lespucesdestju.fr\/index.php?rest_route=%2Fwp%2Fv2%2Fmedia&parent=2761"}],"wp:term":[{"taxonomy":"product_brand","embeddable":true,"href":"https:\/\/lespucesdestju.fr\/index.php?rest_route=%2Fwp%2Fv2%2Fproduct_brand&post=2761"},{"taxonomy":"product_cat","embeddable":true,"href":"https:\/\/lespucesdestju.fr\/index.php?rest_route=%2Fwp%2Fv2%2Fproduct_cat&post=2761"},{"taxonomy":"product_tag","embeddable":true,"href":"https:\/\/lespucesdestju.fr\/index.php?rest_route=%2Fwp%2Fv2%2Fproduct_tag&post=2761"}],"curies":[{"name":"wp","href":"https:\/\/api.w.org\/{rel}","templated":true}]}}

Verre à digestif

<p><span style="font-weight: 400">5 verres à digestifs à filets or des années 50. </span></p>
<p><span style="font-weight: 400">Etat d’usage.</span></p>

<p>5 verres à digestifs à filets or des années 50. Etat d’usage.</p>
