{"id":2570,"date":"2023-02-15T15:51:57","date_gmt":"2023-02-15T14:51:57","guid":{"rendered":"https:\/\/lespucesdestju.fr\/?post_type=product&#038;p=2570"},"modified":"2024-07-18T13:35:48","modified_gmt":"2024-07-18T11:35:48","slug":"bols-a-potage","status":"publish","type":"product","link":"https:\/\/lespucesdestju.fr\/?product=bols-a-potage","title":{"rendered":"Bols \u00e0 potage"},"content":{"rendered":"<p><span style=\"font-weight: 400;\">6 Bols \u00e0 potage, \u00e0 oreilles, en fa\u00efence CNP\u00a0 \u201cTradition France\u201d.<\/span><\/p>\n<p><span style=\"font-weight: 400;\"> D\u00e9cors l\u00e9gumes. <\/span><\/p>\n<p><span style=\"font-weight: 400;\">Bon \u00e9tat.<\/span><\/p>\n","protected":false},"excerpt":{"rendered":"<p>6 Bols \u00e0 potage, \u00e0 oreilles, en fa\u00efence CNP\u00a0 \u201cTradition France\u201d. D\u00e9cors l\u00e9gumes. Bon \u00e9tat.<\/p>\n","protected":false},"featured_media":2571,"comment_status":"open","ping_status":"closed","template":"","meta":[],"product_brand":[],"product_cat":[15,297],"product_tag":[66,181,93],"class_list":{"0":"post-2570","1":"product","2":"type-product","3":"status-publish","4":"has-post-thumbnail","6":"product_cat-art-de-la-table","7":"product_cat-contenants","8":"product_tag-art-de-la-table","9":"product_tag-bols","10":"product_tag-faience","12":"first","13":"instock","14":"shipping-taxable","15":"purchasable","16":"product-type-simple"},"aioseo_notices":[],"jetpack_sharing_enabled":true,"_links":{"self":[{"href":"https:\/\/lespucesdestju.fr\/index.php?rest_route=\/wp\/v2\/product\/2570","targetHints":{"allow":["GET"]}}],"collection":[{"href":"https:\/\/lespucesdestju.fr\/index.php?rest_route=\/wp\/v2\/product"}],"about":[{"href":"https:\/\/lespucesdestju.fr\/index.php?rest_route=\/wp\/v2\/types\/product"}],"replies":[{"embeddable":true,"href":"https:\/\/lespucesdestju.fr\/index.php?rest_route=%2Fwp%2Fv2%2Fcomments&post=2570"}],"wp:featuredmedia":[{"embeddable":true,"href":"https:\/\/lespucesdestju.fr\/index.php?rest_route=\/wp\/v2\/media\/2571"}],"wp:attachment":[{"href":"https:\/\/lespucesdestju.fr\/index.php?rest_route=%2Fwp%2Fv2%2Fmedia&parent=2570"}],"wp:term":[{"taxonomy":"product_brand","embeddable":true,"href":"https:\/\/lespucesdestju.fr\/index.php?rest_route=%2Fwp%2Fv2%2Fproduct_brand&post=2570"},{"taxonomy":"product_cat","embeddable":true,"href":"https:\/\/lespucesdestju.fr\/index.php?rest_route=%2Fwp%2Fv2%2Fproduct_cat&post=2570"},{"taxonomy":"product_tag","embeddable":true,"href":"https:\/\/lespucesdestju.fr\/index.php?rest_route=%2Fwp%2Fv2%2Fproduct_tag&post=2570"}],"curies":[{"name":"wp","href":"https:\/\/api.w.org\/{rel}","templated":true}]}}