{"id":2449,"date":"2022-12-30T15:51:20","date_gmt":"2022-12-30T14:51:20","guid":{"rendered":"https:\/\/lespucesdestju.fr\/?post_type=product&#038;p=2449"},"modified":"2024-07-18T12:28:42","modified_gmt":"2024-07-18T10:28:42","slug":"cadre-photo-1900-n2","status":"publish","type":"product","link":"https:\/\/lespucesdestju.fr\/?product=cadre-photo-1900-n2","title":{"rendered":"Cadre photo 1900 n\u00b02"},"content":{"rendered":"<p><span style=\"font-weight: 400;\">Cadre photo XIX\/XX\u00e8me, en noyer et portique \u00e0 d\u00e9cor classique en \u00e9tain. Photo d\u2019origine.<\/span><\/p>\n<p><span style=\"font-weight: 400;\">Bel \u00e9tat. <\/span><\/p>\n","protected":false},"excerpt":{"rendered":"<p>Cadre photo XIX\/XX\u00e8me, en noyer et portique \u00e0 d\u00e9cor classique en \u00e9tain. Photo d\u2019origine. Bel \u00e9tat.<\/p>\n","protected":false},"featured_media":2450,"comment_status":"open","ping_status":"closed","template":"","meta":[],"product_brand":[],"product_cat":[37,47],"product_tag":[86,172,60,173,84],"class_list":{"0":"post-2449","1":"product","2":"type-product","3":"status-publish","4":"has-post-thumbnail","6":"product_cat-decoration","7":"product_cat-objets-divers-et-bibelots","8":"product_tag-bois","9":"product_tag-cadre-photo","10":"product_tag-decoration","11":"product_tag-etain","12":"product_tag-noyer","14":"first","15":"instock","16":"shipping-taxable","17":"purchasable","18":"product-type-simple"},"aioseo_notices":[],"jetpack_sharing_enabled":true,"_links":{"self":[{"href":"https:\/\/lespucesdestju.fr\/index.php?rest_route=\/wp\/v2\/product\/2449","targetHints":{"allow":["GET"]}}],"collection":[{"href":"https:\/\/lespucesdestju.fr\/index.php?rest_route=\/wp\/v2\/product"}],"about":[{"href":"https:\/\/lespucesdestju.fr\/index.php?rest_route=\/wp\/v2\/types\/product"}],"replies":[{"embeddable":true,"href":"https:\/\/lespucesdestju.fr\/index.php?rest_route=%2Fwp%2Fv2%2Fcomments&post=2449"}],"wp:featuredmedia":[{"embeddable":true,"href":"https:\/\/lespucesdestju.fr\/index.php?rest_route=\/wp\/v2\/media\/2450"}],"wp:attachment":[{"href":"https:\/\/lespucesdestju.fr\/index.php?rest_route=%2Fwp%2Fv2%2Fmedia&parent=2449"}],"wp:term":[{"taxonomy":"product_brand","embeddable":true,"href":"https:\/\/lespucesdestju.fr\/index.php?rest_route=%2Fwp%2Fv2%2Fproduct_brand&post=2449"},{"taxonomy":"product_cat","embeddable":true,"href":"https:\/\/lespucesdestju.fr\/index.php?rest_route=%2Fwp%2Fv2%2Fproduct_cat&post=2449"},{"taxonomy":"product_tag","embeddable":true,"href":"https:\/\/lespucesdestju.fr\/index.php?rest_route=%2Fwp%2Fv2%2Fproduct_tag&post=2449"}],"curies":[{"name":"wp","href":"https:\/\/api.w.org\/{rel}","templated":true}]}}

<p><span style="font-weight: 400;">Cadre photo XIX/XXème, en noyer et portique à décor classique en étain. Photo d’origine.</span></p>
<p><span style="font-weight: 400;">Bel état. </span></p>

<p>Cadre photo XIX/XXème, en noyer et portique à décor classique en étain. Photo d’origine. Bel état.</p>
