{"id":2438,"date":"2022-12-30T15:45:10","date_gmt":"2022-12-30T14:45:10","guid":{"rendered":"https:\/\/lespucesdestju.fr\/?post_type=product&#038;p=2438"},"modified":"2024-07-18T13:36:30","modified_gmt":"2024-07-18T11:36:30","slug":"service-a-cafe-china","status":"publish","type":"product","link":"https:\/\/lespucesdestju.fr\/?product=service-a-cafe-china","title":{"rendered":"Service \u00e0 caf\u00e9 \u201cChina\u201d"},"content":{"rendered":"<p><span style=\"font-weight: 400;\">Partie de service \u00e0 dessert en fa\u00efence fine fabriqu\u00e9e au Japon. <\/span><\/p>\n<p><span style=\"font-weight: 400;\">Tr\u00e8s belle porcelaine au d\u00e9cor floral et rehauts or. <\/span><\/p>\n<p><span style=\"font-weight: 400;\">Il est constitu\u00e9 de 8 tasses et sous-tasses, 8 petites assiettes plates \u00e0 mignardises, 10 petites assiettes creuses \u00e0 cr\u00e8me, un sucrier, une sauci\u00e8re.<\/span><\/p>\n<p>Petit \u00e9clat sur une assiette, bon \u00e9tat<\/p>\n","protected":false},"excerpt":{"rendered":"<p>Partie de service \u00e0 dessert en fa\u00efence fine fabriqu\u00e9e au Japon. Tr\u00e8s belle porcelaine au d\u00e9cor floral et rehauts or&#8230;.<\/p>\n","protected":false},"featured_media":2439,"comment_status":"open","ping_status":"closed","template":"","meta":[],"product_brand":[],"product_cat":[15,295],"product_tag":[66,93,139,92,171],"class_list":{"0":"post-2438","1":"product","2":"type-product","3":"status-publish","4":"has-post-thumbnail","6":"product_cat-art-de-la-table","7":"product_cat-services","8":"product_tag-art-de-la-table","9":"product_tag-faience","10":"product_tag-porcelaine","11":"product_tag-service","12":"product_tag-service-a-dessert","14":"first","15":"instock","16":"shipping-taxable","17":"purchasable","18":"product-type-simple"},"aioseo_notices":[],"jetpack_sharing_enabled":true,"_links":{"self":[{"href":"https:\/\/lespucesdestju.fr\/index.php?rest_route=\/wp\/v2\/product\/2438","targetHints":{"allow":["GET"]}}],"collection":[{"href":"https:\/\/lespucesdestju.fr\/index.php?rest_route=\/wp\/v2\/product"}],"about":[{"href":"https:\/\/lespucesdestju.fr\/index.php?rest_route=\/wp\/v2\/types\/product"}],"replies":[{"embeddable":true,"href":"https:\/\/lespucesdestju.fr\/index.php?rest_route=%2Fwp%2Fv2%2Fcomments&post=2438"}],"wp:featuredmedia":[{"embeddable":true,"href":"https:\/\/lespucesdestju.fr\/index.php?rest_route=\/wp\/v2\/media\/2439"}],"wp:attachment":[{"href":"https:\/\/lespucesdestju.fr\/index.php?rest_route=%2Fwp%2Fv2%2Fmedia&parent=2438"}],"wp:term":[{"taxonomy":"product_brand","embeddable":true,"href":"https:\/\/lespucesdestju.fr\/index.php?rest_route=%2Fwp%2Fv2%2Fproduct_brand&post=2438"},{"taxonomy":"product_cat","embeddable":true,"href":"https:\/\/lespucesdestju.fr\/index.php?rest_route=%2Fwp%2Fv2%2Fproduct_cat&post=2438"},{"taxonomy":"product_tag","embeddable":true,"href":"https:\/\/lespucesdestju.fr\/index.php?rest_route=%2Fwp%2Fv2%2Fproduct_tag&post=2438"}],"curies":[{"name":"wp","href":"https:\/\/api.w.org\/{rel}","templated":true}]}}