{"id":2199,"date":"2022-11-18T16:57:02","date_gmt":"2022-11-18T15:57:02","guid":{"rendered":"https:\/\/lespucesdestju.fr\/?post_type=product&#038;p=2199"},"modified":"2024-07-18T12:31:01","modified_gmt":"2024-07-18T10:31:01","slug":"vase-chinois-nankin","status":"publish","type":"product","link":"https:\/\/lespucesdestju.fr\/?product=vase-chinois-nankin","title":{"rendered":"Vase chinois NANKIN"},"content":{"rendered":"<p>Vase chinois en fa\u00efence craquel\u00e9e de \u00a0\u00bb Nankin \u00a0\u00bb , \u00e0 d\u00e9cor de cavaliers et guerriers, chim\u00e8res en relief.<\/p>\n<p>D\u00e9but 20i\u00e8me.<\/p>\n<p>bon \u00e9tat.<\/p>\n","protected":false},"excerpt":{"rendered":"<p>Vase chinois en fa\u00efence craquel\u00e9e de \u00a0\u00bb Nankin \u00a0\u00bb , \u00e0 d\u00e9cor de cavaliers et guerriers, chim\u00e8res en relief. D\u00e9but&#8230;<\/p>\n","protected":false},"featured_media":2200,"comment_status":"open","ping_status":"closed","template":"","meta":[],"product_brand":[],"product_cat":[37,292],"product_tag":[60,93,59],"class_list":{"0":"post-2199","1":"product","2":"type-product","3":"status-publish","4":"has-post-thumbnail","6":"product_cat-decoration","7":"product_cat-vases-pots-et-contenants","8":"product_tag-decoration","9":"product_tag-faience","10":"product_tag-vase","12":"first","13":"instock","14":"shipping-taxable","15":"purchasable","16":"product-type-simple"},"aioseo_notices":[],"jetpack_sharing_enabled":true,"_links":{"self":[{"href":"https:\/\/lespucesdestju.fr\/index.php?rest_route=\/wp\/v2\/product\/2199","targetHints":{"allow":["GET"]}}],"collection":[{"href":"https:\/\/lespucesdestju.fr\/index.php?rest_route=\/wp\/v2\/product"}],"about":[{"href":"https:\/\/lespucesdestju.fr\/index.php?rest_route=\/wp\/v2\/types\/product"}],"replies":[{"embeddable":true,"href":"https:\/\/lespucesdestju.fr\/index.php?rest_route=%2Fwp%2Fv2%2Fcomments&post=2199"}],"wp:featuredmedia":[{"embeddable":true,"href":"https:\/\/lespucesdestju.fr\/index.php?rest_route=\/wp\/v2\/media\/2200"}],"wp:attachment":[{"href":"https:\/\/lespucesdestju.fr\/index.php?rest_route=%2Fwp%2Fv2%2Fmedia&parent=2199"}],"wp:term":[{"taxonomy":"product_brand","embeddable":true,"href":"https:\/\/lespucesdestju.fr\/index.php?rest_route=%2Fwp%2Fv2%2Fproduct_brand&post=2199"},{"taxonomy":"product_cat","embeddable":true,"href":"https:\/\/lespucesdestju.fr\/index.php?rest_route=%2Fwp%2Fv2%2Fproduct_cat&post=2199"},{"taxonomy":"product_tag","embeddable":true,"href":"https:\/\/lespucesdestju.fr\/index.php?rest_route=%2Fwp%2Fv2%2Fproduct_tag&post=2199"}],"curies":[{"name":"wp","href":"https:\/\/api.w.org\/{rel}","templated":true}]}}

<p>Vase chinois en faïence craquelée de  » Nankin  » , à décor de cavaliers et guerriers, chimères en relief.</p>
<p>Début 20ième.</p>
<p>bon état.</p>

<p>Vase chinois en faïence craquelée de  » Nankin  » , à décor de cavaliers et guerriers, chimères en relief. Début&#8230;</p>
