{"id":2132,"date":"2022-11-16T16:30:13","date_gmt":"2022-11-16T15:30:13","guid":{"rendered":"https:\/\/lespucesdestju.fr\/?post_type=product&#038;p=2132"},"modified":"2022-11-16T16:30:13","modified_gmt":"2022-11-16T15:30:13","slug":"lampe-vase-en-email-cloisonne","status":"publish","type":"product","link":"https:\/\/lespucesdestju.fr\/?product=lampe-vase-en-email-cloisonne","title":{"rendered":"Lampe vase en \u00e9mail cloisonn\u00e9"},"content":{"rendered":"<p>Lampe vase en \u00e9mail cloisonn\u00e9<\/p>\n<p>Lampe mont\u00e9 sur vase chinois en \u00e9mail cloisonn\u00e9 bleu, tr\u00e8s beau d\u00e9cor de feuillages et fleurs.<\/p>\n<p>Sur socle en bois sculpt\u00e9.<\/p>\n<p>Milieu 20i\u00e8me<\/p>\n","protected":false},"excerpt":{"rendered":"<p>Lampe vase en \u00e9mail cloisonn\u00e9 Lampe mont\u00e9 sur vase chinois en \u00e9mail cloisonn\u00e9 bleu, tr\u00e8s beau d\u00e9cor de feuillages et&#8230;<\/p>\n","protected":false},"featured_media":2133,"comment_status":"open","ping_status":"closed","template":"","meta":[],"product_brand":[],"product_cat":[46],"product_tag":[86,136,76,59],"class_list":{"0":"post-2132","1":"product","2":"type-product","3":"status-publish","4":"has-post-thumbnail","6":"product_cat-luminaires-et-eclairages","7":"product_tag-bois","8":"product_tag-email","9":"product_tag-lampe","10":"product_tag-vase","12":"first","13":"instock","14":"shipping-taxable","15":"purchasable","16":"product-type-simple"},"aioseo_notices":[],"jetpack_sharing_enabled":true,"_links":{"self":[{"href":"https:\/\/lespucesdestju.fr\/index.php?rest_route=\/wp\/v2\/product\/2132","targetHints":{"allow":["GET"]}}],"collection":[{"href":"https:\/\/lespucesdestju.fr\/index.php?rest_route=\/wp\/v2\/product"}],"about":[{"href":"https:\/\/lespucesdestju.fr\/index.php?rest_route=\/wp\/v2\/types\/product"}],"replies":[{"embeddable":true,"href":"https:\/\/lespucesdestju.fr\/index.php?rest_route=%2Fwp%2Fv2%2Fcomments&post=2132"}],"wp:featuredmedia":[{"embeddable":true,"href":"https:\/\/lespucesdestju.fr\/index.php?rest_route=\/wp\/v2\/media\/2133"}],"wp:attachment":[{"href":"https:\/\/lespucesdestju.fr\/index.php?rest_route=%2Fwp%2Fv2%2Fmedia&parent=2132"}],"wp:term":[{"taxonomy":"product_brand","embeddable":true,"href":"https:\/\/lespucesdestju.fr\/index.php?rest_route=%2Fwp%2Fv2%2Fproduct_brand&post=2132"},{"taxonomy":"product_cat","embeddable":true,"href":"https:\/\/lespucesdestju.fr\/index.php?rest_route=%2Fwp%2Fv2%2Fproduct_cat&post=2132"},{"taxonomy":"product_tag","embeddable":true,"href":"https:\/\/lespucesdestju.fr\/index.php?rest_route=%2Fwp%2Fv2%2Fproduct_tag&post=2132"}],"curies":[{"name":"wp","href":"https:\/\/api.w.org\/{rel}","templated":true}]}}