{"id":1974,"date":"2022-11-05T17:29:37","date_gmt":"2022-11-05T16:29:37","guid":{"rendered":"https:\/\/lespucesdestju.fr\/?post_type=product&#038;p=1974"},"modified":"2024-07-18T12:31:12","modified_gmt":"2024-07-18T10:31:12","slug":"vase-en-cristal-fume","status":"publish","type":"product","link":"https:\/\/lespucesdestju.fr\/?product=vase-en-cristal-fume","title":{"rendered":"Vase en cristal fum\u00e9"},"content":{"rendered":"<p>Important vase en cristal fum\u00e9 de type sommerso par Nils Lamberg<\/p>\n<p>Sign\u00e9 \u00e0 la pointe sous la base<\/p>\n<p>Num\u00e9ro de s\u00e9rie : B936<\/p>\n<p>Quelques l\u00e9g\u00e8res rayure<\/p>\n","protected":false},"excerpt":{"rendered":"<p>Important vase en cristal fum\u00e9 de type sommerso par Nils Lamberg Sign\u00e9 \u00e0 la pointe sous la base Num\u00e9ro de&#8230;<\/p>\n","protected":false},"featured_media":1975,"comment_status":"open","ping_status":"closed","template":"","meta":[],"product_brand":[],"product_cat":[37,292],"product_tag":[56,67,60,59],"class_list":{"0":"post-1974","1":"product","2":"type-product","3":"status-publish","4":"has-post-thumbnail","6":"product_cat-decoration","7":"product_cat-vases-pots-et-contenants","8":"product_tag-art","9":"product_tag-cristal","10":"product_tag-decoration","11":"product_tag-vase","13":"first","14":"instock","15":"shipping-taxable","16":"purchasable","17":"product-type-simple"},"aioseo_notices":[],"jetpack_sharing_enabled":true,"_links":{"self":[{"href":"https:\/\/lespucesdestju.fr\/index.php?rest_route=\/wp\/v2\/product\/1974","targetHints":{"allow":["GET"]}}],"collection":[{"href":"https:\/\/lespucesdestju.fr\/index.php?rest_route=\/wp\/v2\/product"}],"about":[{"href":"https:\/\/lespucesdestju.fr\/index.php?rest_route=\/wp\/v2\/types\/product"}],"replies":[{"embeddable":true,"href":"https:\/\/lespucesdestju.fr\/index.php?rest_route=%2Fwp%2Fv2%2Fcomments&post=1974"}],"wp:featuredmedia":[{"embeddable":true,"href":"https:\/\/lespucesdestju.fr\/index.php?rest_route=\/wp\/v2\/media\/1975"}],"wp:attachment":[{"href":"https:\/\/lespucesdestju.fr\/index.php?rest_route=%2Fwp%2Fv2%2Fmedia&parent=1974"}],"wp:term":[{"taxonomy":"product_brand","embeddable":true,"href":"https:\/\/lespucesdestju.fr\/index.php?rest_route=%2Fwp%2Fv2%2Fproduct_brand&post=1974"},{"taxonomy":"product_cat","embeddable":true,"href":"https:\/\/lespucesdestju.fr\/index.php?rest_route=%2Fwp%2Fv2%2Fproduct_cat&post=1974"},{"taxonomy":"product_tag","embeddable":true,"href":"https:\/\/lespucesdestju.fr\/index.php?rest_route=%2Fwp%2Fv2%2Fproduct_tag&post=1974"}],"curies":[{"name":"wp","href":"https:\/\/api.w.org\/{rel}","templated":true}]}}

Vase en cristal fumé

<p>Important vase en cristal fumé de type sommerso par Nils Lamberg</p>
<p>Signé à la pointe sous la base</p>
<p>Numéro de série : B936</p>
<p>Quelques légères rayure</p>

<p>Important vase en cristal fumé de type sommerso par Nils Lamberg Signé à la pointe sous la base Numéro de&#8230;</p>
