{"id":1917,"date":"2022-11-04T16:43:26","date_gmt":"2022-11-04T15:43:26","guid":{"rendered":"https:\/\/lespucesdestju.fr\/?post_type=product&#038;p=1917"},"modified":"2024-07-18T13:39:22","modified_gmt":"2024-07-18T11:39:22","slug":"6-assiettes-creuses-creil-montereau-19ieme","status":"publish","type":"product","link":"https:\/\/lespucesdestju.fr\/?product=6-assiettes-creuses-creil-montereau-19ieme","title":{"rendered":"6 assiettes creuses CREIL MONTEREAU 19i\u00e8me"},"content":{"rendered":"<p>6 assiettes creuses CREIL MONTEREAU 19i\u00e8me.<\/p>\n<p>Mod\u00e8le \u00ab\u00a0FLORA\u00a0\u00bb<\/p>\n<p>Bon \u00e9tat g\u00e9n\u00e9ral, usures l\u00e9g\u00e8res en bordure de 2 assiette.<\/p>\n","protected":false},"excerpt":{"rendered":"<p>6 assiettes creuses CREIL MONTEREAU 19i\u00e8me. Mod\u00e8le \u00ab\u00a0FLORA\u00a0\u00bb Bon \u00e9tat g\u00e9n\u00e9ral, usures l\u00e9g\u00e8res en bordure de 2 assiette.<\/p>\n","protected":false},"featured_media":1918,"comment_status":"open","ping_status":"closed","template":"","meta":[],"product_brand":[],"product_cat":[15,296],"product_tag":[66,117,116,115],"class_list":{"0":"post-1917","1":"product","2":"type-product","3":"status-publish","4":"has-post-thumbnail","6":"product_cat-art-de-la-table","7":"product_cat-assiettes-et-plats","8":"product_tag-art-de-la-table","9":"product_tag-assiette","10":"product_tag-assiette-creuse","11":"product_tag-creil-montereau","13":"first","14":"instock","15":"shipping-taxable","16":"purchasable","17":"product-type-simple"},"aioseo_notices":[],"jetpack_sharing_enabled":true,"_links":{"self":[{"href":"https:\/\/lespucesdestju.fr\/index.php?rest_route=\/wp\/v2\/product\/1917","targetHints":{"allow":["GET"]}}],"collection":[{"href":"https:\/\/lespucesdestju.fr\/index.php?rest_route=\/wp\/v2\/product"}],"about":[{"href":"https:\/\/lespucesdestju.fr\/index.php?rest_route=\/wp\/v2\/types\/product"}],"replies":[{"embeddable":true,"href":"https:\/\/lespucesdestju.fr\/index.php?rest_route=%2Fwp%2Fv2%2Fcomments&post=1917"}],"wp:featuredmedia":[{"embeddable":true,"href":"https:\/\/lespucesdestju.fr\/index.php?rest_route=\/wp\/v2\/media\/1918"}],"wp:attachment":[{"href":"https:\/\/lespucesdestju.fr\/index.php?rest_route=%2Fwp%2Fv2%2Fmedia&parent=1917"}],"wp:term":[{"taxonomy":"product_brand","embeddable":true,"href":"https:\/\/lespucesdestju.fr\/index.php?rest_route=%2Fwp%2Fv2%2Fproduct_brand&post=1917"},{"taxonomy":"product_cat","embeddable":true,"href":"https:\/\/lespucesdestju.fr\/index.php?rest_route=%2Fwp%2Fv2%2Fproduct_cat&post=1917"},{"taxonomy":"product_tag","embeddable":true,"href":"https:\/\/lespucesdestju.fr\/index.php?rest_route=%2Fwp%2Fv2%2Fproduct_tag&post=1917"}],"curies":[{"name":"wp","href":"https:\/\/api.w.org\/{rel}","templated":true}]}}

6 assiettes creuses CREIL MONTEREAU 19ième

<p>6 assiettes creuses CREIL MONTEREAU 19ième.</p>
<p>Modèle « FLORA »</p>
<p>Bon état général, usures légères en bordure de 2 assiette.</p>

<p>6 assiettes creuses CREIL MONTEREAU 19ième. Modèle « FLORA » Bon état général, usures légères en bordure de 2 assiette.</p>
